{"id":14017,"date":"2019-08-22T16:00:27","date_gmt":"2019-08-22T19:00:27","guid":{"rendered":"http:\/\/www.ifbaiano.edu.br\/unidades\/lapa\/?page_id=14017"},"modified":"2020-06-17T18:13:10","modified_gmt":"2020-06-17T21:13:10","slug":"planos-de-ensino-turma-2019-1","status":"publish","type":"page","link":"https:\/\/www.ifbaiano.edu.br\/unidades\/lapa\/planos-de-ensino-turma-2019-1\/","title":{"rendered":"Planos de Ensino &#8211; Turma 2019.1"},"content":{"rendered":"\n<p><strong>Planos de Ensino Semestre 2019.1<\/strong><\/p>\n\n\n\n<ol><li><a href=\"http:\/\/www.ifbaiano.edu.br\/unidades\/lapa\/files\/2019\/10\/PE_-_Didatica_Aplicada_Ensino_Matematica.pdf\" target=\"_blank\" rel=\"noreferrer noopener\">Componente: Did\u00e1tica Aplicada ao Ensino de Matem\u00e1tica<\/a><\/li><li><a href=\"http:\/\/www.ifbaiano.edu.br\/unidades\/lapa\/files\/2019\/10\/PE_-_Fundamentos_Matematica_I.pdf\" target=\"_blank\" rel=\"noreferrer noopener\">Componente: Fundamentos de Matem\u00e1tica I<\/a><\/li><li><a href=\"http:\/\/www.ifbaiano.edu.br\/unidades\/lapa\/files\/2019\/10\/PE_-_Organizacao_Trabalho_Pedagogico.pdf\" target=\"_blank\" rel=\"noreferrer noopener\">Componente: Organiza\u00e7\u00e3o do Trabalho Pedag\u00f3gico<\/a><\/li><li><a href=\"http:\/\/www.ifbaiano.edu.br\/unidades\/lapa\/files\/2019\/10\/PE_-_Seminario_Integrado_Pesquisa.pdf\" target=\"_blank\" rel=\"noreferrer noopener\">Componente: Semin\u00e1rio Integrado de Pesquisa<\/a><\/li><li><a href=\"http:\/\/www.ifbaiano.edu.br\/unidades\/lapa\/files\/2019\/10\/PE_-_Tendencias_Educacao_Matematica.pdf\" target=\"_blank\" rel=\"noreferrer noopener\">Componente: Tend\u00eancias em Educa\u00e7\u00e3o Matem\u00e1tica<\/a><\/li><\/ol>\n\n\n\n<p><strong>Planos de Ensino Semestre 2019.2<\/strong><\/p>\n<ol>\n<li><a href=\"https:\/\/www.ifbaiano.edu.br\/unidades\/lapa\/files\/2020\/04\/PE-Educa\u00e7\u00e3o-de-Jovens-e-Adultos.doc\" target=\"_self\" rel=\"noreferrer noopener\">Componente: Educa\u00e7\u00e3o de Jovens e Adultos<\/a><\/li>\n<li><a href=\"https:\/\/www.ifbaiano.edu.br\/unidades\/lapa\/files\/2020\/04\/PE-Formacao_de_professores_no_ensino_de_Matematica.doc\" target=\"_self\" rel=\"noreferrer noopener\">Componente: Forma\u00e7\u00e3o de professores no ensino de Matem\u00e1tica<\/a><\/li>\n<li><a href=\"https:\/\/www.ifbaiano.edu.br\/unidades\/lapa\/files\/2020\/04\/PE-Fund_de_Geometria_e_Trigometria.doc\" target=\"_self\" rel=\"noreferrer noopener\">Componente: Fundamentos da Geometria e Trigonometria<\/a><\/li>\n<li><a href=\"https:\/\/www.ifbaiano.edu.br\/unidades\/lapa\/files\/2020\/04\/PE-Teoria_e_Pratica_na_Educacao_Matematica.doc\" target=\"_self\" rel=\"noreferrer noopener\">Componente: Teoria e Pr\u00e1tica na Educa\u00e7\u00e3o Matem\u00e1tica<\/a><\/li>\n<\/ol>\n\n<p><strong>Planos de Ensino Semestre 2020.1<\/strong><\/p>\n<ol>\n<li><a href=\"https:\/\/www.ifbaiano.edu.br\/unidades\/lapa\/files\/2020\/06\/PE-Fundamentos_Matematica_II.pdf\">Componente: Fundamentos de Matem\u00e1tica II<\/a><\/li>\n<li><a href=\"https:\/\/www.ifbaiano.edu.br\/unidades\/lapa\/files\/2020\/06\/PE-Topicos_Especiais_em_Tecnologias_e_Tratamento_da_Informacao.pdf\">Componente: T\u00f3picos Especiais em Tecnologias e Tratamento da Informa\u00e7\u00e3o(TETTI)<\/a><\/li>\n<\/ol>\n\n\n\n<p><\/p>\n","protected":false},"excerpt":{"rendered":"<p>Planos de Ensino Semestre 2019.1 Componente: Did\u00e1tica Aplicada ao Ensino de Matem\u00e1tica Componente: Fundamentos de Matem\u00e1tica I Componente: Organiza\u00e7\u00e3o do Trabalho Pedag\u00f3gico Componente: Semin\u00e1rio Integrado de Pesquisa Componente: Tend\u00eancias em Educa\u00e7\u00e3o Matem\u00e1tica Planos de Ensino Semestre 2019.2 Componente: Educa\u00e7\u00e3o de Jovens e Adultos Componente: Forma\u00e7\u00e3o de professores no ensino de Matem\u00e1tica Componente: Fundamentos da Geometria [&hellip;]<\/p>\n","protected":false},"author":100,"featured_media":0,"parent":0,"menu_order":0,"comment_status":"closed","ping_status":"closed","template":"","meta":[],"_links":{"self":[{"href":"https:\/\/www.ifbaiano.edu.br\/unidades\/lapa\/wp-json\/wp\/v2\/pages\/14017"}],"collection":[{"href":"https:\/\/www.ifbaiano.edu.br\/unidades\/lapa\/wp-json\/wp\/v2\/pages"}],"about":[{"href":"https:\/\/www.ifbaiano.edu.br\/unidades\/lapa\/wp-json\/wp\/v2\/types\/page"}],"author":[{"embeddable":true,"href":"https:\/\/www.ifbaiano.edu.br\/unidades\/lapa\/wp-json\/wp\/v2\/users\/100"}],"replies":[{"embeddable":true,"href":"https:\/\/www.ifbaiano.edu.br\/unidades\/lapa\/wp-json\/wp\/v2\/comments?post=14017"}],"version-history":[{"count":4,"href":"https:\/\/www.ifbaiano.edu.br\/unidades\/lapa\/wp-json\/wp\/v2\/pages\/14017\/revisions"}],"predecessor-version":[{"id":16263,"href":"https:\/\/www.ifbaiano.edu.br\/unidades\/lapa\/wp-json\/wp\/v2\/pages\/14017\/revisions\/16263"}],"wp:attachment":[{"href":"https:\/\/www.ifbaiano.edu.br\/unidades\/lapa\/wp-json\/wp\/v2\/media?parent=14017"}],"curies":[{"name":"wp","href":"https:\/\/api.w.org\/{rel}","templated":true}]}}

<p><strong>Planos de Ensino Semestre 2019.1</strong></p>



<ol><li><a href="http://www.ifbaiano.edu.br/unidades/lapa/files/2019/10/PE_-_Didatica_Aplicada_Ensino_Matematica.pdf" target="_blank" rel="noreferrer noopener">Componente: Didática Aplicada ao Ensino de Matemática</a></li><li><a href="http://www.ifbaiano.edu.br/unidades/lapa/files/2019/10/PE_-_Fundamentos_Matematica_I.pdf" target="_blank" rel="noreferrer noopener">Componente: Fundamentos de Matemática I</a></li><li><a href="http://www.ifbaiano.edu.br/unidades/lapa/files/2019/10/PE_-_Organizacao_Trabalho_Pedagogico.pdf" target="_blank" rel="noreferrer noopener">Componente: Organização do Trabalho Pedagógico</a></li><li><a href="http://www.ifbaiano.edu.br/unidades/lapa/files/2019/10/PE_-_Seminario_Integrado_Pesquisa.pdf" target="_blank" rel="noreferrer noopener">Componente: Seminário Integrado de Pesquisa</a></li><li><a href="http://www.ifbaiano.edu.br/unidades/lapa/files/2019/10/PE_-_Tendencias_Educacao_Matematica.pdf" target="_blank" rel="noreferrer noopener">Componente: Tendências em Educação Matemática</a></li></ol>



<p><strong>Planos de Ensino Semestre 2019.2</strong></p>
<ol>
<li><a href="https://www.ifbaiano.edu.br/unidades/lapa/files/2020/04/PE-Educação-de-Jovens-e-Adultos.doc" target="_self" rel="noreferrer noopener">Componente: Educação de Jovens e Adultos</a></li>
<li><a href="https://www.ifbaiano.edu.br/unidades/lapa/files/2020/04/PE-Formacao_de_professores_no_ensino_de_Matematica.doc" target="_self" rel="noreferrer noopener">Componente: Formação de professores no ensino de Matemática</a></li>
<li><a href="https://www.ifbaiano.edu.br/unidades/lapa/files/2020/04/PE-Fund_de_Geometria_e_Trigometria.doc" target="_self" rel="noreferrer noopener">Componente: Fundamentos da Geometria e Trigonometria</a></li>
<li><a href="https://www.ifbaiano.edu.br/unidades/lapa/files/2020/04/PE-Teoria_e_Pratica_na_Educacao_Matematica.doc" target="_self" rel="noreferrer noopener">Componente: Teoria e Prática na Educação Matemática</a></li>
</ol>

<p><strong>Planos de Ensino Semestre 2020.1</strong></p>
<ol>
<li><a href="https://www.ifbaiano.edu.br/unidades/lapa/files/2020/06/PE-Fundamentos_Matematica_II.pdf">Componente: Fundamentos de Matemática II</a></li>
<li><a href="https://www.ifbaiano.edu.br/unidades/lapa/files/2020/06/PE-Topicos_Especiais_em_Tecnologias_e_Tratamento_da_Informacao.pdf">Componente: Tópicos Especiais em Tecnologias e Tratamento da Informação(TETTI)</a></li>
</ol>



<p></p>

<p>Planos de Ensino Semestre 2019.1 Componente: Didática Aplicada ao Ensino de Matemática Componente: Fundamentos de Matemática I Componente: Organização do Trabalho Pedagógico Componente: Seminário Integrado de Pesquisa Componente: Tendências em Educação Matemática Planos de Ensino Semestre 2019.2 Componente: Educação de Jovens e Adultos Componente: Formação de professores no ensino de Matemática Componente: Fundamentos da Geometria [&hellip;]</p>
