{"id":14028,"date":"2019-08-22T16:05:50","date_gmt":"2019-08-22T19:05:50","guid":{"rendered":"http:\/\/www.ifbaiano.edu.br\/unidades\/lapa\/?page_id=14028"},"modified":"2020-08-17T09:33:59","modified_gmt":"2020-08-17T12:33:59","slug":"cronograma-das-aulas-turma-2019-1","status":"publish","type":"page","link":"https:\/\/www.ifbaiano.edu.br\/unidades\/lapa\/cronograma-das-aulas-turma-2019-1\/","title":{"rendered":"Cronograma das aulas &#8211; Turma 2019.1"},"content":{"rendered":"\n<p>\n<a href=\"https:\/\/www.ifbaiano.edu.br\/unidades\/lapa\/files\/2020\/08\/Programa\u00e7\u00e3o-das-aulas-\u2013-semestre-III-2020.1-Per\u00edodo-Pand\u00eamico.pdf\" target=\"_blank\" rel=\"noopener noreferrer\">Programa\u00e7\u00e3o das aulas \u2013 semestre III 2020.1 &#8211; Per\u00edodo pand\u00eamico<br>\n<a href=\"https:\/\/www.ifbaiano.edu.br\/unidades\/lapa\/files\/2020\/08\/Programa\u00e7\u00e3o-das-aulas-semestre-III-2020.1.pdf\" target=\"_blank\" rel=\"noopener noreferrer\">Programa\u00e7\u00e3o das aulas \u2013 semestre III 2020.1<br>\n<a href=\"http:\/\/www.ifbaiano.edu.br\/unidades\/lapa\/files\/2019\/10\/Programacao_aulas-semestre_II_2019-2.pdf\" target=\"_blank\" rel=\"noreferrer noopener\">Programa\u00e7\u00e3o das aulas &#8211; semestre II 2019.2<\/a><br>\n<a href=\"http:\/\/www.ifbaiano.edu.br\/unidades\/lapa\/files\/2019\/10\/Programacao_aulas-semestre_I_2019-1.pdf\" target=\"_blank\" rel=\"noreferrer noopener\">Programa\u00e7\u00e3o das aulas &#8211; semestre I 2019.1<\/a><\/p>\n","protected":false},"excerpt":{"rendered":"<p>Programa\u00e7\u00e3o das aulas \u2013 semestre III 2020.1 &#8211; Per\u00edodo pand\u00eamico Programa\u00e7\u00e3o das aulas \u2013 semestre III 2020.1 Programa\u00e7\u00e3o das aulas &#8211; semestre II 2019.2 Programa\u00e7\u00e3o das aulas &#8211; semestre I 2019.1<\/p>\n","protected":false},"author":100,"featured_media":0,"parent":0,"menu_order":0,"comment_status":"closed","ping_status":"closed","template":"","meta":[],"_links":{"self":[{"href":"https:\/\/www.ifbaiano.edu.br\/unidades\/lapa\/wp-json\/wp\/v2\/pages\/14028"}],"collection":[{"href":"https:\/\/www.ifbaiano.edu.br\/unidades\/lapa\/wp-json\/wp\/v2\/pages"}],"about":[{"href":"https:\/\/www.ifbaiano.edu.br\/unidades\/lapa\/wp-json\/wp\/v2\/types\/page"}],"author":[{"embeddable":true,"href":"https:\/\/www.ifbaiano.edu.br\/unidades\/lapa\/wp-json\/wp\/v2\/users\/100"}],"replies":[{"embeddable":true,"href":"https:\/\/www.ifbaiano.edu.br\/unidades\/lapa\/wp-json\/wp\/v2\/comments?post=14028"}],"version-history":[{"count":7,"href":"https:\/\/www.ifbaiano.edu.br\/unidades\/lapa\/wp-json\/wp\/v2\/pages\/14028\/revisions"}],"predecessor-version":[{"id":16939,"href":"https:\/\/www.ifbaiano.edu.br\/unidades\/lapa\/wp-json\/wp\/v2\/pages\/14028\/revisions\/16939"}],"wp:attachment":[{"href":"https:\/\/www.ifbaiano.edu.br\/unidades\/lapa\/wp-json\/wp\/v2\/media?parent=14028"}],"curies":[{"name":"wp","href":"https:\/\/api.w.org\/{rel}","templated":true}]}}

<p>
<a href="https://www.ifbaiano.edu.br/unidades/lapa/files/2020/08/Programação-das-aulas-–-semestre-III-2020.1-Período-Pandêmico.pdf" target="_blank" rel="noopener noreferrer">Programação das aulas – semestre III 2020.1 &#8211; Período pandêmico<br>
<a href="https://www.ifbaiano.edu.br/unidades/lapa/files/2020/08/Programação-das-aulas-semestre-III-2020.1.pdf" target="_blank" rel="noopener noreferrer">Programação das aulas – semestre III 2020.1<br>
<a href="http://www.ifbaiano.edu.br/unidades/lapa/files/2019/10/Programacao_aulas-semestre_II_2019-2.pdf" target="_blank" rel="noreferrer noopener">Programação das aulas &#8211; semestre II 2019.2</a><br>
<a href="http://www.ifbaiano.edu.br/unidades/lapa/files/2019/10/Programacao_aulas-semestre_I_2019-1.pdf" target="_blank" rel="noreferrer noopener">Programação das aulas &#8211; semestre I 2019.1</a></p>

<p>Programação das aulas – semestre III 2020.1 &#8211; Período pandêmico Programação das aulas – semestre III 2020.1 Programação das aulas &#8211; semestre II 2019.2 Programação das aulas &#8211; semestre I 2019.1</p>
