{"id":1603,"date":"2014-01-10T09:35:58","date_gmt":"2014-01-10T11:35:58","guid":{"rendered":"http:\/\/www.ifbaiano.edu.br\/unidades\/lapa\/?page_id=1603"},"modified":"2019-08-12T17:10:10","modified_gmt":"2019-08-12T20:10:10","slug":"o-que-e-a-assistencia-estudantil","status":"publish","type":"page","link":"https:\/\/www.ifbaiano.edu.br\/unidades\/lapa\/o-que-e-a-assistencia-estudantil\/","title":{"rendered":"O que \u00e9 a Assist\u00eancia Estudantil"},"content":{"rendered":"<div id=\"ProreitoriaTopoTitulo\">ASSIST\u00caNCIA ESTUDANTIL<\/div>\n<p>A Assist\u00eancia Estudantil deve ser entendida como direito social capaz de romper com tutelas assistencialistas e com concess\u00f5es estatais, com vistas \u00e0 inclus\u00e3o social, forma\u00e7\u00e3o plena, produ\u00e7\u00e3o de conhecimento, melhoria do desempenho acad\u00eamico e o bem estar biopsicossocial.<\/p>\n<div id=\"ProreitoriaTopoTitulo\">A ASSIST\u00caNCIA ESTUDANTIL TEM POR OBJETIVOS<\/div>\n<p>I &#8211; ampliar as possibilidades para o acesso, contribuindo para a promo\u00e7\u00e3o da inclus\u00e3o social pela educa\u00e7\u00e3o;<br \/>\nII &#8211; propiciar a igualdade de oportunidades entre todos(as) os(as) estudantes matriculados(as) no IF Baiano;<br \/>\nIII &#8211; contribuir para a melhoria do desempenho acad\u00eamico dos(as) estudantes, a partir de medidas que busquem minimizar situa\u00e7\u00f5es de repet\u00eancia e evas\u00e3o;<br \/>\nIV &#8211; desenvolver a\u00e7\u00f5es que assegurem, de forma preventiva, a assist\u00eancia \u00e0 sa\u00fade do(a) estudante;<br \/>\nV &#8211; implementar a\u00e7\u00f5es educativas que propiciem o desenvolvimento do pensamento cr\u00edtico, pol\u00edtico e criativo dos(as) estudantes;<br \/>\nVI &#8211; fomentar novas oportunidades de aprendizagem, permitindo que todos(as) os(as) estudantes do IF Baiano construam as habilidades socioprofissionais necess\u00e1rias \u00e0 sua inser\u00e7\u00e3o, perman\u00eancia e \u00eaxito no mundo do trabalho, e\/ou o prosseguimento na vida acad\u00eamica;<br \/>\nVII &#8211; contribuir para aumentar a efici\u00eancia e efic\u00e1cia das a\u00e7\u00f5es do Instituto para o cumprimento da sua miss\u00e3o.<\/p>\n<p>A Coordena\u00e7\u00e3o de Assuntos Estudantis \u2013 CAE \u00e9 parte estruturante do Instituto Federal Baiano com objetivo de gerir de forma sist\u00eamica a implementa\u00e7\u00e3o de pol\u00edticas de Assist\u00eancia Estudantil no Campus de Bom Jesus da Lapa. Trata-se de uma coordena\u00e7\u00e3o que n\u00e3o apenas viabiliza aux\u00edlio para alunos em situa\u00e7\u00e3o de vulnerabilidade social, mas prop\u00f5e, implementa e gerencia as a\u00e7\u00f5es de perman\u00eancia de todos os alunos na Institui\u00e7\u00e3o, independente de idade e n\u00edvel de ensino, bem como oportuniza o acesso \u00e0 educa\u00e7\u00e3o de forma igualit\u00e1ria.<\/p>\n<p>O CAE est\u00e1 vinculado a Diretoria Acad\u00eamica -DA, composto por uma equipe T\u00e9cnica Multidisciplinar:<br \/>\n\u2022 Hania Gracielle Silva \u2013 Coordenadora da CAE<br \/>\n\u2022 Cyntia Layane Gusm\u00e3o \u2013 Assistente Social<br \/>\n\u2022 Aline Soares \u2013 Psic\u00f3loga<br \/>\n\u2022 Rodrigo Vasconcelos &#8211; Enfermeiro<br \/>\n\u2022 Luciana Viana \u2013 Assistente de Aluno<\/p>\n<div id=\"ProreitoriaTopoTitulo\">COMISS\u00c3O LOCAL DE ASSIST\u00caNCIA ESTUDANTIL<\/div>\n<p>Ter por objetivo divulgar as a\u00e7\u00f5es da Assist\u00eancia Estudantil na perspectiva de consolid\u00e1-la como pol\u00edtica institucional, participando da efetiva\u00e7\u00e3o e acompanhamento da implementa\u00e7\u00e3o dos Programas:<\/p>\n<p>I &#8211; Programa de Assist\u00eancia e Inclus\u00e3o Social do Estudante \u2013 PAISE;<br \/>\nII &#8211; Programa de Incentivo \u00e0 Participa\u00e7\u00e3o Pol\u00edtico Acad\u00eamica \u2013 PROPAC;<br \/>\nIII &#8211; Programa de Incentivo \u00e0 Cultura, Esporte e Lazer &#8211; PINCEL;<br \/>\nIV &#8211; Programa de Preven\u00e7\u00e3o e Assist\u00eancia \u00e0 Sa\u00fade &#8211; PRO-SA\u00daDE;<br \/>\nV &#8211; Programa de Acompanhamento Psicossocial e Pedag\u00f3gico \u2013 PROAP;<br \/>\nVI &#8211; Programa de Resid\u00eancia Estudantil;<br \/>\nVII &#8211; Programa de Alimenta\u00e7\u00e3o Estudantil.<\/p>\n<p>Tendo como Membros uma equipe multidisciplinar:<br \/>\n\u2022 Cyntia Layane Gusm\u00e3o \u2013 Assistente Social\/ Presidente da Comiss\u00e3o<br \/>\n\u2022 Hania Gracielle Silva \u2013 Assistente de Alunos\/CAE<br \/>\n\u2022 Aline Soares \u2013 Psic\u00f3loga<br \/>\n\u2022 Rodrigo Vasconcelos \u2013 Enfermeiro<br \/>\n\u2022 Mileide Carvalho \u2013 Auxiliar Administrativo<br \/>\n\u2022 Valdin\u00e9ia Antunes \u2013 T\u00e9cnica em Assuntos Educacionais<br \/>\n\u2022 Janine Couto &#8211; Pedagoga<br \/>\n\u2022 Edi\u00eanio Farias \u2013 Docente<br \/>\n\u2022 Camila Fidelis \u2013 Discente de n\u00edvel m\u00e9dio<br \/>\n\u2022 \u00c9mille Santiago \u2013 Discente de n\u00edvel superior<\/p>\n<div id=\"ProreitoriaTopoTitulo\">DOCUMENTOS CORRELACIONADOS COM A ASSIST\u00caNCIA ESTUDANTIL<\/div>\n<p><strong><a href=\"http:\/\/www.ifbaiano.edu.br\/unidades\/lapa\/files\/2014\/01\/programa-o-que-e.pdf\" target=\"_blank\" rel=\"noopener noreferrer\">Programas de Assist\u00eancia Estudantil;<\/a><\/strong><\/p>\n<p><strong><a href=\"http:\/\/www.ifbaiano.edu.br\/unidades\/lapa\/files\/2019\/08\/Politica-de-Assistencia-Estudantil-29-01-2019.pdf\" target=\"_blank\" title=\"Pol\u00edtica de Assist\u00eancia Estudantil 29\/01\/2019 (formato pdf, tamanho 179 KB)\" rel=\"noopener noreferrer\">Pol\u00edtica de Assist\u00eancia Estudantil do IF Baiano;<\/a><\/strong><\/p>\n<p><strong><a href=\"http:\/\/www.ifbaiano.edu.br\/unidades\/lapa\/files\/2014\/01\/decreto7234.pdf\" target=\"_blank\" rel=\"noopener noreferrer\">Decreto 7.234\/2010;<\/a>&nbsp;<\/strong><\/p>\n","protected":false},"excerpt":{"rendered":"<p>ASSIST\u00caNCIA ESTUDANTIL A Assist\u00eancia Estudantil deve ser entendida como direito social capaz de romper com tutelas assistencialistas e com concess\u00f5es estatais, com vistas \u00e0 inclus\u00e3o social, forma\u00e7\u00e3o plena, produ\u00e7\u00e3o de conhecimento, melhoria do desempenho acad\u00eamico e o bem estar biopsicossocial. A ASSIST\u00caNCIA ESTUDANTIL TEM POR OBJETIVOS I &#8211; ampliar as possibilidades para o acesso, contribuindo [&hellip;]<\/p>\n","protected":false},"author":41,"featured_media":0,"parent":0,"menu_order":0,"comment_status":"open","ping_status":"open","template":"","meta":[],"_links":{"self":[{"href":"https:\/\/www.ifbaiano.edu.br\/unidades\/lapa\/wp-json\/wp\/v2\/pages\/1603"}],"collection":[{"href":"https:\/\/www.ifbaiano.edu.br\/unidades\/lapa\/wp-json\/wp\/v2\/pages"}],"about":[{"href":"https:\/\/www.ifbaiano.edu.br\/unidades\/lapa\/wp-json\/wp\/v2\/types\/page"}],"author":[{"embeddable":true,"href":"https:\/\/www.ifbaiano.edu.br\/unidades\/lapa\/wp-json\/wp\/v2\/users\/41"}],"replies":[{"embeddable":true,"href":"https:\/\/www.ifbaiano.edu.br\/unidades\/lapa\/wp-json\/wp\/v2\/comments?post=1603"}],"version-history":[{"count":15,"href":"https:\/\/www.ifbaiano.edu.br\/unidades\/lapa\/wp-json\/wp\/v2\/pages\/1603\/revisions"}],"predecessor-version":[{"id":13822,"href":"https:\/\/www.ifbaiano.edu.br\/unidades\/lapa\/wp-json\/wp\/v2\/pages\/1603\/revisions\/13822"}],"wp:attachment":[{"href":"https:\/\/www.ifbaiano.edu.br\/unidades\/lapa\/wp-json\/wp\/v2\/media?parent=1603"}],"curies":[{"name":"wp","href":"https:\/\/api.w.org\/{rel}","templated":true}]}}

O que é a Assistência Estudantil

<div id="ProreitoriaTopoTitulo">ASSISTÊNCIA ESTUDANTIL</div>
<p>A Assistência Estudantil deve ser entendida como direito social capaz de romper com tutelas assistencialistas e com concessões estatais, com vistas à inclusão social, formação plena, produção de conhecimento, melhoria do desempenho acadêmico e o bem estar biopsicossocial.</p>
<div id="ProreitoriaTopoTitulo">A ASSISTÊNCIA ESTUDANTIL TEM POR OBJETIVOS</div>
<p>I &#8211; ampliar as possibilidades para o acesso, contribuindo para a promoção da inclusão social pela educação;<br />
II &#8211; propiciar a igualdade de oportunidades entre todos(as) os(as) estudantes matriculados(as) no IF Baiano;<br />
III &#8211; contribuir para a melhoria do desempenho acadêmico dos(as) estudantes, a partir de medidas que busquem minimizar situações de repetência e evasão;<br />
IV &#8211; desenvolver ações que assegurem, de forma preventiva, a assistência à saúde do(a) estudante;<br />
V &#8211; implementar ações educativas que propiciem o desenvolvimento do pensamento crítico, político e criativo dos(as) estudantes;<br />
VI &#8211; fomentar novas oportunidades de aprendizagem, permitindo que todos(as) os(as) estudantes do IF Baiano construam as habilidades socioprofissionais necessárias à sua inserção, permanência e êxito no mundo do trabalho, e/ou o prosseguimento na vida acadêmica;<br />
VII &#8211; contribuir para aumentar a eficiência e eficácia das ações do Instituto para o cumprimento da sua missão.</p>
<p>A Coordenação de Assuntos Estudantis – CAE é parte estruturante do Instituto Federal Baiano com objetivo de gerir de forma sistêmica a implementação de políticas de Assistência Estudantil no Campus de Bom Jesus da Lapa. Trata-se de uma coordenação que não apenas viabiliza auxílio para alunos em situação de vulnerabilidade social, mas propõe, implementa e gerencia as ações de permanência de todos os alunos na Instituição, independente de idade e nível de ensino, bem como oportuniza o acesso à educação de forma igualitária.</p>
<p>O CAE está vinculado a Diretoria Acadêmica -DA, composto por uma equipe Técnica Multidisciplinar:<br />
• Hania Gracielle Silva – Coordenadora da CAE<br />
• Cyntia Layane Gusmão – Assistente Social<br />
• Aline Soares – Psicóloga<br />
• Rodrigo Vasconcelos &#8211; Enfermeiro<br />
• Luciana Viana – Assistente de Aluno</p>
<div id="ProreitoriaTopoTitulo">COMISSÃO LOCAL DE ASSISTÊNCIA ESTUDANTIL</div>
<p>Ter por objetivo divulgar as ações da Assistência Estudantil na perspectiva de consolidá-la como política institucional, participando da efetivação e acompanhamento da implementação dos Programas:</p>
<p>I &#8211; Programa de Assistência e Inclusão Social do Estudante – PAISE;<br />
II &#8211; Programa de Incentivo à Participação Político Acadêmica – PROPAC;<br />
III &#8211; Programa de Incentivo à Cultura, Esporte e Lazer &#8211; PINCEL;<br />
IV &#8211; Programa de Prevenção e Assistência à Saúde &#8211; PRO-SAÚDE;<br />
V &#8211; Programa de Acompanhamento Psicossocial e Pedagógico – PROAP;<br />
VI &#8211; Programa de Residência Estudantil;<br />
VII &#8211; Programa de Alimentação Estudantil.</p>
<p>Tendo como Membros uma equipe multidisciplinar:<br />
• Cyntia Layane Gusmão – Assistente Social/ Presidente da Comissão<br />
• Hania Gracielle Silva – Assistente de Alunos/CAE<br />
• Aline Soares – Psicóloga<br />
• Rodrigo Vasconcelos – Enfermeiro<br />
• Mileide Carvalho – Auxiliar Administrativo<br />
• Valdinéia Antunes – Técnica em Assuntos Educacionais<br />
• Janine Couto &#8211; Pedagoga<br />
• Ediênio Farias – Docente<br />
• Camila Fidelis – Discente de nível médio<br />
• Émille Santiago – Discente de nível superior</p>
<div id="ProreitoriaTopoTitulo">DOCUMENTOS CORRELACIONADOS COM A ASSISTÊNCIA ESTUDANTIL</div>
<p><strong><a href="http://www.ifbaiano.edu.br/unidades/lapa/files/2014/01/programa-o-que-e.pdf" target="_blank" rel="noopener noreferrer">Programas de Assistência Estudantil;</a></strong></p>
<p><strong><a href="http://www.ifbaiano.edu.br/unidades/lapa/files/2019/08/Politica-de-Assistencia-Estudantil-29-01-2019.pdf" target="_blank" title="Política de Assistência Estudantil 29/01/2019 (formato pdf, tamanho 179 KB)" rel="noopener noreferrer">Política de Assistência Estudantil do IF Baiano;</a></strong></p>
<p><strong><a href="http://www.ifbaiano.edu.br/unidades/lapa/files/2014/01/decreto7234.pdf" target="_blank" rel="noopener noreferrer">Decreto 7.234/2010;</a>&nbsp;</strong></p>

<p>ASSISTÊNCIA ESTUDANTIL A Assistência Estudantil deve ser entendida como direito social capaz de romper com tutelas assistencialistas e com concessões estatais, com vistas à inclusão social, formação plena, produção de conhecimento, melhoria do desempenho acadêmico e o bem estar biopsicossocial. A ASSISTÊNCIA ESTUDANTIL TEM POR OBJETIVOS I &#8211; ampliar as possibilidades para o acesso, contribuindo [&hellip;]</p>
