{"id":16376,"date":"2020-07-09T10:28:17","date_gmt":"2020-07-09T13:28:17","guid":{"rendered":"https:\/\/www.ifbaiano.edu.br\/unidades\/lapa\/?page_id=16376"},"modified":"2020-08-04T09:15:14","modified_gmt":"2020-08-04T12:15:14","slug":"egresso","status":"publish","type":"page","link":"https:\/\/www.ifbaiano.edu.br\/unidades\/lapa\/egresso\/","title":{"rendered":"Egresso"},"content":{"rendered":"\n<p>Em constru\u00e7\u00e3o<\/p>\n\n\n\n<p><a rel=\"noopener noreferrer\" href=\"https:\/\/ifbaiano.edu.br\/portal\/egressos\/\" target=\"_blank\">Portal de Egressos (redireciona para p\u00e1gina externa em outra aba)<\/a><\/p>\n\n\n\n<h2 style=\"text-transform:uppercase\">Cursos<\/h2>\n<h3>Integrado<\/h3>\n<ul style=\"list-style-type: none\">\n<li><a href=\"https:\/\/www.ifbaiano.edu.br\/unidades\/lapa\/egresso-integrado-agricultura\">Agricultura<\/a><\/li>\n<li><a href=\"https:\/\/www.ifbaiano.edu.br\/unidades\/lapa\/egresso-integrado-agroecologia\">Agroecologia<\/a><\/li>\n<li><a href=\"https:\/\/www.ifbaiano.edu.br\/unidades\/lapa\/egresso-integrado-informatica\">Inform\u00e1tica<\/a><\/li>\n<\/ul>\n<h3>Subsequente<\/h3>\n<ul style=\"list-style-type: none\">\n<li><a href=\"https:\/\/www.ifbaiano.edu.br\/unidades\/lapa\/egresso-subsequente-agricultura\">Agricultura<\/a><\/li>\n<li><a href=\"https:\/\/www.ifbaiano.edu.br\/unidades\/lapa\/egresso-subsequente-informatica\">Inform\u00e1tica<\/a><\/li>\n<\/ul>\n\n\n\n\n<p><\/p>\n","protected":false},"excerpt":{"rendered":"<p>Em constru\u00e7\u00e3o Portal de Egressos (redireciona para p\u00e1gina externa em outra aba) Cursos Integrado Agricultura Agroecologia Inform\u00e1tica Subsequente Agricultura Inform\u00e1tica<\/p>\n","protected":false},"author":100,"featured_media":0,"parent":0,"menu_order":0,"comment_status":"closed","ping_status":"closed","template":"","meta":[],"_links":{"self":[{"href":"https:\/\/www.ifbaiano.edu.br\/unidades\/lapa\/wp-json\/wp\/v2\/pages\/16376"}],"collection":[{"href":"https:\/\/www.ifbaiano.edu.br\/unidades\/lapa\/wp-json\/wp\/v2\/pages"}],"about":[{"href":"https:\/\/www.ifbaiano.edu.br\/unidades\/lapa\/wp-json\/wp\/v2\/types\/page"}],"author":[{"embeddable":true,"href":"https:\/\/www.ifbaiano.edu.br\/unidades\/lapa\/wp-json\/wp\/v2\/users\/100"}],"replies":[{"embeddable":true,"href":"https:\/\/www.ifbaiano.edu.br\/unidades\/lapa\/wp-json\/wp\/v2\/comments?post=16376"}],"version-history":[{"count":15,"href":"https:\/\/www.ifbaiano.edu.br\/unidades\/lapa\/wp-json\/wp\/v2\/pages\/16376\/revisions"}],"predecessor-version":[{"id":16749,"href":"https:\/\/www.ifbaiano.edu.br\/unidades\/lapa\/wp-json\/wp\/v2\/pages\/16376\/revisions\/16749"}],"wp:attachment":[{"href":"https:\/\/www.ifbaiano.edu.br\/unidades\/lapa\/wp-json\/wp\/v2\/media?parent=16376"}],"curies":[{"name":"wp","href":"https:\/\/api.w.org\/{rel}","templated":true}]}}