{"id":16488,"date":"2020-07-23T13:42:55","date_gmt":"2020-07-23T16:42:55","guid":{"rendered":"https:\/\/www.ifbaiano.edu.br\/unidades\/lapa\/?page_id=16488"},"modified":"2026-01-28T10:09:40","modified_gmt":"2026-01-28T13:09:40","slug":"contatos","status":"publish","type":"page","link":"https:\/\/www.ifbaiano.edu.br\/unidades\/lapa\/contatos\/","title":{"rendered":"Contatos"},"content":{"rendered":"\n<p><strong>Central de Atendimento Remoto (Durante pandemia Covid-19):<\/strong> <br>Segunda a sexta das 8h:00min as 17h:00min<\/p>\n<table>\n<tr><td style=\"width:112px\">77 98106-8492<\/td><td style=\"width:25px\"><img decoding=\"async\" loading=\"lazy\" src=\"https:\/\/www.ifbaiano.edu.br\/unidades\/lapa\/files\/2020\/07\/whatsapp.png\" width=\"20\" height=\"20\" \/><\/td><td>Dire\u00e7\u00e3o Administrativa \u2013 Licita\u00e7\u00e3o \/ Contratos \/ Pagamentos Diversos<\/td><\/tr>\n<tr><td>77 98102-6301<\/td><td><img decoding=\"async\" loading=\"lazy\" src=\"https:\/\/www.ifbaiano.edu.br\/unidades\/lapa\/files\/2020\/07\/whatsapp.png\" width=\"20\" height=\"20\" \/><\/td><td>Dire\u00e7\u00e3o Geral \u2013 Protocolo \/ Funcionamento do Campus durante pandemia Covid-19 \/ Atendimento Remoto \/ Atividades Essenciais<\/td><\/tr>\n<tr><td>77 99126-7643<\/td><td><img decoding=\"async\" loading=\"lazy\" src=\"https:\/\/www.ifbaiano.edu.br\/unidades\/lapa\/files\/2020\/07\/whatsapp.png\" width=\"20\" height=\"20\" \/><\/td><td>Dire\u00e7\u00e3o Acad\u00eamica \/ Coordena\u00e7\u00e3o de Ensino \u2013 Orienta\u00e7\u00f5es de estudos<\/td><\/tr>\n<tr><td>77 99963-3747<\/td><td><img decoding=\"async\" loading=\"lazy\" src=\"https:\/\/www.ifbaiano.edu.br\/unidades\/lapa\/files\/2020\/07\/whatsapp.png\" width=\"20\" height=\"20\" \/><\/td><td>Secretaria \u2013 Certifica\u00e7\u00e3o \/ Transfer\u00eancia \/ Documenta\u00e7\u00e3o<\/td><\/tr>\n<tr><td>77 98101-4162<\/td><td><img decoding=\"async\" loading=\"lazy\" src=\"https:\/\/www.ifbaiano.edu.br\/unidades\/lapa\/files\/2020\/07\/whatsapp.png\" width=\"20\" height=\"20\" \/><\/td><td>CAE \u2013 Bolsas \/ Aux\u00edlios \/ Kit Alimenta\u00e7\u00e3o \/ Atendimento Psicol\u00f3gico e Social \/ Promo\u00e7\u00e3o de Sa\u00fade<\/td><\/tr>\n<\/table>\n\n\n<p><strong>Telefone do <em>Campus<\/em>:<\/strong> (77)2102-9545 | (77)2102-9501 <\/p>\n<p>Os contatos  | (77) 3481-4513\/3481-2521 | est\u00e3o indispon\u00edveis, temporariamente, devido a um processo de portabilidade com a operadora <\/p>\n<hr>\n<p><strong>Gabinete da Dire\u00e7\u00e3o-Geral<\/strong><br>gabinete@lapa.ifbaiano.edu.br<\/p>\n<p><strong>Diretoria Acad\u00eamica<\/strong><br>da@lapa.ifbaiano.edu.br<\/p>\n\n\n\n<p><strong>Diretoria Administrativa<\/strong>\n<br>dadm@lapa.ifbaiano.edu.br<\/p>\n<p><strong>Almoxarifado<\/strong>\n<br>almoxarifado@lapa.ifbaiano.edu.br<\/p>\n<p><strong>Biblioteca<\/strong>\n<br>biblioteca@lapa.ifbaiano.edu.br<\/p>\n<p><strong>Contratos<\/strong>\n<br>contratos@lapa.ifbaiano.edu.br<\/p>\n<p><strong>Coordena\u00e7\u00e3o de Assuntos Estudantis<\/strong>\n<br>cae@lapa.ifbaiano.edu.br<\/p>\n<p><strong>Coordena\u00e7\u00e3o de Ensino<\/strong>\n<br>ce@lapa.ifbaiano.edu.br<\/p>\n<p><strong>Coordena\u00e7\u00e3o de Extens\u00e3o<\/strong>\n<br>extensao@lapa.ifbaiano.edu.br<\/p>\n<p><strong>Coordena\u00e7\u00e3o de Pesquisa<\/strong>\n<br>pesquisa@lapa.ifbaiano.edu.br<\/p>\n<p><strong>Coordena\u00e7\u00e3o de Suprimento e Log\u00edstica<\/strong>\n<br>csl@lapa.ifbaiano.edu.br<\/p>\n<p><strong>Coordena\u00e7\u00e3o de Unidades Educativas de Campo<\/strong>\n<br>cuec@lapa.ifbaiano.edu.br<\/p>\n<p><strong>Coordena\u00e7\u00e3o do Curso Bacharelado em Engenharia Agron\u00f4mica<\/strong>\n<br>agronomia@lapa.ifbaiano.edu.br<\/p>\n<p><strong>Coordena\u00e7\u00e3o do Curso de Tecnologia em Gest\u00e3o da Tecnologia da Informa\u00e7\u00e3o<\/strong>\n<br>coordenacao.gti@lapa.ifbaiano.edu.br<\/p>\n<p><strong>Coordena\u00e7\u00e3o do Curso T\u00e9cnico de Agroecologia Integrado<\/strong>\n<br>integrado.agroecologia@lapa.ifbaiano.edu.br<\/p>\n<p><strong>Coordena\u00e7\u00e3o do Curso T\u00e9cnico em Agricultura Integrado ao Ensino M\u00e9dio<\/strong>\n<br>integrado.agricultura@lapa.ifbaiano.edu.br<\/p>\n<p><strong>Coordena\u00e7\u00e3o do Curso T\u00e9cnico em Agricultura Subsequente ao Ensino M\u00e9dio<\/strong>\n<br>subsequente.agricultura@lapa.ifbaiano.edu.br<\/p>\n<p><strong>Coordena\u00e7\u00e3o do Curso T\u00e9cnico em Inform\u00e1tica Integrado<\/strong>\n<br>integrado.informatica@lapa.ifbaiano.edu.<\/p>\n<p><strong>Coordena\u00e7\u00e3o do Curso T\u00e9cnico em Inform\u00e1tica Subsequente<\/strong>\n<br>subsequente.informatica@lapa.ifbaiano.edu.br<\/p>\n<p><strong>Coordena\u00e7\u00e3o do Polo EaD, Campus Bom Jesus da Lapa<\/strong>\n<br>polo.lapa@ead.ifbaiano.edu.br<\/p>\n<p><strong>Coordena\u00e7\u00e3o Financeira e Cont\u00e1bil<\/strong>\n<br>cfc@lapa.ifbaiano.edu.br<\/p>\n<p><strong>Coordena\u00e7\u00e3o P\u00f3s-Gradua\u00e7\u00e3o em Educa\u00e7\u00e3o do Campo<\/strong>\n<br>pos.edc@lapa.ifbaiano.edu.br.ifbaiano.edu.br<\/p>\n<p><strong>Coordena\u00e7\u00e3o P\u00f3s-Gradua\u00e7\u00e3o em Educa\u00e7\u00e3o Matem\u00e1tica<\/strong>\n<br>pos.mat@lapa.ifbaiano.edu.br.ifbaiano.edu.br<\/p>\n<p><strong>Gabinete da Dire\u00e7\u00e3o-geral<\/strong>\n<br>gabinete@lapa.ifbaiano.edu.br<\/p>\n<p><strong>N\u00facleo de Apoio \u00e0 Gest\u00e3o de Pessoas<\/strong>\n<br>nagp@lapa.ifbaiano.edu.br<\/p>\n<p><strong>N\u00facleo de Apoio ao Processo de Ensino, Aprendizagem e Perman\u00eancia e \u00caxito do Educando (NUAPE)<\/strong>\n<br>nuape@lapa.ifbaiano.edu.br<\/p>\n<p><strong>N\u00facleo de Atendimento a Pessoas com Necessidades Espec\u00edficas (NAPNE)<\/strong>\n<br>napne@lapa.ifbaiano.edu.br<\/p>\n<p><strong>N\u00facleo de Comunica\u00e7\u00e3o e Eventos<\/strong>\n<br>nce@lapa.ifbaiano.edu.br<\/p>\n<p><strong>N\u00facleo de Execu\u00e7\u00e3o Or\u00e7ament\u00e1ria e Financeira<\/strong>\n<br>neof@lapa.ifbaiano.edu.br<\/p>\n<p><strong>N\u00facleo de Gest\u00e3o da Tecnologia da Informa\u00e7\u00e3o<\/strong>\n<br>ngti@lapa.ifbaiano.edu.br<\/p>\n<p><strong>N\u00facleo de Licita\u00e7\u00e3o<\/strong><br>licitacoes@lapa.ifbaiano.edu.br\n<p><strong>N\u00facleo de Planejamento e Parcerias Institucionais<\/strong>\n<br>nuppi@lapa.ifbaiano.edu.br<\/p>\n<p><strong>N\u00facleo de Rela\u00e7\u00f5es Institucionais<\/strong>\n<br>estagio@lapa.ifbaiano.edu.br<\/p>\n<p><strong>Patrim\u00f4nio<\/strong>\n<br>patrimonio@lapa.ifbaiano.edu.br<\/p>\n<p><strong>Protocolo<\/strong>\n<br>protocolo.lapa@lapa.ifbaiano.edu.br<\/p>\n<p><strong>Secretaria de Registros Acad\u00eamicos<\/strong>\n<br>sra@lapa.ifbaiano.edu.br<\/p>\n\n\n\n<p><\/p>\n","protected":false},"excerpt":{"rendered":"<p>Central de Atendimento Remoto (Durante pandemia Covid-19): Segunda a sexta das 8h:00min as 17h:00min 77 98106-8492 Dire\u00e7\u00e3o Administrativa \u2013 Licita\u00e7\u00e3o \/ Contratos \/ Pagamentos Diversos 77 98102-6301 Dire\u00e7\u00e3o Geral \u2013 Protocolo \/ Funcionamento do Campus durante pandemia Covid-19 \/ Atendimento Remoto \/ Atividades Essenciais 77 99126-7643 Dire\u00e7\u00e3o Acad\u00eamica \/ Coordena\u00e7\u00e3o de Ensino \u2013 Orienta\u00e7\u00f5es de [&hellip;]<\/p>\n","protected":false},"author":100,"featured_media":0,"parent":0,"menu_order":0,"comment_status":"closed","ping_status":"closed","template":"","meta":[],"_links":{"self":[{"href":"https:\/\/www.ifbaiano.edu.br\/unidades\/lapa\/wp-json\/wp\/v2\/pages\/16488"}],"collection":[{"href":"https:\/\/www.ifbaiano.edu.br\/unidades\/lapa\/wp-json\/wp\/v2\/pages"}],"about":[{"href":"https:\/\/www.ifbaiano.edu.br\/unidades\/lapa\/wp-json\/wp\/v2\/types\/page"}],"author":[{"embeddable":true,"href":"https:\/\/www.ifbaiano.edu.br\/unidades\/lapa\/wp-json\/wp\/v2\/users\/100"}],"replies":[{"embeddable":true,"href":"https:\/\/www.ifbaiano.edu.br\/unidades\/lapa\/wp-json\/wp\/v2\/comments?post=16488"}],"version-history":[{"count":108,"href":"https:\/\/www.ifbaiano.edu.br\/unidades\/lapa\/wp-json\/wp\/v2\/pages\/16488\/revisions"}],"predecessor-version":[{"id":30276,"href":"https:\/\/www.ifbaiano.edu.br\/unidades\/lapa\/wp-json\/wp\/v2\/pages\/16488\/revisions\/30276"}],"wp:attachment":[{"href":"https:\/\/www.ifbaiano.edu.br\/unidades\/lapa\/wp-json\/wp\/v2\/media?parent=16488"}],"curies":[{"name":"wp","href":"https:\/\/api.w.org\/{rel}","templated":true}]}}

<p><strong>Central de Atendimento Remoto (Durante pandemia Covid-19):</strong> <br>Segunda a sexta das 8h:00min as 17h:00min</p>
<table>
<tr><td style="width:112px">77 98106-8492</td><td style="width:25px"><img decoding="async" loading="lazy" src="https://www.ifbaiano.edu.br/unidades/lapa/files/2020/07/whatsapp.png" width="20" height="20" /></td><td>Direção Administrativa – Licitação / Contratos / Pagamentos Diversos</td></tr>
<tr><td>77 98102-6301</td><td><img decoding="async" loading="lazy" src="https://www.ifbaiano.edu.br/unidades/lapa/files/2020/07/whatsapp.png" width="20" height="20" /></td><td>Direção Geral – Protocolo / Funcionamento do Campus durante pandemia Covid-19 / Atendimento Remoto / Atividades Essenciais</td></tr>
<tr><td>77 99126-7643</td><td><img decoding="async" loading="lazy" src="https://www.ifbaiano.edu.br/unidades/lapa/files/2020/07/whatsapp.png" width="20" height="20" /></td><td>Direção Acadêmica / Coordenação de Ensino – Orientações de estudos</td></tr>
<tr><td>77 99963-3747</td><td><img decoding="async" loading="lazy" src="https://www.ifbaiano.edu.br/unidades/lapa/files/2020/07/whatsapp.png" width="20" height="20" /></td><td>Secretaria – Certificação / Transferência / Documentação</td></tr>
<tr><td>77 98101-4162</td><td><img decoding="async" loading="lazy" src="https://www.ifbaiano.edu.br/unidades/lapa/files/2020/07/whatsapp.png" width="20" height="20" /></td><td>CAE – Bolsas / Auxílios / Kit Alimentação / Atendimento Psicológico e Social / Promoção de Saúde</td></tr>
</table>


<p><strong>Telefone do <em>Campus</em>:</strong> (77)2102-9545 | (77)2102-9501 </p>
<p>Os contatos  | (77) 3481-4513/3481-2521 | estão indisponíveis, temporariamente, devido a um processo de portabilidade com a operadora </p>
<hr>
<p><strong>Gabinete da Direção-Geral</strong><br>gabinete@lapa.ifbaiano.edu.br</p>
<p><strong>Diretoria Acadêmica</strong><br>da@lapa.ifbaiano.edu.br</p>



<p><strong>Diretoria Administrativa</strong>
<br>dadm@lapa.ifbaiano.edu.br</p>
<p><strong>Almoxarifado</strong>
<br>almoxarifado@lapa.ifbaiano.edu.br</p>
<p><strong>Biblioteca</strong>
<br>biblioteca@lapa.ifbaiano.edu.br</p>
<p><strong>Contratos</strong>
<br>contratos@lapa.ifbaiano.edu.br</p>
<p><strong>Coordenação de Assuntos Estudantis</strong>
<br>cae@lapa.ifbaiano.edu.br</p>
<p><strong>Coordenação de Ensino</strong>
<br>ce@lapa.ifbaiano.edu.br</p>
<p><strong>Coordenação de Extensão</strong>
<br>extensao@lapa.ifbaiano.edu.br</p>
<p><strong>Coordenação de Pesquisa</strong>
<br>pesquisa@lapa.ifbaiano.edu.br</p>
<p><strong>Coordenação de Suprimento e Logística</strong>
<br>csl@lapa.ifbaiano.edu.br</p>
<p><strong>Coordenação de Unidades Educativas de Campo</strong>
<br>cuec@lapa.ifbaiano.edu.br</p>
<p><strong>Coordenação do Curso Bacharelado em Engenharia Agronômica</strong>
<br>agronomia@lapa.ifbaiano.edu.br</p>
<p><strong>Coordenação do Curso de Tecnologia em Gestão da Tecnologia da Informação</strong>
<br>coordenacao.gti@lapa.ifbaiano.edu.br</p>
<p><strong>Coordenação do Curso Técnico de Agroecologia Integrado</strong>
<br>integrado.agroecologia@lapa.ifbaiano.edu.br</p>
<p><strong>Coordenação do Curso Técnico em Agricultura Integrado ao Ensino Médio</strong>
<br>integrado.agricultura@lapa.ifbaiano.edu.br</p>
<p><strong>Coordenação do Curso Técnico em Agricultura Subsequente ao Ensino Médio</strong>
<br>subsequente.agricultura@lapa.ifbaiano.edu.br</p>
<p><strong>Coordenação do Curso Técnico em Informática Integrado</strong>
<br>integrado.informatica@lapa.ifbaiano.edu.</p>
<p><strong>Coordenação do Curso Técnico em Informática Subsequente</strong>
<br>subsequente.informatica@lapa.ifbaiano.edu.br</p>
<p><strong>Coordenação do Polo EaD, Campus Bom Jesus da Lapa</strong>
<br>polo.lapa@ead.ifbaiano.edu.br</p>
<p><strong>Coordenação Financeira e Contábil</strong>
<br>cfc@lapa.ifbaiano.edu.br</p>
<p><strong>Coordenação Pós-Graduação em Educação do Campo</strong>
<br>pos.edc@lapa.ifbaiano.edu.br.ifbaiano.edu.br</p>
<p><strong>Coordenação Pós-Graduação em Educação Matemática</strong>
<br>pos.mat@lapa.ifbaiano.edu.br.ifbaiano.edu.br</p>
<p><strong>Gabinete da Direção-geral</strong>
<br>gabinete@lapa.ifbaiano.edu.br</p>
<p><strong>Núcleo de Apoio à Gestão de Pessoas</strong>
<br>nagp@lapa.ifbaiano.edu.br</p>
<p><strong>Núcleo de Apoio ao Processo de Ensino, Aprendizagem e Permanência e Êxito do Educando (NUAPE)</strong>
<br>nuape@lapa.ifbaiano.edu.br</p>
<p><strong>Núcleo de Atendimento a Pessoas com Necessidades Específicas (NAPNE)</strong>
<br>napne@lapa.ifbaiano.edu.br</p>
<p><strong>Núcleo de Comunicação e Eventos</strong>
<br>nce@lapa.ifbaiano.edu.br</p>
<p><strong>Núcleo de Execução Orçamentária e Financeira</strong>
<br>neof@lapa.ifbaiano.edu.br</p>
<p><strong>Núcleo de Gestão da Tecnologia da Informação</strong>
<br>ngti@lapa.ifbaiano.edu.br</p>
<p><strong>Núcleo de Licitação</strong><br>licitacoes@lapa.ifbaiano.edu.br
<p><strong>Núcleo de Planejamento e Parcerias Institucionais</strong>
<br>nuppi@lapa.ifbaiano.edu.br</p>
<p><strong>Núcleo de Relações Institucionais</strong>
<br>estagio@lapa.ifbaiano.edu.br</p>
<p><strong>Patrimônio</strong>
<br>patrimonio@lapa.ifbaiano.edu.br</p>
<p><strong>Protocolo</strong>
<br>protocolo.lapa@lapa.ifbaiano.edu.br</p>
<p><strong>Secretaria de Registros Acadêmicos</strong>
<br>sra@lapa.ifbaiano.edu.br</p>



<p></p>

<p>Central de Atendimento Remoto (Durante pandemia Covid-19): Segunda a sexta das 8h:00min as 17h:00min 77 98106-8492 Direção Administrativa – Licitação / Contratos / Pagamentos Diversos 77 98102-6301 Direção Geral – Protocolo / Funcionamento do Campus durante pandemia Covid-19 / Atendimento Remoto / Atividades Essenciais 77 99126-7643 Direção Acadêmica / Coordenação de Ensino – Orientações de [&hellip;]</p>
