{"id":1699,"date":"2014-01-27T11:40:58","date_gmt":"2014-01-27T13:40:58","guid":{"rendered":"http:\/\/www.ifbaiano.edu.br\/unidades\/lapa\/?page_id=1699"},"modified":"2023-07-13T11:06:44","modified_gmt":"2023-07-13T14:06:44","slug":"coordenacao-de-ensino","status":"publish","type":"page","link":"https:\/\/www.ifbaiano.edu.br\/unidades\/lapa\/coordenacao-de-ensino\/","title":{"rendered":"Equipe"},"content":{"rendered":"<p><span style=\"text-decoration: underline\">1. Diretoria Acad\u00eamica (DA)<\/span><\/p>\n<p>1.1 <strong>Adevanucia Nere Santos&nbsp;(Diretora Acad\u00eamico)<\/strong><br \/>\ni. E-mail:<span style=\"color: #000000\"> da<span id=\"OBJ_PREFIX_DWT2664_com_zimbra_url\" class=\"Object\"><span id=\"OBJ_PREFIX_DWT2701_com_zimbra_url\" class=\"Object\">@lapa.ifbaiano.edu.br<\/span><\/span><\/span><\/p>\n<p><span style=\"text-decoration: underline\">2. Coordena\u00e7\u00e3o de Ensino (CE)<\/span><\/p>\n<p>2.1 <strong>Fabiana Santos da Silva (Coordenadora de Ensino)<\/strong><br \/>\ni. E-mail: ce@lapa.ifbaiano.edu.br<br \/>\n<a href=\"http:\/\/www.ifbaiano.edu.br\/unidades\/lapa\/files\/2014\/09\/Atribuicao_Coord_ens.pdf\">ii. Atribui\u00e7\u00f5es;<\/a><\/p>\n<p><span style=\"text-decoration: underline\">3. Equipe T\u00e9cnica Pedag\u00f3gica<\/span><\/p>\n<p>3.1 <strong>Grace Itana Cruz Oliveira (Chefe do NUAPE)<\/strong><br \/>\ni. E-mail: grace.oliveira@ifbaiano.edu.br<\/p>\n<p>3.2 <strong>Valdin\u00e9ia Antunes Alves Ramos (T\u00e9cnica em Assuntos Educacionais)<\/strong><br \/>\ni. E-mail: valdineia.ramos@ifbaiano.edu.br<\/p>\n<p>3.3 <strong>Junio Batista Cust\u00f3dio (T\u00e9cnico em Assuntos Educacionais)<\/strong><br \/>\ni. E-mail: junio.batista@ifbaiano.edu.br<\/p>\n<p>3.4 <strong>Luciana Silva Amorim (Pedagoga)<\/strong><br \/>\ni. E-mail: luciana.amorim@ifbaiano.edu.br<\/p>\n<p><span style=\"text-decoration: underline\">4. Coordena\u00e7\u00e3o do Curso T\u00e9cnico Integrado em Inform\u00e1tica<\/span><\/p>\n<p>4.1 <strong>Danyele de Oliveira Santana (Coordenadora do Curso)<\/strong><br \/>\ni. E-mail: integrado.informatica@lapa.ifbaiano.edu.br<\/p>\n<p><span style=\"text-decoration: underline\">5. Coordena\u00e7\u00e3o do Curso T\u00e9cnico Integrado em Agricultura<\/span><\/p>\n<p>5.1 <strong>Josimari Regina Paschoaloto&nbsp;&nbsp;(Coordenador do Curso)<br \/>\n<\/strong>i. E-mail: integrado.agricultura@lapa.ifbaiano.edu.br<\/p>\n<p><span style=\"text-decoration: underline\">6. Coordena\u00e7\u00e3o do Curso T\u00e9cnico Integrado em Agroecologia<\/span><\/p>\n<p>6.1<strong> Marcelo Leite Pereira&nbsp;(Coordenador do Curso)<\/strong><br \/>\ni. E-mail: integrado.agroecologia@lapa.ifbaiano.edu.br<\/p>\n<p><span style=\"text-decoration: underline\">7. Coordena\u00e7\u00e3o do Curso T\u00e9cnico Subsequente em Agricultura<\/span><\/p>\n<p>7.1&nbsp;<strong>Elisa Eni Freitag (Coordenadora do Curso)<\/strong><br \/>\ni. E-mail: subsequente.agricultura@lapa.ifbaiano.edu.br<\/p>\n<p><span style=\"text-decoration: underline\">8. Coordena\u00e7\u00e3o do Curso T\u00e9cnico Subsequente em Inform\u00e1tica<\/span><\/p>\n<p>8.1 <strong>\u00c1kila Luz Fernandes<\/strong> <strong>(Coordenador do Curso)<\/strong><br \/>\ni. E-mail: subsequente.informatica@lapa.ifbaiano.edu.br<\/p>\n<p style=\"text-decoration: underline\">9. Coordena\u00e7\u00e3o do Curso superior de Engenharia Agron\u00f4mica<\/p>\n<p>9.1&nbsp;<strong>Iug Lopes (Coordenador do Curso)<\/strong><br \/>\ni. E-mail: <span id=\"OBJ_PREFIX_DWT2204_ZmEmailObjectHandler\" class=\"Object\"><span id=\"OBJ_PREFIX_DWT2205_ZmEmailObjectHandler\" class=\"Object\"><span id=\"OBJ_PREFIX_DWT664_ZmEmailObjectHandler\" class=\"Object\">agronomia@lapa.ifbaiano.edu.br<\/span> <\/span><\/span><\/p>\n<p><span style=\"text-decoration: underline\">10. Coordena\u00e7\u00e3o do Curso Superior de Tecnologia em Gest\u00e3o da Tecnologia da Informa\u00e7\u00e3o<\/span><\/p>\n<p>10.1 <strong>Witalles Martins da Silva<\/strong> <strong>(Coordenador do Curso)<\/strong><br \/>\ni. E-mail: coordenacao.gti@lapa.ifbaiano.edu.br<\/p>\n","protected":false},"excerpt":{"rendered":"<p>1. Diretoria Acad\u00eamica (DA) 1.1 Adevanucia Nere Santos&nbsp;(Diretora Acad\u00eamico) i. E-mail: da@lapa.ifbaiano.edu.br 2. Coordena\u00e7\u00e3o de Ensino (CE) 2.1 Fabiana Santos da Silva (Coordenadora de Ensino) i. E-mail: ce@lapa.ifbaiano.edu.br ii. Atribui\u00e7\u00f5es; 3. Equipe T\u00e9cnica Pedag\u00f3gica 3.1 Grace Itana Cruz Oliveira (Chefe do NUAPE) i. E-mail: grace.oliveira@ifbaiano.edu.br 3.2 Valdin\u00e9ia Antunes Alves Ramos (T\u00e9cnica em Assuntos Educacionais) i. [&hellip;]<\/p>\n","protected":false},"author":41,"featured_media":0,"parent":0,"menu_order":0,"comment_status":"open","ping_status":"open","template":"","meta":[],"_links":{"self":[{"href":"https:\/\/www.ifbaiano.edu.br\/unidades\/lapa\/wp-json\/wp\/v2\/pages\/1699"}],"collection":[{"href":"https:\/\/www.ifbaiano.edu.br\/unidades\/lapa\/wp-json\/wp\/v2\/pages"}],"about":[{"href":"https:\/\/www.ifbaiano.edu.br\/unidades\/lapa\/wp-json\/wp\/v2\/types\/page"}],"author":[{"embeddable":true,"href":"https:\/\/www.ifbaiano.edu.br\/unidades\/lapa\/wp-json\/wp\/v2\/users\/41"}],"replies":[{"embeddable":true,"href":"https:\/\/www.ifbaiano.edu.br\/unidades\/lapa\/wp-json\/wp\/v2\/comments?post=1699"}],"version-history":[{"count":75,"href":"https:\/\/www.ifbaiano.edu.br\/unidades\/lapa\/wp-json\/wp\/v2\/pages\/1699\/revisions"}],"predecessor-version":[{"id":25919,"href":"https:\/\/www.ifbaiano.edu.br\/unidades\/lapa\/wp-json\/wp\/v2\/pages\/1699\/revisions\/25919"}],"wp:attachment":[{"href":"https:\/\/www.ifbaiano.edu.br\/unidades\/lapa\/wp-json\/wp\/v2\/media?parent=1699"}],"curies":[{"name":"wp","href":"https:\/\/api.w.org\/{rel}","templated":true}]}}

<p><span style="text-decoration: underline">1. Diretoria Acadêmica (DA)</span></p>
<p>1.1 <strong>Adevanucia Nere Santos&nbsp;(Diretora Acadêmico)</strong><br />
i. E-mail:<span style="color: #000000"> da<span id="OBJ_PREFIX_DWT2664_com_zimbra_url" class="Object"><span id="OBJ_PREFIX_DWT2701_com_zimbra_url" class="Object">@lapa.ifbaiano.edu.br</span></span></span></p>
<p><span style="text-decoration: underline">2. Coordenação de Ensino (CE)</span></p>
<p>2.1 <strong>Fabiana Santos da Silva (Coordenadora de Ensino)</strong><br />
i. E-mail: ce@lapa.ifbaiano.edu.br<br />
<a href="http://www.ifbaiano.edu.br/unidades/lapa/files/2014/09/Atribuicao_Coord_ens.pdf">ii. Atribuições;</a></p>
<p><span style="text-decoration: underline">3. Equipe Técnica Pedagógica</span></p>
<p>3.1 <strong>Grace Itana Cruz Oliveira (Chefe do NUAPE)</strong><br />
i. E-mail: grace.oliveira@ifbaiano.edu.br</p>
<p>3.2 <strong>Valdinéia Antunes Alves Ramos (Técnica em Assuntos Educacionais)</strong><br />
i. E-mail: valdineia.ramos@ifbaiano.edu.br</p>
<p>3.3 <strong>Junio Batista Custódio (Técnico em Assuntos Educacionais)</strong><br />
i. E-mail: junio.batista@ifbaiano.edu.br</p>
<p>3.4 <strong>Luciana Silva Amorim (Pedagoga)</strong><br />
i. E-mail: luciana.amorim@ifbaiano.edu.br</p>
<p><span style="text-decoration: underline">4. Coordenação do Curso Técnico Integrado em Informática</span></p>
<p>4.1 <strong>Danyele de Oliveira Santana (Coordenadora do Curso)</strong><br />
i. E-mail: integrado.informatica@lapa.ifbaiano.edu.br</p>
<p><span style="text-decoration: underline">5. Coordenação do Curso Técnico Integrado em Agricultura</span></p>
<p>5.1 <strong>Josimari Regina Paschoaloto&nbsp;&nbsp;(Coordenador do Curso)<br />
</strong>i. E-mail: integrado.agricultura@lapa.ifbaiano.edu.br</p>
<p><span style="text-decoration: underline">6. Coordenação do Curso Técnico Integrado em Agroecologia</span></p>
<p>6.1<strong> Marcelo Leite Pereira&nbsp;(Coordenador do Curso)</strong><br />
i. E-mail: integrado.agroecologia@lapa.ifbaiano.edu.br</p>
<p><span style="text-decoration: underline">7. Coordenação do Curso Técnico Subsequente em Agricultura</span></p>
<p>7.1&nbsp;<strong>Elisa Eni Freitag (Coordenadora do Curso)</strong><br />
i. E-mail: subsequente.agricultura@lapa.ifbaiano.edu.br</p>
<p><span style="text-decoration: underline">8. Coordenação do Curso Técnico Subsequente em Informática</span></p>
<p>8.1 <strong>Ákila Luz Fernandes</strong> <strong>(Coordenador do Curso)</strong><br />
i. E-mail: subsequente.informatica@lapa.ifbaiano.edu.br</p>
<p style="text-decoration: underline">9. Coordenação do Curso superior de Engenharia Agronômica</p>
<p>9.1&nbsp;<strong>Iug Lopes (Coordenador do Curso)</strong><br />
i. E-mail: <span id="OBJ_PREFIX_DWT2204_ZmEmailObjectHandler" class="Object"><span id="OBJ_PREFIX_DWT2205_ZmEmailObjectHandler" class="Object"><span id="OBJ_PREFIX_DWT664_ZmEmailObjectHandler" class="Object">agronomia@lapa.ifbaiano.edu.br</span> </span></span></p>
<p><span style="text-decoration: underline">10. Coordenação do Curso Superior de Tecnologia em Gestão da Tecnologia da Informação</span></p>
<p>10.1 <strong>Witalles Martins da Silva</strong> <strong>(Coordenador do Curso)</strong><br />
i. E-mail: coordenacao.gti@lapa.ifbaiano.edu.br</p>

<p>1. Diretoria Acadêmica (DA) 1.1 Adevanucia Nere Santos&nbsp;(Diretora Acadêmico) i. E-mail: da@lapa.ifbaiano.edu.br 2. Coordenação de Ensino (CE) 2.1 Fabiana Santos da Silva (Coordenadora de Ensino) i. E-mail: ce@lapa.ifbaiano.edu.br ii. Atribuições; 3. Equipe Técnica Pedagógica 3.1 Grace Itana Cruz Oliveira (Chefe do NUAPE) i. E-mail: grace.oliveira@ifbaiano.edu.br 3.2 Valdinéia Antunes Alves Ramos (Técnica em Assuntos Educacionais) i. [&hellip;]</p>
