{"id":17130,"date":"2020-09-16T16:50:25","date_gmt":"2020-09-16T19:50:25","guid":{"rendered":"https:\/\/www.ifbaiano.edu.br\/unidades\/lapa\/?page_id=17130"},"modified":"2026-02-06T09:27:01","modified_gmt":"2026-02-06T12:27:01","slug":"equipe","status":"publish","type":"page","link":"https:\/\/www.ifbaiano.edu.br\/unidades\/lapa\/equipe\/","title":{"rendered":"Equipe"},"content":{"rendered":"\n<p class=\"has-black-color has-cyan-bluish-gray-background-color has-text-color has-background has-medium-font-size\">1. Diretoria Administrativa (DADM)<\/p>\n\n\n\n<p>1.1&nbsp;<strong>Gislane de Oliveira Costa Sim\u00f5es (Assist. em Administra\u00e7\u00e3o\/Diretora Administrativa)<\/strong><br>i. E-mail:&nbsp;gislane.costa@ifbaiano.edu.br<\/p>\n\n\n\n<p>1.2&nbsp; <strong>Nelma Nascimento Castro&nbsp;( Assist. em Administra\u00e7\u00e3o)<\/strong><br>i. E-mail: nelma.castro@ifbaiano.edu.br<\/p>\n\n\n\n<p class=\"has-cyan-bluish-gray-background-color has-background has-medium-font-size\">2. Coordena\u00e7\u00e3o Financeira e Cont\u00e1bil&nbsp;<\/p>\n\n\n\n<p>2.1&nbsp;<strong>Mileide de Souza Carvalho&nbsp;(Assist. em Administra\u00e7\u00e3o\/Coordenadora)<\/strong><br>i. E-mail:&nbsp;mileide.souza@ifbaiano.edu.br<\/p>\n\n\n\n<p>2.2&nbsp;<strong><strong><strong>Manfla Macedo Franca Farias<\/strong><\/strong> (Contadora)&nbsp;<\/strong><br>i. E-mail:&nbsp;manfla.farias@ifbaiano.edu.br<\/p>\n\n\n\n<p class=\"has-cyan-bluish-gray-background-color has-background has-medium-font-size\">3. N\u00facleo de Execu\u00e7\u00e3o Or\u00e7ament\u00e1ria e Financeira<\/p>\n\n\n\n<p>3.1&nbsp;<strong>Larissa Lopes Silva&nbsp;( Assist. em Administra\u00e7\u00e3o)<\/strong><br>i. E-mail:&nbsp;larissa.lopes@ifbaiano.edu.br<\/p>\n\n\n\n<p class=\"has-cyan-bluish-gray-background-color has-background has-medium-font-size\">4. Setor de Contratos<\/p>\n\n\n\n<p>4.1 <strong>Edna Souza Costa (Auxiliar Administrativo)<\/strong><br>i. E-mail: edna.costa@ifbaiano.edu.br<\/p>\n\n\n\n<p class=\"has-cyan-bluish-gray-background-color has-background has-medium-font-size\">5. N\u00facleo de Licita\u00e7\u00f5es<\/p>\n\n\n\n<p>5.1&nbsp;&nbsp;<strong>Edv\u00e2nio Campos Mac\u00eado (Auxiliar Administrativo\/Chefe de N\u00facleo)<\/strong><br>i.E-mail: edvanio.macedo@ifbaiano.edu.br<\/p>\n\n\n\n<p class=\"has-cyan-bluish-gray-background-color has-background has-medium-font-size\">6. Coordena\u00e7\u00e3o de Suprimentos e Log\u00edstica<\/p>\n\n\n\n<p>6.1&nbsp;<strong>Tame Daniele Ribeiro Andrade&nbsp;(Assist. em Administra\u00e7\u00e3o\/Coordenadora)&nbsp;<\/strong><br>i. E-mail:&nbsp;tame.andrade@ifbaiano.edu.br<\/p>\n\n\n\n<p class=\"has-cyan-bluish-gray-background-color has-background has-medium-font-size\">7. Almoxarifado e Patrim\u00f4nio<\/p>\n\n\n\n<p>7.1&nbsp;<strong><strong>&nbsp;Jo\u00e3o Bastos Rocha (&nbsp;Assist. em Administra\u00e7\u00e3o)<\/strong><\/strong><br>i. E-mail:&nbsp;&nbsp;joao.bastos@ifbaiano.edu.br<\/p>\n\n\n\n<p><\/p>\n","protected":false},"excerpt":{"rendered":"<p>1. Diretoria Administrativa (DADM) 1.1&nbsp;Gislane de Oliveira Costa Sim\u00f5es (Assist. em Administra\u00e7\u00e3o\/Diretora Administrativa)i. E-mail:&nbsp;gislane.costa@ifbaiano.edu.br 1.2&nbsp; Nelma Nascimento Castro&nbsp;( Assist. em Administra\u00e7\u00e3o)i. E-mail: nelma.castro@ifbaiano.edu.br 2. Coordena\u00e7\u00e3o Financeira e Cont\u00e1bil&nbsp; 2.1&nbsp;Mileide de Souza Carvalho&nbsp;(Assist. em Administra\u00e7\u00e3o\/Coordenadora)i. E-mail:&nbsp;mileide.souza@ifbaiano.edu.br 2.2&nbsp;Manfla Macedo Franca Farias (Contadora)&nbsp;i. E-mail:&nbsp;manfla.farias@ifbaiano.edu.br 3. N\u00facleo de Execu\u00e7\u00e3o Or\u00e7ament\u00e1ria e Financeira 3.1&nbsp;Larissa Lopes Silva&nbsp;( Assist. em Administra\u00e7\u00e3o)i. E-mail:&nbsp;larissa.lopes@ifbaiano.edu.br [&hellip;]<\/p>\n","protected":false},"author":58,"featured_media":0,"parent":0,"menu_order":0,"comment_status":"closed","ping_status":"closed","template":"","meta":[],"_links":{"self":[{"href":"https:\/\/www.ifbaiano.edu.br\/unidades\/lapa\/wp-json\/wp\/v2\/pages\/17130"}],"collection":[{"href":"https:\/\/www.ifbaiano.edu.br\/unidades\/lapa\/wp-json\/wp\/v2\/pages"}],"about":[{"href":"https:\/\/www.ifbaiano.edu.br\/unidades\/lapa\/wp-json\/wp\/v2\/types\/page"}],"author":[{"embeddable":true,"href":"https:\/\/www.ifbaiano.edu.br\/unidades\/lapa\/wp-json\/wp\/v2\/users\/58"}],"replies":[{"embeddable":true,"href":"https:\/\/www.ifbaiano.edu.br\/unidades\/lapa\/wp-json\/wp\/v2\/comments?post=17130"}],"version-history":[{"count":15,"href":"https:\/\/www.ifbaiano.edu.br\/unidades\/lapa\/wp-json\/wp\/v2\/pages\/17130\/revisions"}],"predecessor-version":[{"id":30295,"href":"https:\/\/www.ifbaiano.edu.br\/unidades\/lapa\/wp-json\/wp\/v2\/pages\/17130\/revisions\/30295"}],"wp:attachment":[{"href":"https:\/\/www.ifbaiano.edu.br\/unidades\/lapa\/wp-json\/wp\/v2\/media?parent=17130"}],"curies":[{"name":"wp","href":"https:\/\/api.w.org\/{rel}","templated":true}]}}

<p class="has-black-color has-cyan-bluish-gray-background-color has-text-color has-background has-medium-font-size">1. Diretoria Administrativa (DADM)</p>



<p>1.1&nbsp;<strong>Gislane de Oliveira Costa Simões (Assist. em Administração/Diretora Administrativa)</strong><br>i. E-mail:&nbsp;gislane.costa@ifbaiano.edu.br</p>



<p>1.2&nbsp; <strong>Nelma Nascimento Castro&nbsp;( Assist. em Administração)</strong><br>i. E-mail: nelma.castro@ifbaiano.edu.br</p>



<p class="has-cyan-bluish-gray-background-color has-background has-medium-font-size">2. Coordenação Financeira e Contábil&nbsp;</p>



<p>2.1&nbsp;<strong>Mileide de Souza Carvalho&nbsp;(Assist. em Administração/Coordenadora)</strong><br>i. E-mail:&nbsp;mileide.souza@ifbaiano.edu.br</p>



<p>2.2&nbsp;<strong><strong><strong>Manfla Macedo Franca Farias</strong></strong> (Contadora)&nbsp;</strong><br>i. E-mail:&nbsp;manfla.farias@ifbaiano.edu.br</p>



<p class="has-cyan-bluish-gray-background-color has-background has-medium-font-size">3. Núcleo de Execução Orçamentária e Financeira</p>



<p>3.1&nbsp;<strong>Larissa Lopes Silva&nbsp;( Assist. em Administração)</strong><br>i. E-mail:&nbsp;larissa.lopes@ifbaiano.edu.br</p>



<p class="has-cyan-bluish-gray-background-color has-background has-medium-font-size">4. Setor de Contratos</p>



<p>4.1 <strong>Edna Souza Costa (Auxiliar Administrativo)</strong><br>i. E-mail: edna.costa@ifbaiano.edu.br</p>



<p class="has-cyan-bluish-gray-background-color has-background has-medium-font-size">5. Núcleo de Licitações</p>



<p>5.1&nbsp;&nbsp;<strong>Edvânio Campos Macêdo (Auxiliar Administrativo/Chefe de Núcleo)</strong><br>i.E-mail: edvanio.macedo@ifbaiano.edu.br</p>



<p class="has-cyan-bluish-gray-background-color has-background has-medium-font-size">6. Coordenação de Suprimentos e Logística</p>



<p>6.1&nbsp;<strong>Tame Daniele Ribeiro Andrade&nbsp;(Assist. em Administração/Coordenadora)&nbsp;</strong><br>i. E-mail:&nbsp;tame.andrade@ifbaiano.edu.br</p>



<p class="has-cyan-bluish-gray-background-color has-background has-medium-font-size">7. Almoxarifado e Patrimônio</p>



<p>7.1&nbsp;<strong><strong>&nbsp;João Bastos Rocha (&nbsp;Assist. em Administração)</strong></strong><br>i. E-mail:&nbsp;&nbsp;joao.bastos@ifbaiano.edu.br</p>



<p></p>

<p>1. Diretoria Administrativa (DADM) 1.1&nbsp;Gislane de Oliveira Costa Simões (Assist. em Administração/Diretora Administrativa)i. E-mail:&nbsp;gislane.costa@ifbaiano.edu.br 1.2&nbsp; Nelma Nascimento Castro&nbsp;( Assist. em Administração)i. E-mail: nelma.castro@ifbaiano.edu.br 2. Coordenação Financeira e Contábil&nbsp; 2.1&nbsp;Mileide de Souza Carvalho&nbsp;(Assist. em Administração/Coordenadora)i. E-mail:&nbsp;mileide.souza@ifbaiano.edu.br 2.2&nbsp;Manfla Macedo Franca Farias (Contadora)&nbsp;i. E-mail:&nbsp;manfla.farias@ifbaiano.edu.br 3. Núcleo de Execução Orçamentária e Financeira 3.1&nbsp;Larissa Lopes Silva&nbsp;( Assist. em Administração)i. E-mail:&nbsp;larissa.lopes@ifbaiano.edu.br [&hellip;]</p>
