{"id":17269,"date":"2020-10-02T09:50:39","date_gmt":"2020-10-02T12:50:39","guid":{"rendered":"https:\/\/www.ifbaiano.edu.br\/unidades\/lapa\/?page_id=17269"},"modified":"2022-10-26T21:56:37","modified_gmt":"2022-10-27T00:56:37","slug":"eventos","status":"publish","type":"page","link":"https:\/\/www.ifbaiano.edu.br\/unidades\/lapa\/eventos\/","title":{"rendered":"Eventos"},"content":{"rendered":"\n<p class=\"has-text-align-center\"><strong>Eventos Programados<\/strong><\/p>\n\n\n\n<hr class=\"wp-block-separator\" \/>\n\n\n\n<p><\/p>\n\n\n\n<ul><li><a href=\"https:\/\/www.ifbaiano.edu.br\/unidades\/lapa\/2022\/10\/26\/campus-bom-jesus-da-lapa-comunica-a-realizacao-do-iii-simposio-de-ensino-pesquisa-e-extensao\/\" data-type=\"URL\" data-id=\"https:\/\/www.ifbaiano.edu.br\/unidades\/lapa\/2022\/10\/26\/campus-bom-jesus-da-lapa-comunica-a-realizacao-do-iii-simposio-de-ensino-pesquisa-e-extensao\/\">III Simp\u00f3sio de Ensino, Pesquisa e Extens\u00e3o &#8211; 29\/11 a 02\/12 de 2022<\/a><\/li><\/ul>\n\n\n\n<p><\/p>\n\n\n\n<hr class=\"wp-block-separator\" \/>\n\n\n\n<div style=\"height:20px\" aria-hidden=\"true\" class=\"wp-block-spacer\"><\/div>\n\n\n\n<p class=\"has-text-align-center\"><strong>Eventos passados<\/strong><\/p>\n\n\n\n<hr class=\"wp-block-separator\" \/>\n\n\n\n<p><strong>2022<\/strong><\/p>\n\n\n\n<ul><li><a href=\"https:\/\/www.ifbaiano.edu.br\/unidades\/lapa\/2022\/08\/29\/famif-2022\/\" data-type=\"URL\" data-id=\"https:\/\/www.ifbaiano.edu.br\/unidades\/lapa\/2022\/08\/29\/famif-2022\/\">Festival de Arte e M\u00fasica do IF Baiano &#8211; Fase no Campus &#8211; 20 e 21 de outubro de 2022<\/a><\/li><li><a href=\"https:\/\/www.ifbaiano.edu.br\/unidades\/lapa\/2022\/09\/09\/iv-simposio-sobre-educacao-inclusiva-do-territorio-velho-chico\/\" data-type=\"URL\" data-id=\"https:\/\/www.ifbaiano.edu.br\/unidades\/lapa\/2022\/09\/09\/iv-simposio-sobre-educacao-inclusiva-do-territorio-velho-chico\/\">IV Simp\u00f3sio Sobre Educa\u00e7\u00e3o Inclusiva do Territ\u00f3rio Velho Chico &#8211; 20 a\u00a022 de setembro de 2022<\/a><\/li><li><a href=\"https:\/\/www.ifbaiano.edu.br\/unidades\/lapa\/2022\/08\/22\/simposio-de-gado-de-leite-a-pasto-na-regiao-do-medio-sao-francisco\/\" data-type=\"URL\" data-id=\"https:\/\/www.ifbaiano.edu.br\/unidades\/lapa\/2022\/08\/22\/simposio-de-gado-de-leite-a-pasto-na-regiao-do-medio-sao-francisco\/\">Simp\u00f3sio de Gado de Leite a Pasto na Regi\u00e3o do M\u00e9dio S\u00e3o Francisco &#8211; 26 de agosto de 2022<\/a><\/li><li><a href=\"https:\/\/www.ifbaiano.edu.br\/unidades\/lapa\/2022\/05\/30\/seminario-politicas-de-desenvolvimento-rural-no-velho-chico-avancos-e-desafios\/\">Semin\u00e1rio \u201cPol\u00edticas de Desenvolvimento Rural no Velho Chico: avan\u00e7os e desafios\u201d &#8211; 10 de junho\u00a0de 2022<\/a><\/li><\/ul>\n\n\n\n<hr class=\"wp-block-separator\" \/>\n\n\n\n<p><strong>2021<\/strong><\/p>\n\n\n\n<ul><li><a href=\"https:\/\/www.ifbaiano.edu.br\/unidades\/lapa\/2021\/11\/23\/ii-simposio-de-ensino-pesquisa-e-extensao\/\">II Simp\u00f3sio de Ensino, Pesquisa e Extens\u00e3o &#8211; dezembro de 2021<\/a><\/li><li><a href=\"https:\/\/www.ifbaiano.edu.br\/unidades\/lapa\/2021\/11\/23\/congresso-do-if-baiano-23-a-26-de-novembro-de-2021\/\" data-type=\"URL\" data-id=\"https:\/\/www.ifbaiano.edu.br\/unidades\/lapa\/2021\/11\/23\/congresso-do-if-baiano-23-a-26-de-novembro-de-2021\/\">Congresso do IF Baiano \u2013 23 a 26 de novembro de 2021<\/a><\/li><li><a href=\"https:\/\/www.ifbaiano.edu.br\/unidades\/lapa\/2021\/09\/08\/iii-simposio-sobre-educacao-inclusiva-no-territorio-do-velho-chico-2\/\">III Simp\u00f3sio sobre Educa\u00e7\u00e3o Inclusiva no Territ\u00f3rio do Velho Chico &#8211; 21 e\u00a022 de setembro de 2021<\/a><\/li><li><a href=\"https:\/\/www.ifbaiano.edu.br\/unidades\/lapa\/2021\/09\/08\/programacao-do-simposio-interdisciplinar-de-meio-ambiente-do-territorio-velho-chico\/\">Simp\u00f3sio Interdisciplinar de Meio Ambiente do Territ\u00f3rio Velho Chico &#8211; 8 a 10 de setembro de 2021<\/a><\/li><li><a href=\"https:\/\/www.ifbaiano.edu.br\/unidades\/lapa\/2021\/04\/12\/famif-baiano-digital-2021\/\">Festival de Arte e M\u00fasica do IF Baiano \u2013 Edi\u00e7\u00e3o Digital \u2013 maio e junho de 2021<\/a><\/li><li><a href=\"https:\/\/www.ifbaiano.edu.br\/unidades\/lapa\/2021\/03\/19\/live-semear-agroecologico-adiada\/\">Live Semear Agroecol\u00f3gico &#8211; 26 de mar\u00e7o de 2021<\/a><\/li><\/ul>\n\n\n\n<hr class=\"wp-block-separator\" \/>\n\n\n\n<p><strong>2020<\/strong><\/p>\n\n\n\n<ul><li><a href=\"https:\/\/www.ifbaiano.edu.br\/unidades\/lapa\/2020\/12\/08\/live-no-instagram-a-bofetada\/\">Live no Instagram &#8211; \u201cA Bofetada\u201d &#8211; 10 de dezembro de 2020<\/a><\/li><li><a href=\"https:\/\/www.ifbaiano.edu.br\/unidades\/lapa\/2020\/10\/23\/submissoes-de-trabalhos-ao-simposio-de-ensino-pesquisa-e-extensao-2020\/\">I Simp\u00f3sio de Ensino Pesquisa e Extens\u00e3o &#8211; 7 a 11 de dezembro de 2020<\/a><\/li><li><a href=\"https:\/\/www.ifbaiano.edu.br\/unidades\/lapa\/2020\/11\/24\/agro-online-promove-palestra-sobre-agricultura-de-precisao\/\">Palestra com o tema Agricultura de Precis\u00e3o no Oeste da Bahia &#8211; 25 de novembro de 2020<\/a><\/li><li><a href=\"https:\/\/www.ifbaiano.edu.br\/unidades\/lapa\/2020\/10\/27\/projeto-agro-online-promove-palestra-sobre-formiga-cortadeira\/\" data-type=\"URL\" data-id=\"https:\/\/www.ifbaiano.edu.br\/unidades\/lapa\/2020\/10\/27\/projeto-agro-online-promove-palestra-sobre-formiga-cortadeira\/\">Palestra: Formiga cortadeira: importante praga nas \u00e1reas agr\u00edcola, pecu\u00e1ria e florestal &#8211; 06 de novembro de 2020<\/a><\/li><li><a href=\"https:\/\/www.ifbaiano.edu.br\/unidades\/lapa\/2020\/10\/20\/projeto-agro-online-promove-palestra-de-zootecnia\/\" data-type=\"URL\" data-id=\"https:\/\/www.ifbaiano.edu.br\/unidades\/lapa\/2020\/10\/20\/projeto-agro-online-promove-palestra-de-zootecnia\/\">Palestra: Desafios na Produ\u00e7\u00e3o de Forragem para Caprinos e Ovinos no Semi\u00e1rido Brasileiro &#8211; 22 de outubro de 2020<\/a><\/li><li><a href=\"https:\/\/www.ifbaiano.edu.br\/unidades\/lapa\/2020\/06\/23\/live-com-o-professor-e-escritor-ubiratan-dambrosio\/\">Live com o professor e escritor Ubiratan D\u2019Ambr\u00f3sio &#8211; 1 de julho de 2020<\/a><\/li><li><a href=\"https:\/\/www.ifbaiano.edu.br\/unidades\/lapa\/2020\/06\/09\/lancamento-da-revista-velho-chico\/\">Lan\u00e7amento da Revista Velho Chico &#8211; 10 de junho de 2020<\/a><\/li><li><a href=\"https:\/\/www.ifbaiano.edu.br\/unidades\/lapa\/2020\/06\/01\/live-sobre-seguranca-do-trabalho-rural-2\/\">Live Sobre Seguran\u00e7a do Trabalho Rural &#8211; 2 de junho de 2020<\/a><\/li><li><a href=\"https:\/\/www.ifbaiano.edu.br\/unidades\/lapa\/2020\/05\/27\/live-sobre-educacao-financeira\/\">Live Sobre Educa\u00e7\u00e3o Financeira &#8211; 28 de maio de 2020<\/a><\/li><li><a href=\"https:\/\/www.ifbaiano.edu.br\/unidades\/lapa\/2020\/05\/19\/live-sobre-direitos-humanos-violencia-domestica-e-isolamento-social\/\">Live sobre Direitos Humanos, Viol\u00eancia Domestica e Isolamento Social &#8211; 19 de maio de 2020<\/a><\/li><\/ul>\n\n\n\n<hr class=\"wp-block-separator\" \/>\n\n\n\n<p><strong>2019<\/strong><\/p>\n\n\n\n<ul><li><a href=\"https:\/\/www.ifbaiano.edu.br\/unidades\/lapa\/2019\/11\/02\/sarau-a-moda-if\/\" data-type=\"URL\" data-id=\"https:\/\/www.ifbaiano.edu.br\/unidades\/lapa\/2019\/11\/02\/sarau-a-moda-if\/\">Sarau \u00e0 Moda IF &#8211; 04 a 06 de novembro de 2019<\/a><\/li><li><a href=\"https:\/\/www.ifbaiano.edu.br\/unidades\/lapa\/2019\/10\/24\/sertao-em-cores-apresenta-o-mulato\/\">Sert\u00e3o em Cores Apresenta: O Mulato &#8211; 6 de novembro de 2019<\/a><\/li><li>Dia da Ci\u00eancia e Tecnologia &#8211; 22 de outubro de 2019<\/li><li>&#8230;<\/li><\/ul>\n\n\n\n<hr class=\"wp-block-separator\" \/>\n\n\n\n<p class=\"has-text-align-center\"><strong>P\u00e1gina em constru\u00e7\u00e3o<\/strong><\/p>\n","protected":false},"excerpt":{"rendered":"<p>Eventos Programados III Simp\u00f3sio de Ensino, Pesquisa e Extens\u00e3o &#8211; 29\/11 a 02\/12 de 2022 Eventos passados 2022 Festival de Arte e M\u00fasica do IF Baiano &#8211; Fase no Campus &#8211; 20 e 21 de outubro de 2022 IV Simp\u00f3sio Sobre Educa\u00e7\u00e3o Inclusiva do Territ\u00f3rio Velho Chico &#8211; 20 a\u00a022 de setembro de 2022 Simp\u00f3sio [&hellip;]<\/p>\n","protected":false},"author":58,"featured_media":0,"parent":0,"menu_order":0,"comment_status":"closed","ping_status":"closed","template":"","meta":[],"_links":{"self":[{"href":"https:\/\/www.ifbaiano.edu.br\/unidades\/lapa\/wp-json\/wp\/v2\/pages\/17269"}],"collection":[{"href":"https:\/\/www.ifbaiano.edu.br\/unidades\/lapa\/wp-json\/wp\/v2\/pages"}],"about":[{"href":"https:\/\/www.ifbaiano.edu.br\/unidades\/lapa\/wp-json\/wp\/v2\/types\/page"}],"author":[{"embeddable":true,"href":"https:\/\/www.ifbaiano.edu.br\/unidades\/lapa\/wp-json\/wp\/v2\/users\/58"}],"replies":[{"embeddable":true,"href":"https:\/\/www.ifbaiano.edu.br\/unidades\/lapa\/wp-json\/wp\/v2\/comments?post=17269"}],"version-history":[{"count":15,"href":"https:\/\/www.ifbaiano.edu.br\/unidades\/lapa\/wp-json\/wp\/v2\/pages\/17269\/revisions"}],"predecessor-version":[{"id":23765,"href":"https:\/\/www.ifbaiano.edu.br\/unidades\/lapa\/wp-json\/wp\/v2\/pages\/17269\/revisions\/23765"}],"wp:attachment":[{"href":"https:\/\/www.ifbaiano.edu.br\/unidades\/lapa\/wp-json\/wp\/v2\/media?parent=17269"}],"curies":[{"name":"wp","href":"https:\/\/api.w.org\/{rel}","templated":true}]}}

<p class="has-text-align-center"><strong>Eventos Programados</strong></p>



<hr class="wp-block-separator" />



<p></p>



<ul><li><a href="https://www.ifbaiano.edu.br/unidades/lapa/2022/10/26/campus-bom-jesus-da-lapa-comunica-a-realizacao-do-iii-simposio-de-ensino-pesquisa-e-extensao/" data-type="URL" data-id="https://www.ifbaiano.edu.br/unidades/lapa/2022/10/26/campus-bom-jesus-da-lapa-comunica-a-realizacao-do-iii-simposio-de-ensino-pesquisa-e-extensao/">III Simpósio de Ensino, Pesquisa e Extensão &#8211; 29/11 a 02/12 de 2022</a></li></ul>



<p></p>



<hr class="wp-block-separator" />



<div style="height:20px" aria-hidden="true" class="wp-block-spacer"></div>



<p class="has-text-align-center"><strong>Eventos passados</strong></p>



<hr class="wp-block-separator" />



<p><strong>2022</strong></p>



<ul><li><a href="https://www.ifbaiano.edu.br/unidades/lapa/2022/08/29/famif-2022/" data-type="URL" data-id="https://www.ifbaiano.edu.br/unidades/lapa/2022/08/29/famif-2022/">Festival de Arte e Música do IF Baiano &#8211; Fase no Campus &#8211; 20 e 21 de outubro de 2022</a></li><li><a href="https://www.ifbaiano.edu.br/unidades/lapa/2022/09/09/iv-simposio-sobre-educacao-inclusiva-do-territorio-velho-chico/" data-type="URL" data-id="https://www.ifbaiano.edu.br/unidades/lapa/2022/09/09/iv-simposio-sobre-educacao-inclusiva-do-territorio-velho-chico/">IV Simpósio Sobre Educação Inclusiva do Território Velho Chico &#8211; 20 a 22 de setembro de 2022</a></li><li><a href="https://www.ifbaiano.edu.br/unidades/lapa/2022/08/22/simposio-de-gado-de-leite-a-pasto-na-regiao-do-medio-sao-francisco/" data-type="URL" data-id="https://www.ifbaiano.edu.br/unidades/lapa/2022/08/22/simposio-de-gado-de-leite-a-pasto-na-regiao-do-medio-sao-francisco/">Simpósio de Gado de Leite a Pasto na Região do Médio São Francisco &#8211; 26 de agosto de 2022</a></li><li><a href="https://www.ifbaiano.edu.br/unidades/lapa/2022/05/30/seminario-politicas-de-desenvolvimento-rural-no-velho-chico-avancos-e-desafios/">Seminário “Políticas de Desenvolvimento Rural no Velho Chico: avanços e desafios” &#8211; 10 de junho de 2022</a></li></ul>



<hr class="wp-block-separator" />



<p><strong>2021</strong></p>



<ul><li><a href="https://www.ifbaiano.edu.br/unidades/lapa/2021/11/23/ii-simposio-de-ensino-pesquisa-e-extensao/">II Simpósio de Ensino, Pesquisa e Extensão &#8211; dezembro de 2021</a></li><li><a href="https://www.ifbaiano.edu.br/unidades/lapa/2021/11/23/congresso-do-if-baiano-23-a-26-de-novembro-de-2021/" data-type="URL" data-id="https://www.ifbaiano.edu.br/unidades/lapa/2021/11/23/congresso-do-if-baiano-23-a-26-de-novembro-de-2021/">Congresso do IF Baiano – 23 a 26 de novembro de 2021</a></li><li><a href="https://www.ifbaiano.edu.br/unidades/lapa/2021/09/08/iii-simposio-sobre-educacao-inclusiva-no-territorio-do-velho-chico-2/">III Simpósio sobre Educação Inclusiva no Território do Velho Chico &#8211; 21 e 22 de setembro de 2021</a></li><li><a href="https://www.ifbaiano.edu.br/unidades/lapa/2021/09/08/programacao-do-simposio-interdisciplinar-de-meio-ambiente-do-territorio-velho-chico/">Simpósio Interdisciplinar de Meio Ambiente do Território Velho Chico &#8211; 8 a 10 de setembro de 2021</a></li><li><a href="https://www.ifbaiano.edu.br/unidades/lapa/2021/04/12/famif-baiano-digital-2021/">Festival de Arte e Música do IF Baiano – Edição Digital – maio e junho de 2021</a></li><li><a href="https://www.ifbaiano.edu.br/unidades/lapa/2021/03/19/live-semear-agroecologico-adiada/">Live Semear Agroecológico &#8211; 26 de março de 2021</a></li></ul>



<hr class="wp-block-separator" />



<p><strong>2020</strong></p>



<ul><li><a href="https://www.ifbaiano.edu.br/unidades/lapa/2020/12/08/live-no-instagram-a-bofetada/">Live no Instagram &#8211; “A Bofetada” &#8211; 10 de dezembro de 2020</a></li><li><a href="https://www.ifbaiano.edu.br/unidades/lapa/2020/10/23/submissoes-de-trabalhos-ao-simposio-de-ensino-pesquisa-e-extensao-2020/">I Simpósio de Ensino Pesquisa e Extensão &#8211; 7 a 11 de dezembro de 2020</a></li><li><a href="https://www.ifbaiano.edu.br/unidades/lapa/2020/11/24/agro-online-promove-palestra-sobre-agricultura-de-precisao/">Palestra com o tema Agricultura de Precisão no Oeste da Bahia &#8211; 25 de novembro de 2020</a></li><li><a href="https://www.ifbaiano.edu.br/unidades/lapa/2020/10/27/projeto-agro-online-promove-palestra-sobre-formiga-cortadeira/" data-type="URL" data-id="https://www.ifbaiano.edu.br/unidades/lapa/2020/10/27/projeto-agro-online-promove-palestra-sobre-formiga-cortadeira/">Palestra: Formiga cortadeira: importante praga nas áreas agrícola, pecuária e florestal &#8211; 06 de novembro de 2020</a></li><li><a href="https://www.ifbaiano.edu.br/unidades/lapa/2020/10/20/projeto-agro-online-promove-palestra-de-zootecnia/" data-type="URL" data-id="https://www.ifbaiano.edu.br/unidades/lapa/2020/10/20/projeto-agro-online-promove-palestra-de-zootecnia/">Palestra: Desafios na Produção de Forragem para Caprinos e Ovinos no Semiárido Brasileiro &#8211; 22 de outubro de 2020</a></li><li><a href="https://www.ifbaiano.edu.br/unidades/lapa/2020/06/23/live-com-o-professor-e-escritor-ubiratan-dambrosio/">Live com o professor e escritor Ubiratan D’Ambrósio &#8211; 1 de julho de 2020</a></li><li><a href="https://www.ifbaiano.edu.br/unidades/lapa/2020/06/09/lancamento-da-revista-velho-chico/">Lançamento da Revista Velho Chico &#8211; 10 de junho de 2020</a></li><li><a href="https://www.ifbaiano.edu.br/unidades/lapa/2020/06/01/live-sobre-seguranca-do-trabalho-rural-2/">Live Sobre Segurança do Trabalho Rural &#8211; 2 de junho de 2020</a></li><li><a href="https://www.ifbaiano.edu.br/unidades/lapa/2020/05/27/live-sobre-educacao-financeira/">Live Sobre Educação Financeira &#8211; 28 de maio de 2020</a></li><li><a href="https://www.ifbaiano.edu.br/unidades/lapa/2020/05/19/live-sobre-direitos-humanos-violencia-domestica-e-isolamento-social/">Live sobre Direitos Humanos, Violência Domestica e Isolamento Social &#8211; 19 de maio de 2020</a></li></ul>



<hr class="wp-block-separator" />



<p><strong>2019</strong></p>



<ul><li><a href="https://www.ifbaiano.edu.br/unidades/lapa/2019/11/02/sarau-a-moda-if/" data-type="URL" data-id="https://www.ifbaiano.edu.br/unidades/lapa/2019/11/02/sarau-a-moda-if/">Sarau à Moda IF &#8211; 04 a 06 de novembro de 2019</a></li><li><a href="https://www.ifbaiano.edu.br/unidades/lapa/2019/10/24/sertao-em-cores-apresenta-o-mulato/">Sertão em Cores Apresenta: O Mulato &#8211; 6 de novembro de 2019</a></li><li>Dia da Ciência e Tecnologia &#8211; 22 de outubro de 2019</li><li>&#8230;</li></ul>



<hr class="wp-block-separator" />



<p class="has-text-align-center"><strong>Página em construção</strong></p>

<p>Eventos Programados III Simpósio de Ensino, Pesquisa e Extensão &#8211; 29/11 a 02/12 de 2022 Eventos passados 2022 Festival de Arte e Música do IF Baiano &#8211; Fase no Campus &#8211; 20 e 21 de outubro de 2022 IV Simpósio Sobre Educação Inclusiva do Território Velho Chico &#8211; 20 a 22 de setembro de 2022 Simpósio [&hellip;]</p>
