{"id":17875,"date":"2020-10-29T16:20:48","date_gmt":"2020-10-29T19:20:48","guid":{"rendered":"https:\/\/www.ifbaiano.edu.br\/unidades\/lapa\/?page_id=17875"},"modified":"2023-12-28T17:50:53","modified_gmt":"2023-12-28T20:50:53","slug":"agenda-do-diretor","status":"publish","type":"page","link":"https:\/\/www.ifbaiano.edu.br\/unidades\/lapa\/agenda-do-diretor\/","title":{"rendered":"Agenda do Diretor"},"content":{"rendered":"\n<ul>\n<li><strong>2024<\/strong><\/li>\n\n\n\n<li><a href=\"https:\/\/www.ifbaiano.edu.br\/unidades\/lapa\/agenda-dg-2024\/\">2024 Agenda do Diretor-Geral<\/a><\/li>\n\n\n\n<li><a href=\"https:\/\/www.ifbaiano.edu.br\/unidades\/lapa\/agenda-dg-substituto-2024\/\">2024 Agenda do Diretor-Geral Substituto<\/a><\/li>\n\n\n\n<li><strong>2023<\/strong><\/li>\n\n\n\n<li><a href=\"https:\/\/www.ifbaiano.edu.br\/unidades\/lapa\/agenda-dg-2023\/\">2023 &#8211; Agenda do Diretor-Geral<\/a><\/li>\n\n\n\n<li><a href=\"https:\/\/www.ifbaiano.edu.br\/unidades\/lapa\/agenda-dgsubstituto-2023\/\">2023 &#8211; Agenda do Diretor-Geral Substituto<\/a><\/li>\n\n\n\n<li><strong>2022<\/strong><\/li>\n\n\n\n<li><a href=\"https:\/\/www.ifbaiano.edu.br\/unidades\/lapa\/agenda-do-diretor-2022\/\">2022 &#8211; Agenda do Diretor-Geral<\/a><\/li>\n\n\n\n<li><a href=\"https:\/\/www.ifbaiano.edu.br\/unidades\/lapa\/agenda-do-diretor-substituto-2022\/\">2022 &#8211; Agenda do Diretor-Geral Substituto<\/a><\/li>\n\n\n\n<li><strong>2021<\/strong><\/li>\n\n\n\n<li><a href=\"https:\/\/www.ifbaiano.edu.br\/unidades\/lapa\/6a6l\">2021 &#8211; Agenda do Diretor-Geral<\/a><\/li>\n\n\n\n<li><a href=\"https:\/\/www.ifbaiano.edu.br\/unidades\/lapa\/caol\">2021 &#8211; Agenda do Diretor-Geral Substituto<\/a><\/li>\n<\/ul>\n\n\n\n<p>Informa\u00e7\u00f5es gerais em: <a rel=\"noreferrer noopener\" href=\"https:\/\/ifbaiano.edu.br\/portal\/wp-content\/uploads\/2020\/10\/orientacoes-agenda-de-compromissos-publicos-if-baiano.pdf\" target=\"_blank\">Orienta\u00e7\u00f5es sobre a Agenda de Compromissos P\u00fablicos<\/a>.<\/p>\n","protected":false},"excerpt":{"rendered":"<p>Informa\u00e7\u00f5es gerais em: Orienta\u00e7\u00f5es sobre a Agenda de Compromissos P\u00fablicos.<\/p>\n","protected":false},"author":74,"featured_media":0,"parent":0,"menu_order":0,"comment_status":"closed","ping_status":"closed","template":"","meta":[],"_links":{"self":[{"href":"https:\/\/www.ifbaiano.edu.br\/unidades\/lapa\/wp-json\/wp\/v2\/pages\/17875"}],"collection":[{"href":"https:\/\/www.ifbaiano.edu.br\/unidades\/lapa\/wp-json\/wp\/v2\/pages"}],"about":[{"href":"https:\/\/www.ifbaiano.edu.br\/unidades\/lapa\/wp-json\/wp\/v2\/types\/page"}],"author":[{"embeddable":true,"href":"https:\/\/www.ifbaiano.edu.br\/unidades\/lapa\/wp-json\/wp\/v2\/users\/74"}],"replies":[{"embeddable":true,"href":"https:\/\/www.ifbaiano.edu.br\/unidades\/lapa\/wp-json\/wp\/v2\/comments?post=17875"}],"version-history":[{"count":17,"href":"https:\/\/www.ifbaiano.edu.br\/unidades\/lapa\/wp-json\/wp\/v2\/pages\/17875\/revisions"}],"predecessor-version":[{"id":26861,"href":"https:\/\/www.ifbaiano.edu.br\/unidades\/lapa\/wp-json\/wp\/v2\/pages\/17875\/revisions\/26861"}],"wp:attachment":[{"href":"https:\/\/www.ifbaiano.edu.br\/unidades\/lapa\/wp-json\/wp\/v2\/media?parent=17875"}],"curies":[{"name":"wp","href":"https:\/\/api.w.org\/{rel}","templated":true}]}}

<ul>
<li><strong>2024</strong></li>



<li><a href="https://www.ifbaiano.edu.br/unidades/lapa/agenda-dg-2024/">2024 Agenda do Diretor-Geral</a></li>



<li><a href="https://www.ifbaiano.edu.br/unidades/lapa/agenda-dg-substituto-2024/">2024 Agenda do Diretor-Geral Substituto</a></li>



<li><strong>2023</strong></li>



<li><a href="https://www.ifbaiano.edu.br/unidades/lapa/agenda-dg-2023/">2023 &#8211; Agenda do Diretor-Geral</a></li>



<li><a href="https://www.ifbaiano.edu.br/unidades/lapa/agenda-dgsubstituto-2023/">2023 &#8211; Agenda do Diretor-Geral Substituto</a></li>



<li><strong>2022</strong></li>



<li><a href="https://www.ifbaiano.edu.br/unidades/lapa/agenda-do-diretor-2022/">2022 &#8211; Agenda do Diretor-Geral</a></li>



<li><a href="https://www.ifbaiano.edu.br/unidades/lapa/agenda-do-diretor-substituto-2022/">2022 &#8211; Agenda do Diretor-Geral Substituto</a></li>



<li><strong>2021</strong></li>



<li><a href="https://www.ifbaiano.edu.br/unidades/lapa/6a6l">2021 &#8211; Agenda do Diretor-Geral</a></li>



<li><a href="https://www.ifbaiano.edu.br/unidades/lapa/caol">2021 &#8211; Agenda do Diretor-Geral Substituto</a></li>
</ul>



<p>Informações gerais em: <a rel="noreferrer noopener" href="https://ifbaiano.edu.br/portal/wp-content/uploads/2020/10/orientacoes-agenda-de-compromissos-publicos-if-baiano.pdf" target="_blank">Orientações sobre a Agenda de Compromissos Públicos</a>.</p>

<p>Informações gerais em: Orientações sobre a Agenda de Compromissos Públicos.</p>
