{"id":1906,"date":"2014-02-20T16:09:37","date_gmt":"2014-02-20T18:09:37","guid":{"rendered":"http:\/\/www.ifbaiano.edu.br\/unidades\/lapa\/?page_id=1906"},"modified":"2023-07-25T07:18:55","modified_gmt":"2023-07-25T10:18:55","slug":"tecnico-em-agricultura-subsequente","status":"publish","type":"page","link":"https:\/\/www.ifbaiano.edu.br\/unidades\/lapa\/tecnico-em-agricultura-subsequente\/","title":{"rendered":"T\u00e9cnico em Agricultura Subsequente"},"content":{"rendered":"\n<p><strong>Sobre o Curso T\u00e9cnico em Agricultura Subsequente<\/strong><\/p>\n\n<p>O Curso T\u00e9cnico em Agricultura Subsequente passou a ser oferecido no Campus no semestre 2014.1.<\/p>\n\n<hr>\n\n<p style=\"text-align: justify\"><strong>Informa\u00e7\u00f5es gerais sobre o curso<\/strong>:&nbsp;O Curso T\u00e9cnico em Agricultura, modalidade subsequente, busca atender as demandas das popula\u00e7\u00f5es rurais \u2013 produtores rurais, povos quilombolas, agricultores familiares, comunidades ribeirinhas, egressos do ensino m\u00e9dio de modo geral que tenham interesse em ampliar e qualificar o conhecimento te\u00f3rico-pr\u00e1tico vinculado ao setor de produ\u00e7\u00e3o agr\u00edcola.<\/p>\n\n<hr>\n\n<p><strong>Coordena\u00e7\u00e3o<\/strong>: Elisa Freitag<\/p>\n<p><strong>E-mail:<\/strong> subsequente.agricultura@lapa.ifbaiano.edu.br;<\/p>\n\n\n\n\n\n<p><strong>Acesse aqui: <\/strong><a href=\"https:\/\/www.ifbaiano.edu.br\/unidades\/lapa\/files\/2023\/04\/Minuta_Calendario-para-2023-Subsequente-2022.2.pdf\" target=\"_blank\" rel=\"noopener noreferrer\">MINUTA &#8211; Calend\u00e1rio 2023 &#8211; Agricultura Subsequente &#8211; 2022.2 (documento pdf, abre em nova aba)<\/a><\/p>\n\n<p><strong>Acesse aqui: <\/strong><a href=\"https:\/\/www.ifbaiano.edu.br\/unidades\/lapa\/files\/2023\/04\/HORARIO-AGRICULTURA-SUBSEQUENTE-2023.1-1.pdf\" target=\"_blank\" rel=\"noopener noreferrer\">Hor\u00e1rio do Subsequente de Agricultura &#8211; 2023.1 (documento pdf, abre em nova aba)<\/a><\/p>\n\n<p><strong>Acesse aqui: <\/strong><a href=\"https:\/\/www.ifbaiano.edu.br\/unidades\/lapa\/files\/2022\/04\/Calendario-Agricultura-Subsequente-2021.2-e-2022.1.pdf\" target=\"_blank\" rel=\"noopener noreferrer\">Calend\u00e1rio &#8211; Agricultura Subsequente &#8211; 2021.1 e 2022.1 (documento pdf, abre em nova aba)<\/a><\/p>\n\n<p><strong>Acesse aqui: <\/strong><a href=\"https:\/\/www.ifbaiano.edu.br\/unidades\/lapa\/files\/2022\/03\/CALENDARIO-DE-FINAIS-SUBSEQUENTE-AGRICULTURA-2021_1.pdf\" target=\"_blank\" rel=\"noopener noreferrer\">Calend\u00e1rio de Finais &#8211; Agricultura Subsequente &#8211; 2021.1 (documento pdf, abre em nova aba)<\/a><\/p>\n\n<p><strong>Acesse aqui: <\/strong><a href=\"https:\/\/www.ifbaiano.edu.br\/unidades\/lapa\/files\/2021\/08\/CALENDARIO-DE-RECUPERACOES-FINAIS-SUBSEQUENTE-AGRICULTURA-2020_2.pdf\" target=\"_blank\" rel=\"noopener noreferrer\">Calend\u00e1rio de Recupera\u00e7\u00f5es Finais &#8211; Agricultura Subsequente &#8211; 2020.2 (documento pdf, abre em nova aba)<\/a><\/p>\n\n<p><strong>Acesse aqui: <\/strong><a href=\"https:\/\/www.ifbaiano.edu.br\/unidades\/lapa\/files\/2021\/01\/PPC-Alteracao-Curricular-Curso-Tecnico-Subsequente-Agricultura.pdf\" target=\"_blank\" rel=\"noopener noreferrer\">Projeto Pedag\u00f3gico do Curso Alterado-2020 (documento pdf, abre em nova aba)<\/a><\/p>\n\n<p><strong>Acesse aqui: <\/strong><a href=\"http:\/\/www.ifbaiano.edu.br\/unidades\/lapa\/files\/2014\/02\/PPC_AGRICULTURA_SUBSEQUENTE.pdf\" target=\"_blank\" rel=\"noopener noreferrer\">Projeto Pedag\u00f3gico do Curso<\/a><\/p>\n\n<p><strong>Acesse aqui: <\/strong><a href=\"http:\/\/www.ifbaiano.edu.br\/unidades\/lapa\/files\/2014\/02\/resolucao-agricultura.pdf\">Resolu\u00e7\u00e3o que aprovou o Curso<\/a><\/p>\n\n<p><strong>Acesse aqui: <\/strong><a href=\"https:\/\/www.ifbaiano.edu.br\/unidades\/lapa\/files\/2021\/01\/NAP-Subsequente-Agricultura.pdf\" target=\"_blank\" rel=\"noopener noreferrer\">Portaria do N\u00facleo de Assessoria Pedag\u00f3gica do Curso (documento pdf, abre em nova aba)<\/a><\/p>\n<p><strong>Acesse aqui: <\/strong><a href=\"https:\/\/www.ifbaiano.edu.br\/unidades\/lapa\/files\/2021\/01\/Portaria-Conselho-Curso-Agricultura-Subsequente.pdf\" target=\"_blank\" rel=\"noopener noreferrer\">Portaria do Conselho do Curso (documento pdf, abre em nova aba)<\/a><\/p>\n\n<p><strong>Acesse aqui: <\/strong><a href=\"https:\/\/www.ifbaiano.edu.br\/unidades\/lapa\/files\/2023\/07\/CALENDARIO-DE-RECUPERACOES-FINAIS-SUBSEQUENTE-AGRICULTURA-2023.1.pdf\" target=\"_blank\" rel=\"noopener noreferrer\">Calend\u00e1rio Recupera\u00e7\u00f5es Finais (documento pdf, abre em nova aba)<\/a><\/p>\n<p><strong>Acesse aqui: <\/strong><a href=\"https:\/\/www.ifbaiano.edu.br\/unidades\/lapa\/files\/2021\/03\/CALENDARIO-DE-EXAMES-SUBSEQUENTE-AGRICULTURA.pdf\" target=\"_blank\" rel=\"noopener noreferrer\">Calend\u00e1rio de exames (documento pdf, abre em nova aba)<\/a><\/p>\n<p><strong>Acesse aqui: <\/strong><a href=\"https:\/\/www.ifbaiano.edu.br\/unidades\/lapa\/files\/2021\/04\/CALENDARIO-EXAMES-SUBSEQUENTE-AGRICULTURA-alteracao.pdf\" target=\"_blank\" rel=\"noopener noreferrer\">Calend\u00e1rio de exames &#8211; Retificado (documento pdf, abre em nova aba)<\/a><\/p>\n\n\n<hr>\n\n<p style=\"text-align: left\"><strong>Listagem de docentes que lecionam no curso T\u00e9cnico em &nbsp;Agricultura Subsequente<\/strong><\/p>\n\n<ol>\n<li>Alex Leal de Oliveira<\/li>\n<li>Antonio Helder Rodrigues Sampaio <\/li>\n<li>Elisa Eni Freitag<\/li>\n<li>Jose Eduardo Santos Barboza da Silva<\/li>\n<li>Josemiller Rodrigues Amorim Felix <\/li>\n<li>Lorena Sabino Ramos<\/li>\n<li>Witalles Martins da Silva <\/li>\n<\/ol>\n\n<hr>\n\n<p style=\"text-align: left\"><strong>Assessoria Pedag\u00f3gica<\/strong><\/p>\n<p>Ta\u00eddio Oliveira<\/p>\n\n\n\n<hr>\n\n<div>\n    <strong>Hor\u00e1rio de aulas 2023<\/strong>\n<\/div>\n\n<p><a href=\"https:\/\/www.ifbaiano.edu.br\/unidades\/lapa\/files\/2023\/04\/HORARIO-AGRICULTURA-SUBSEQUENTE-2023.1-1.pdf\" target=\"_blank\" rel=\"noopener noreferrer\">Hor\u00e1rio de Aulas para 2023.1 (documento pdf, abre em nova aba)<\/a><\/p>\n\n<hr>\n\n<div>\n    <strong>Hor\u00e1rio de aulas 2022<\/strong>\n<\/div>\n\n<p><a href=\"https:\/\/www.ifbaiano.edu.br\/unidades\/lapa\/files\/2022\/04\/HORARIO-DO-SUBSEQUENTE-DE-AGRICULTURA-2021.2.pdf\" target=\"_blank\" rel=\"noopener noreferrer\">Hor\u00e1rio de Aulas para 2021.2 (documento pdf, abre em nova aba)<\/a><\/p>\n\n<hr>\n\n<div>\n    <strong>Hor\u00e1rio de aulas 2021<\/strong>\n<\/div>\n\n<p><a href=\"https:\/\/www.ifbaiano.edu.br\/unidades\/lapa\/files\/2021\/09\/cronograma-apns-subsequente-agricultura-2021-1.pdf\" target=\"_blank\" rel=\"noopener noreferrer\">Hor\u00e1rio de Aulas para 2021.1 (documento pdf, abre em nova aba)<\/a><\/p>\n\n<hr>\n\n<div>\n    <strong>Hor\u00e1rio de aulas 2020<\/strong>\n<\/div>\n\n<p><a href=\"https:\/\/www.ifbaiano.edu.br\/unidades\/lapa\/files\/2021\/09\/HORARIO_APNP_SUB_AGRICULTURA_2020-1.pdf\" target=\"_blank\" rel=\"noopener noreferrer\">Hor\u00e1rio de Aulas 2020.1 (documento pdf, abre em nova aba)<\/a><\/p>\n\n<p><a href=\"https:\/\/www.ifbaiano.edu.br\/unidades\/lapa\/files\/2021\/09\/HORARIO_APNP_AGRICULTURA_SUBSEQUENTE_2020-2.pdf\" target=\"_blank\" rel=\"noopener noreferrer\">Hor\u00e1rio de Aulas 2020.2 (documento pdf, abre em nova aba)<\/a><\/p>\n\n<hr>\n\n<div>\n    <strong>Hor\u00e1rio de aulas 2019<\/strong>\n<\/div>\n\n<p><a href=\"http:\/\/www.ifbaiano.edu.br\/unidades\/lapa\/files\/2014\/02\/Horario_2019-1_Tec_Agricultura_Subsequente.pdf\" target=\"_blank\" rel=\"noopener noreferrer\">Hor\u00e1rio de Aulas 2019 (documento pdf, abre em nova aba)<\/a><\/p>\n\n<hr>\n\n<div>\n    <strong>Fonte:<\/strong> Coordena\u00e7\u00e3o do Curso\n<\/div>\n\n\n\n<p><\/p>\n","protected":false},"excerpt":{"rendered":"<p>Sobre o Curso T\u00e9cnico em Agricultura Subsequente O Curso T\u00e9cnico em Agricultura Subsequente passou a ser oferecido no Campus no semestre 2014.1. Informa\u00e7\u00f5es gerais sobre o curso:&nbsp;O Curso T\u00e9cnico em Agricultura, modalidade subsequente, busca atender as demandas das popula\u00e7\u00f5es rurais \u2013 produtores rurais, povos quilombolas, agricultores familiares, comunidades ribeirinhas, egressos do ensino m\u00e9dio de modo [&hellip;]<\/p>\n","protected":false},"author":41,"featured_media":0,"parent":0,"menu_order":0,"comment_status":"open","ping_status":"open","template":"","meta":[],"_links":{"self":[{"href":"https:\/\/www.ifbaiano.edu.br\/unidades\/lapa\/wp-json\/wp\/v2\/pages\/1906"}],"collection":[{"href":"https:\/\/www.ifbaiano.edu.br\/unidades\/lapa\/wp-json\/wp\/v2\/pages"}],"about":[{"href":"https:\/\/www.ifbaiano.edu.br\/unidades\/lapa\/wp-json\/wp\/v2\/types\/page"}],"author":[{"embeddable":true,"href":"https:\/\/www.ifbaiano.edu.br\/unidades\/lapa\/wp-json\/wp\/v2\/users\/41"}],"replies":[{"embeddable":true,"href":"https:\/\/www.ifbaiano.edu.br\/unidades\/lapa\/wp-json\/wp\/v2\/comments?post=1906"}],"version-history":[{"count":67,"href":"https:\/\/www.ifbaiano.edu.br\/unidades\/lapa\/wp-json\/wp\/v2\/pages\/1906\/revisions"}],"predecessor-version":[{"id":26012,"href":"https:\/\/www.ifbaiano.edu.br\/unidades\/lapa\/wp-json\/wp\/v2\/pages\/1906\/revisions\/26012"}],"wp:attachment":[{"href":"https:\/\/www.ifbaiano.edu.br\/unidades\/lapa\/wp-json\/wp\/v2\/media?parent=1906"}],"curies":[{"name":"wp","href":"https:\/\/api.w.org\/{rel}","templated":true}]}}

Técnico em Agricultura Subsequente

<p><strong>Sobre o Curso Técnico em Agricultura Subsequente</strong></p>

<p>O Curso Técnico em Agricultura Subsequente passou a ser oferecido no Campus no semestre 2014.1.</p>

<hr>

<p style="text-align: justify"><strong>Informações gerais sobre o curso</strong>:&nbsp;O Curso Técnico em Agricultura, modalidade subsequente, busca atender as demandas das populações rurais – produtores rurais, povos quilombolas, agricultores familiares, comunidades ribeirinhas, egressos do ensino médio de modo geral que tenham interesse em ampliar e qualificar o conhecimento teórico-prático vinculado ao setor de produção agrícola.</p>

<hr>

<p><strong>Coordenação</strong>: Elisa Freitag</p>
<p><strong>E-mail:</strong> subsequente.agricultura@lapa.ifbaiano.edu.br;</p>





<p><strong>Acesse aqui: </strong><a href="https://www.ifbaiano.edu.br/unidades/lapa/files/2023/04/Minuta_Calendario-para-2023-Subsequente-2022.2.pdf" target="_blank" rel="noopener noreferrer">MINUTA &#8211; Calendário 2023 &#8211; Agricultura Subsequente &#8211; 2022.2 (documento pdf, abre em nova aba)</a></p>

<p><strong>Acesse aqui: </strong><a href="https://www.ifbaiano.edu.br/unidades/lapa/files/2023/04/HORARIO-AGRICULTURA-SUBSEQUENTE-2023.1-1.pdf" target="_blank" rel="noopener noreferrer">Horário do Subsequente de Agricultura &#8211; 2023.1 (documento pdf, abre em nova aba)</a></p>

<p><strong>Acesse aqui: </strong><a href="https://www.ifbaiano.edu.br/unidades/lapa/files/2022/04/Calendario-Agricultura-Subsequente-2021.2-e-2022.1.pdf" target="_blank" rel="noopener noreferrer">Calendário &#8211; Agricultura Subsequente &#8211; 2021.1 e 2022.1 (documento pdf, abre em nova aba)</a></p>

<p><strong>Acesse aqui: </strong><a href="https://www.ifbaiano.edu.br/unidades/lapa/files/2022/03/CALENDARIO-DE-FINAIS-SUBSEQUENTE-AGRICULTURA-2021_1.pdf" target="_blank" rel="noopener noreferrer">Calendário de Finais &#8211; Agricultura Subsequente &#8211; 2021.1 (documento pdf, abre em nova aba)</a></p>

<p><strong>Acesse aqui: </strong><a href="https://www.ifbaiano.edu.br/unidades/lapa/files/2021/08/CALENDARIO-DE-RECUPERACOES-FINAIS-SUBSEQUENTE-AGRICULTURA-2020_2.pdf" target="_blank" rel="noopener noreferrer">Calendário de Recuperações Finais &#8211; Agricultura Subsequente &#8211; 2020.2 (documento pdf, abre em nova aba)</a></p>

<p><strong>Acesse aqui: </strong><a href="https://www.ifbaiano.edu.br/unidades/lapa/files/2021/01/PPC-Alteracao-Curricular-Curso-Tecnico-Subsequente-Agricultura.pdf" target="_blank" rel="noopener noreferrer">Projeto Pedagógico do Curso Alterado-2020 (documento pdf, abre em nova aba)</a></p>

<p><strong>Acesse aqui: </strong><a href="http://www.ifbaiano.edu.br/unidades/lapa/files/2014/02/PPC_AGRICULTURA_SUBSEQUENTE.pdf" target="_blank" rel="noopener noreferrer">Projeto Pedagógico do Curso</a></p>

<p><strong>Acesse aqui: </strong><a href="http://www.ifbaiano.edu.br/unidades/lapa/files/2014/02/resolucao-agricultura.pdf">Resolução que aprovou o Curso</a></p>

<p><strong>Acesse aqui: </strong><a href="https://www.ifbaiano.edu.br/unidades/lapa/files/2021/01/NAP-Subsequente-Agricultura.pdf" target="_blank" rel="noopener noreferrer">Portaria do Núcleo de Assessoria Pedagógica do Curso (documento pdf, abre em nova aba)</a></p>
<p><strong>Acesse aqui: </strong><a href="https://www.ifbaiano.edu.br/unidades/lapa/files/2021/01/Portaria-Conselho-Curso-Agricultura-Subsequente.pdf" target="_blank" rel="noopener noreferrer">Portaria do Conselho do Curso (documento pdf, abre em nova aba)</a></p>

<p><strong>Acesse aqui: </strong><a href="https://www.ifbaiano.edu.br/unidades/lapa/files/2023/07/CALENDARIO-DE-RECUPERACOES-FINAIS-SUBSEQUENTE-AGRICULTURA-2023.1.pdf" target="_blank" rel="noopener noreferrer">Calendário Recuperações Finais (documento pdf, abre em nova aba)</a></p>
<p><strong>Acesse aqui: </strong><a href="https://www.ifbaiano.edu.br/unidades/lapa/files/2021/03/CALENDARIO-DE-EXAMES-SUBSEQUENTE-AGRICULTURA.pdf" target="_blank" rel="noopener noreferrer">Calendário de exames (documento pdf, abre em nova aba)</a></p>
<p><strong>Acesse aqui: </strong><a href="https://www.ifbaiano.edu.br/unidades/lapa/files/2021/04/CALENDARIO-EXAMES-SUBSEQUENTE-AGRICULTURA-alteracao.pdf" target="_blank" rel="noopener noreferrer">Calendário de exames &#8211; Retificado (documento pdf, abre em nova aba)</a></p>


<hr>

<p style="text-align: left"><strong>Listagem de docentes que lecionam no curso Técnico em &nbsp;Agricultura Subsequente</strong></p>

<ol>
<li>Alex Leal de Oliveira</li>
<li>Antonio Helder Rodrigues Sampaio </li>
<li>Elisa Eni Freitag</li>
<li>Jose Eduardo Santos Barboza da Silva</li>
<li>Josemiller Rodrigues Amorim Felix </li>
<li>Lorena Sabino Ramos</li>
<li>Witalles Martins da Silva </li>
</ol>

<hr>

<p style="text-align: left"><strong>Assessoria Pedagógica</strong></p>
<p>Taídio Oliveira</p>



<hr>

<div>
    <strong>Horário de aulas 2023</strong>
</div>

<p><a href="https://www.ifbaiano.edu.br/unidades/lapa/files/2023/04/HORARIO-AGRICULTURA-SUBSEQUENTE-2023.1-1.pdf" target="_blank" rel="noopener noreferrer">Horário de Aulas para 2023.1 (documento pdf, abre em nova aba)</a></p>

<hr>

<div>
    <strong>Horário de aulas 2022</strong>
</div>

<p><a href="https://www.ifbaiano.edu.br/unidades/lapa/files/2022/04/HORARIO-DO-SUBSEQUENTE-DE-AGRICULTURA-2021.2.pdf" target="_blank" rel="noopener noreferrer">Horário de Aulas para 2021.2 (documento pdf, abre em nova aba)</a></p>

<hr>

<div>
    <strong>Horário de aulas 2021</strong>
</div>

<p><a href="https://www.ifbaiano.edu.br/unidades/lapa/files/2021/09/cronograma-apns-subsequente-agricultura-2021-1.pdf" target="_blank" rel="noopener noreferrer">Horário de Aulas para 2021.1 (documento pdf, abre em nova aba)</a></p>

<hr>

<div>
    <strong>Horário de aulas 2020</strong>
</div>

<p><a href="https://www.ifbaiano.edu.br/unidades/lapa/files/2021/09/HORARIO_APNP_SUB_AGRICULTURA_2020-1.pdf" target="_blank" rel="noopener noreferrer">Horário de Aulas 2020.1 (documento pdf, abre em nova aba)</a></p>

<p><a href="https://www.ifbaiano.edu.br/unidades/lapa/files/2021/09/HORARIO_APNP_AGRICULTURA_SUBSEQUENTE_2020-2.pdf" target="_blank" rel="noopener noreferrer">Horário de Aulas 2020.2 (documento pdf, abre em nova aba)</a></p>

<hr>

<div>
    <strong>Horário de aulas 2019</strong>
</div>

<p><a href="http://www.ifbaiano.edu.br/unidades/lapa/files/2014/02/Horario_2019-1_Tec_Agricultura_Subsequente.pdf" target="_blank" rel="noopener noreferrer">Horário de Aulas 2019 (documento pdf, abre em nova aba)</a></p>

<hr>

<div>
    <strong>Fonte:</strong> Coordenação do Curso
</div>



<p></p>

<p>Sobre o Curso Técnico em Agricultura Subsequente O Curso Técnico em Agricultura Subsequente passou a ser oferecido no Campus no semestre 2014.1. Informações gerais sobre o curso:&nbsp;O Curso Técnico em Agricultura, modalidade subsequente, busca atender as demandas das populações rurais – produtores rurais, povos quilombolas, agricultores familiares, comunidades ribeirinhas, egressos do ensino médio de modo [&hellip;]</p>
