{"id":19913,"date":"2021-04-29T14:50:39","date_gmt":"2021-04-29T17:50:39","guid":{"rendered":"https:\/\/www.ifbaiano.edu.br\/unidades\/lapa\/?page_id=19913"},"modified":"2021-04-29T15:14:07","modified_gmt":"2021-04-29T18:14:07","slug":"calendario-academico-2016","status":"publish","type":"page","link":"https:\/\/www.ifbaiano.edu.br\/unidades\/lapa\/calendario-academico-2016\/","title":{"rendered":"Calend\u00e1rio Acad\u00eamico 2016"},"content":{"rendered":"\n<h2 class=\"has-text-align-center\" style=\"text-transform:uppercase;background-color:#D0FFD0;color:green\">Calend\u00e1rios 2016<\/h2>\n\n\n\n<div class=\"wp-block-columns is-layout-flex wp-container-3\">\n<div class=\"wp-block-column is-layout-flow\">\n<figure align=\"center\">\n<a href=\"https:\/\/www.ifbaiano.edu.br\/unidades\/lapa\/files\/2017\/01\/CURSOS-T\u00c9CNICOS-INTEGRADOS-P\u00d3S-OCUPA\u00c7\u00c3O-2016.2.pdf\" target=\"_blank\" rel=\"noopener\">\n<img decoding=\"async\" loading=\"lazy\" width=\"256\" height=\"256\" src=\"https:\/\/www.ifbaiano.edu.br\/unidades\/lapa\/files\/2014\/02\/horario.png\" alt=\"Calend\u00e1rio Acad\u00eamico 2016 - Integrado (p\u00f3s-ocupa\u00e7\u00e3o)\" data-id=\"8968\" data-full-url=\"https:\/\/www.ifbaiano.edu.br\/unidades\/lapa\/files\/2014\/02\/horario.png\" data-link=\"https:\/\/www.ifbaiano.edu.br\/unidades\/lapa\/horarios-de-aulas\/horario\/\" class=\"wp-image-8968\">\n<figcaption class=\"blocks-gallery-item__caption\">Integrado (P\u00f3s-ocupa\u00e7\u00e3o)<\/figcaption><\/a><\/figure>\n<\/div>\n\n\n\n<div class=\"wp-block-column is-layout-flow\">\n<figure align=\"center\">\n<a href=\"https:\/\/www.ifbaiano.edu.br\/unidades\/lapa\/files\/2017\/01\/CURSOS-T\u00c9CNICOS-SUBSEQUENTES-E-SUPERIOR-2016.2-P\u00d3S-OCUPA\u00c7\u00c3O.pdf\" target=\"_blank\" rel=\"noopener\">\n<img decoding=\"async\" loading=\"lazy\" width=\"256\" height=\"256\" src=\"https:\/\/www.ifbaiano.edu.br\/unidades\/lapa\/files\/2014\/02\/horario.png\" alt=\"Calend\u00e1rio Acad\u00eamico 2016 - Subsequente e Superior\t (p\u00f3s-ocupa\u00e7\u00e3o)\" data-id=\"8968\" data-full-url=\"https:\/\/www.ifbaiano.edu.br\/unidades\/lapa\/files\/2014\/02\/horario.png\" data-link=\"https:\/\/www.ifbaiano.edu.br\/unidades\/lapa\/horarios-de-aulas\/horario\/\" class=\"wp-image-8968\">\n<figcaption class=\"blocks-gallery-item__caption\">Subsequente e Superior (P\u00f3s-ocupa\u00e7\u00e3o)<\/figcaption><\/a><\/figure>\n<\/div>\n<\/div>\n\n\n\n<div class=\"wp-block-columns is-layout-flex wp-container-6\">\n<div class=\"wp-block-column is-layout-flow\">\n<figure align=\"center\">\n<a href=\"https:\/\/www.ifbaiano.edu.br\/unidades\/lapa\/files\/2012\/09\/calendario-2016.pdf\" target=\"_blank\" rel=\"noopener\">\n<img decoding=\"async\" loading=\"lazy\" width=\"256\" height=\"256\" src=\"https:\/\/www.ifbaiano.edu.br\/unidades\/lapa\/files\/2014\/02\/horario.png\" alt=\"Calend\u00e1rio Acad\u00eamico 2016 - Integrado\" data-id=\"8968\" data-full-url=\"https:\/\/www.ifbaiano.edu.br\/unidades\/lapa\/files\/2014\/02\/horario.png\" data-link=\"https:\/\/www.ifbaiano.edu.br\/unidades\/lapa\/horarios-de-aulas\/horario\/\" class=\"wp-image-8968\">\n<figcaption class=\"blocks-gallery-item__caption\">Integrado<\/figcaption><\/a><\/figure>\n<\/div>\n\n\n\n<div class=\"wp-block-column is-layout-flow\">\n<figure align=\"center\">\n<a href=\"https:\/\/www.ifbaiano.edu.br\/unidades\/lapa\/files\/2012\/09\/subsequentes-2016.pdf\" target=\"_blank\" rel=\"noopener\">\n<img decoding=\"async\" loading=\"lazy\" width=\"256\" height=\"256\" src=\"https:\/\/www.ifbaiano.edu.br\/unidades\/lapa\/files\/2014\/02\/horario.png\" alt=\"Calend\u00e1rio Acad\u00eamico 2016 - Subsequente e Superior\" data-id=\"8968\" data-full-url=\"https:\/\/www.ifbaiano.edu.br\/unidades\/lapa\/files\/2014\/02\/horario.png\" data-link=\"https:\/\/www.ifbaiano.edu.br\/unidades\/lapa\/horarios-de-aulas\/horario\/\" class=\"wp-image-8968\">\n<figcaption class=\"blocks-gallery-item__caption\">Subsequente e Superior<\/figcaption><\/a><\/figure>\n<\/div>\n<\/div>\n","protected":false},"excerpt":{"rendered":"<p>Calend\u00e1rios 2016 Integrado (P\u00f3s-ocupa\u00e7\u00e3o) Subsequente e Superior (P\u00f3s-ocupa\u00e7\u00e3o) Integrado Subsequente e Superior<\/p>\n","protected":false},"author":100,"featured_media":0,"parent":0,"menu_order":0,"comment_status":"closed","ping_status":"closed","template":"","meta":[],"_links":{"self":[{"href":"https:\/\/www.ifbaiano.edu.br\/unidades\/lapa\/wp-json\/wp\/v2\/pages\/19913"}],"collection":[{"href":"https:\/\/www.ifbaiano.edu.br\/unidades\/lapa\/wp-json\/wp\/v2\/pages"}],"about":[{"href":"https:\/\/www.ifbaiano.edu.br\/unidades\/lapa\/wp-json\/wp\/v2\/types\/page"}],"author":[{"embeddable":true,"href":"https:\/\/www.ifbaiano.edu.br\/unidades\/lapa\/wp-json\/wp\/v2\/users\/100"}],"replies":[{"embeddable":true,"href":"https:\/\/www.ifbaiano.edu.br\/unidades\/lapa\/wp-json\/wp\/v2\/comments?post=19913"}],"version-history":[{"count":2,"href":"https:\/\/www.ifbaiano.edu.br\/unidades\/lapa\/wp-json\/wp\/v2\/pages\/19913\/revisions"}],"predecessor-version":[{"id":19916,"href":"https:\/\/www.ifbaiano.edu.br\/unidades\/lapa\/wp-json\/wp\/v2\/pages\/19913\/revisions\/19916"}],"wp:attachment":[{"href":"https:\/\/www.ifbaiano.edu.br\/unidades\/lapa\/wp-json\/wp\/v2\/media?parent=19913"}],"curies":[{"name":"wp","href":"https:\/\/api.w.org\/{rel}","templated":true}]}}

Calendário Acadêmico 2016

<h2 class="has-text-align-center" style="text-transform:uppercase;background-color:#D0FFD0;color:green">Calendários 2016</h2>



<div class="wp-block-columns is-layout-flex wp-container-3">
<div class="wp-block-column is-layout-flow">
<figure align="center">
<a href="https://www.ifbaiano.edu.br/unidades/lapa/files/2017/01/CURSOS-TÉCNICOS-INTEGRADOS-PÓS-OCUPAÇÃO-2016.2.pdf" target="_blank" rel="noopener">
<img decoding="async" loading="lazy" width="256" height="256" src="https://www.ifbaiano.edu.br/unidades/lapa/files/2014/02/horario.png" alt="Calendário Acadêmico 2016 - Integrado (pós-ocupação)" data-id="8968" data-full-url="https://www.ifbaiano.edu.br/unidades/lapa/files/2014/02/horario.png" data-link="https://www.ifbaiano.edu.br/unidades/lapa/horarios-de-aulas/horario/" class="wp-image-8968">
<figcaption class="blocks-gallery-item__caption">Integrado (Pós-ocupação)</figcaption></a></figure>
</div>



<div class="wp-block-column is-layout-flow">
<figure align="center">
<a href="https://www.ifbaiano.edu.br/unidades/lapa/files/2017/01/CURSOS-TÉCNICOS-SUBSEQUENTES-E-SUPERIOR-2016.2-PÓS-OCUPAÇÃO.pdf" target="_blank" rel="noopener">
<img decoding="async" loading="lazy" width="256" height="256" src="https://www.ifbaiano.edu.br/unidades/lapa/files/2014/02/horario.png" alt="Calendário Acadêmico 2016 - Subsequente e Superior	 (pós-ocupação)" data-id="8968" data-full-url="https://www.ifbaiano.edu.br/unidades/lapa/files/2014/02/horario.png" data-link="https://www.ifbaiano.edu.br/unidades/lapa/horarios-de-aulas/horario/" class="wp-image-8968">
<figcaption class="blocks-gallery-item__caption">Subsequente e Superior (Pós-ocupação)</figcaption></a></figure>
</div>
</div>



<div class="wp-block-columns is-layout-flex wp-container-6">
<div class="wp-block-column is-layout-flow">
<figure align="center">
<a href="https://www.ifbaiano.edu.br/unidades/lapa/files/2012/09/calendario-2016.pdf" target="_blank" rel="noopener">
<img decoding="async" loading="lazy" width="256" height="256" src="https://www.ifbaiano.edu.br/unidades/lapa/files/2014/02/horario.png" alt="Calendário Acadêmico 2016 - Integrado" data-id="8968" data-full-url="https://www.ifbaiano.edu.br/unidades/lapa/files/2014/02/horario.png" data-link="https://www.ifbaiano.edu.br/unidades/lapa/horarios-de-aulas/horario/" class="wp-image-8968">
<figcaption class="blocks-gallery-item__caption">Integrado</figcaption></a></figure>
</div>



<div class="wp-block-column is-layout-flow">
<figure align="center">
<a href="https://www.ifbaiano.edu.br/unidades/lapa/files/2012/09/subsequentes-2016.pdf" target="_blank" rel="noopener">
<img decoding="async" loading="lazy" width="256" height="256" src="https://www.ifbaiano.edu.br/unidades/lapa/files/2014/02/horario.png" alt="Calendário Acadêmico 2016 - Subsequente e Superior" data-id="8968" data-full-url="https://www.ifbaiano.edu.br/unidades/lapa/files/2014/02/horario.png" data-link="https://www.ifbaiano.edu.br/unidades/lapa/horarios-de-aulas/horario/" class="wp-image-8968">
<figcaption class="blocks-gallery-item__caption">Subsequente e Superior</figcaption></a></figure>
</div>
</div>

<p>Calendários 2016 Integrado (Pós-ocupação) Subsequente e Superior (Pós-ocupação) Integrado Subsequente e Superior</p>
