{"id":20511,"date":"2021-08-02T19:27:33","date_gmt":"2021-08-02T22:27:33","guid":{"rendered":"https:\/\/www.ifbaiano.edu.br\/unidades\/lapa\/?page_id=20511"},"modified":"2022-02-08T18:23:45","modified_gmt":"2022-02-08T21:23:45","slug":"edital-04-2021","status":"publish","type":"page","link":"https:\/\/www.ifbaiano.edu.br\/unidades\/lapa\/edital-04-2021\/","title":{"rendered":"Processo Seletivo Simplificado de Bolsistas T\u00e9cnicos de N\u00edvel M\u00e9dio e Superior para Atua\u00e7\u00e3o no Projeto de Extens\u00e3o Agroifnordeste"},"content":{"rendered":"\n<div class=\"wp-block-columns is-layout-flex wp-container-3\">\n<div class=\"wp-block-column is-layout-flow\" style=\"flex-basis:66.66%\">\n<h2 id=\"ProreitoriaMeioDireitaTitulo\" style=\"color:#00510f;text-transform:uppercase;border-top: 3px solid #00510F\" class=\"has-inline-color\">Apresenta\u00e7\u00e3o<\/h2>\n<p align=\"justify\"><strong style=\"text-transform:uppercase\">O Diretor-Geral Substituto Do Instituto Federal De Educa\u00e7\u00e3o, Ci\u00eancia E Tecnologia Baiano &#8211; Campus Bom Jesus Da Lapa<\/strong>, no uso de suas atribui\u00e7\u00f5eslegais conferidas pela Portaria n\u00ba 1158\/2020 &#8211; RET-GAB\/RET\/IFBAIANO, de 04\/11\/2020, publicada no Boletim de Servi\u00e7o Interno n\u00ba 11, de 30\/11\/2020, p\u00e1gina 298, e de acordo com as disposi\u00e7\u00f5es contidas do Regimento Geral do IF Baiano e na Portaria n\u00ba 2.564\/2018 \u2013 RET-GAB\/IFBAIANO, de 26\/09\/2018, e suas altera\u00e7\u00f5es, torna p\u00fablico o presente edital com as normas para a sele\u00e7\u00e3o de Residentes Bolsistas, destinados a T\u00e9cnicos de N\u00cdVEL M\u00c9DIO e SUPERIOR na \u00e1rea de ci\u00eancias agr\u00e1rias e a\ufb01ns, para participarem do Projeto AgroIFNordeste \u2013 vinculado ao Plano AgroNordeste do Minist\u00e9rio da Agricultura Pecu\u00e1ria e Abastecimento (MAPA), voltado \u00e0 sele\u00e7\u00e3o de candidatos para o Programa de Resid\u00eancia Pro\ufb01ssional Agr\u00edcola (PRPA). <\/p>\n<\/div>\n\n\n\n<div class=\"wp-block-column is-layout-flow\" style=\"flex-basis:33.33%\">\n<h2 id=\"ProreitoriaMeioDireitaTitulo\" style=\"color:#00510f;text-transform:uppercase;border-top: 3px solid #00510F\" class=\"has-inline-color\">Inscri\u00e7\u00f5es<\/h2><p align=\"justify\"><strong>Per\u00edodo:<\/strong> 02 a 09 de agosto de 2021<\/p>\n<p align=\"justify\"><strong>Inscri\u00e7\u00f5es Prorrogadas at\u00e9 16 de Agosto 2021<\/strong><\/p>\n\n\n\n<p><\/p>\n<\/div>\n<\/div>\n\n\n\n<div class=\"wp-block-columns is-layout-flex wp-container-6\">\n<div class=\"wp-block-column is-layout-flow\" style=\"flex-basis:66.66%\">\n<h2 id=\"ProreitoriaMeioDireitaTitulo\" style=\"color:#00510f;text-transform:uppercase;border-top: 3px solid #00510F\" class=\"has-inline-color\">Editais e Documentos<\/h2>\n<p align=\"justify\"><a href=\"https:\/\/www.ifbaiano.edu.br\/unidades\/lapa\/files\/2022\/02\/convocacao-2-lista-espera.pdf\" target=\"_blank\" rel=\"noopener noreferrer\">Convoca\u00e7\u00e3o 2 &#8211; Lista de Espera (Documento pdf, abre em nova aba)<\/a><\/p>\n<p align=\"justify\"><a href=\"https:\/\/www.ifbaiano.edu.br\/unidades\/lapa\/files\/2022\/02\/convocacao-1-lista-espera-agroifnordeste.pdf\" target=\"_blank\" rel=\"noopener noreferrer\">Convoca\u00e7\u00e3o 1 &#8211; Lista de Espera (Documento pdf, abre em nova aba)<\/a><\/p>\n\n<p align=\"justify\"><a href=\"https:\/\/www.ifbaiano.edu.br\/unidades\/lapa\/files\/2021\/08\/Resultado-final-do-processo-seletivo_Edital-04-2021_Projeto-AgroIFNordeste.pdf\" target=\"_blank\" rel=\"noopener noreferrer\">Resultado Final do Processo Seletivo &#8211; Edital 04\/2021, em 30 de Agosto 2021 (Documento pdf, abre em nova aba)<\/a><\/p>\n\n<p align=\"justify\"><a href=\"https:\/\/www.ifbaiano.edu.br\/unidades\/lapa\/files\/2021\/08\/Resultado-preliminar-do-Processo-Seletivo.pdf\" target=\"_blank\" rel=\"noopener noreferrer\">Resultado do Preliminar Processo Seletivo &#8211; Edital 04\/2021 (Documento pdf, abre em nova aba)<\/a><\/p>\n\n\n\n\n<p align=\"justify\"><a href=\"https:\/\/www.ifbaiano.edu.br\/unidades\/lapa\/files\/2021\/08\/Resultado-final-da-Entrevista-online.pdf\" target=\"_blank\" rel=\"noopener noreferrer\">Resultado Final das entrevistas online &#8211; Edital 04\/2021 (Documento pdf, abre em nova aba)<\/a><\/p>\n\n\n<p align=\"justify\"><a href=\"https:\/\/www.ifbaiano.edu.br\/unidades\/lapa\/files\/2021\/08\/Resultado-preliminar-das-entrevistas-online-Edital-04-2021.pdf\" target=\"_blank\" rel=\"noopener noreferrer\">Resultado preliminar das entrevistas online &#8211; Edital 04\/2021 (Documento pdf, abre em nova aba)<\/a><\/p>\n\n<p align=\"justify\"><a href=\"https:\/\/www.ifbaiano.edu.br\/unidades\/lapa\/files\/2021\/08\/EDITAL-DE-RETIFICACAO-06-2021-RETIFICA-O-EDITAL-04-2021-RETIFICADO-PELO-EDITAL-05-2021-SELECAO-DE-BOLSISTAS-AGROIFNORDESTE-RETIFICACAO-02.pdf\" target=\"_blank\" rel=\"noopener noreferrer\">Edital de Retifica\u00e7\u00e3o 06\/2021 &#8211; Retifica o Edital 04\/2021, Retificado pelo Edital 05\/2021 &#8211; SELE\u00c7\u00c3O DE BOLSISTAS AGROIFNORDESTE-RETIFICA\u00c7\u00c3O 02 (Documento pdf, abre em nova aba)<\/a><\/p>\n\n<p align=\"justify\"><a href=\"https:\/\/www.ifbaiano.edu.br\/unidades\/lapa\/files\/2021\/08\/Cronograma-das-entrevistas-1-convertido.pdf\" target=\"_blank\" rel=\"noopener noreferrer\">Cronograma das Entrevistas  (Documento pdf, abre em nova aba)<\/a><\/p>\n\n\n<p align=\"justify\"><a href=\"https:\/\/www.ifbaiano.edu.br\/unidades\/lapa\/files\/2021\/08\/Resultado-Final-da-analise-curricular_20_08_2021.pdf\" target=\"_blank\" rel=\"noopener noreferrer\">Resultado Final da An\u00e1lise Curricular  (Documento pdf, abre em nova aba)<\/a><\/p>\n\n\n\n<p align=\"justify\"><a href=\"https:\/\/www.ifbaiano.edu.br\/unidades\/lapa\/files\/2021\/08\/HOMOLOGACAO-DAS-INSCRICOES-E-RESULTADO-PRELIMINAR-DA-ANALISE-CURRICULAR-assinado-eletronicamente.pdf\" target=\"_blank\" rel=\"noopener noreferrer\">Homologa\u00e7\u00e3o das Inscri\u00e7\u00f5es e Resultado Preliminar da An\u00e1lise Curricular  (Documento pdf, abre em nova aba)<\/a><\/p>\n\n<p align=\"justify\"><a href=\"https:\/\/www.ifbaiano.edu.br\/unidades\/lapa\/files\/2021\/08\/EDITAL-DE-RETIFICACAO-05-2021-RETIFICA-O-EDITAL-04-2021-SELECAO-DE-BOLSISTAS-AGROIFNORDESTE-RETIFICACAO-01.pdf\" target=\"_blank\" rel=\"noopener noreferrer\">Edital 5\/2021 &#8211; Edital de Retifica\u00e7\u00e3o do Edital 04\/2021 (Documento pdf, abre em nova aba)<\/a><\/p>\n<p align=\"justify\"><a href=\"https:\/\/www.ifbaiano.edu.br\/unidades\/lapa\/files\/2021\/08\/anexo-III-edital-4-2021.pdf\" target=\"_blank\" rel=\"noopener noreferrer\">Anexo III (Documento pdf, abre em nova aba)<\/a><\/p>\n<p align=\"justify\"><a href=\"https:\/\/www.ifbaiano.edu.br\/unidades\/lapa\/files\/2021\/08\/anexo-II-edital-4-2021.pdf\" target=\"_blank\" rel=\"noopener noreferrer\">Anexo II (Documento pdf, abre em nova aba)<\/a><\/p>\n<p align=\"justify\"><a href=\"https:\/\/www.ifbaiano.edu.br\/unidades\/lapa\/files\/2021\/08\/anexo-I-edital-4-2021.pdf\" target=\"_blank\" rel=\"noopener noreferrer\">Anexo I (Documento pdf, abre em nova aba)<\/a><\/p>\n<p align=\"justify\"><a href=\"https:\/\/www.ifbaiano.edu.br\/unidades\/lapa\/files\/2021\/08\/edital-04-2021.pdf\" target=\"_blank\" rel=\"noopener noreferrer\">Edital 4\/2021 (Documento pdf, abre em nova aba)<\/a><\/p>\n<\/div>\n\n\n\n<div class=\"wp-block-column is-layout-flow\" style=\"flex-basis:33.33%\">\n<h2 id=\"ProreitoriaMeioDireitaTitulo\" style=\"color:#00510f;text-transform:uppercase;border-top: 3px solid #00510F\" class=\"has-inline-color\">Contato<\/h2><p align=\"justify\">agroifnordeste@lapa.ifbaiano.edu.br<\/p>\n<\/div>\n<\/div>\n\n\n\n<p><\/p>\n","protected":false},"excerpt":{"rendered":"<p>Apresenta\u00e7\u00e3o O Diretor-Geral Substituto Do Instituto Federal De Educa\u00e7\u00e3o, Ci\u00eancia E Tecnologia Baiano &#8211; Campus Bom Jesus Da Lapa, no uso de suas atribui\u00e7\u00f5eslegais conferidas pela Portaria n\u00ba 1158\/2020 &#8211; RET-GAB\/RET\/IFBAIANO, de 04\/11\/2020, publicada no Boletim de Servi\u00e7o Interno n\u00ba 11, de 30\/11\/2020, p\u00e1gina 298, e de acordo com as disposi\u00e7\u00f5es contidas do Regimento Geral [&hellip;]<\/p>\n","protected":false},"author":100,"featured_media":0,"parent":0,"menu_order":0,"comment_status":"closed","ping_status":"closed","template":"","meta":[],"_links":{"self":[{"href":"https:\/\/www.ifbaiano.edu.br\/unidades\/lapa\/wp-json\/wp\/v2\/pages\/20511"}],"collection":[{"href":"https:\/\/www.ifbaiano.edu.br\/unidades\/lapa\/wp-json\/wp\/v2\/pages"}],"about":[{"href":"https:\/\/www.ifbaiano.edu.br\/unidades\/lapa\/wp-json\/wp\/v2\/types\/page"}],"author":[{"embeddable":true,"href":"https:\/\/www.ifbaiano.edu.br\/unidades\/lapa\/wp-json\/wp\/v2\/users\/100"}],"replies":[{"embeddable":true,"href":"https:\/\/www.ifbaiano.edu.br\/unidades\/lapa\/wp-json\/wp\/v2\/comments?post=20511"}],"version-history":[{"count":25,"href":"https:\/\/www.ifbaiano.edu.br\/unidades\/lapa\/wp-json\/wp\/v2\/pages\/20511\/revisions"}],"predecessor-version":[{"id":22630,"href":"https:\/\/www.ifbaiano.edu.br\/unidades\/lapa\/wp-json\/wp\/v2\/pages\/20511\/revisions\/22630"}],"wp:attachment":[{"href":"https:\/\/www.ifbaiano.edu.br\/unidades\/lapa\/wp-json\/wp\/v2\/media?parent=20511"}],"curies":[{"name":"wp","href":"https:\/\/api.w.org\/{rel}","templated":true}]}}