{"id":21837,"date":"2021-12-09T16:18:52","date_gmt":"2021-12-09T19:18:52","guid":{"rendered":"https:\/\/www.ifbaiano.edu.br\/unidades\/lapa\/?page_id=21837"},"modified":"2022-03-10T20:46:20","modified_gmt":"2022-03-10T23:46:20","slug":"retorno-gradual-das-atividades-presencias","status":"publish","type":"page","link":"https:\/\/www.ifbaiano.edu.br\/unidades\/lapa\/retorno-gradual-das-atividades-presencias\/","title":{"rendered":"Retorno gradual das atividades presencias"},"content":{"rendered":"\n<p align=\"justify\">Nesta se\u00e7\u00e3o s\u00e3o atualizadas as informa\u00e7\u00f5es sobre o retorno gradual das atividades presencias no Campus Bom Jesus da Lapa, enquanto perdurar a pandemia da Covid-19.<\/p>\n\n<h2>Documentos orientadores<\/h2>\n\n<p align=\"justify\"><a href=\"https:\/\/www.ifbaiano.edu.br\/unidades\/lapa\/files\/2022\/03\/INSTRUCAO-NORMATIVA-5-2022_RET-SCS_Estabelece-medidas-de-orientacao-controle-prevencao-e-mitigacao-de-riscos-para-o-retorno-das-atividades-presenciais-nas-unidades-do-IF-Baiano.pdf\" target=\"_blank\" rel=\"noreferrer noopener\">Instru\u00e7\u00e3o Normativa 5\/2022 &#8211; RET-SCS\/RET-GAB\/RET\/IFBAIANO, de 5 de fevereiro de 2022 \nEstabelece medidas de orienta\u00e7\u00e3o, controle, preven\u00e7\u00e3o e mitiga\u00e7\u00e3o de riscos para o retorno das atividades presenciais nas unidades do IF Baiano (documento pdf, abre em nova aba)<\/a><\/p>\n\n\n<p align=\"justify\"><a href=\"https:\/\/www.ifbaiano.edu.br\/unidades\/lapa\/files\/2021\/12\/plano-contigencia-2-2021.pdf\" target=\"_blank\" rel=\"noreferrer noopener\">Plano de Conting\u00eancia Local &#8211; Protocolo Setorial &#8211; Campus Bom Jesus da Lapa (Vers\u00e3o 2.2021) (documento pdf, abre em nova aba)<\/a><\/p>\n\n<p align=\"justify\"><a href=\"https:\/\/ifbaiano.edu.br\/portal\/coronavirus\/wp-content\/uploads\/sites\/94\/2021\/11\/Instrucao-Normativa-2-2021-Estabelece-orientacoes-sobre-o-retorno-ao-trabalho-presencial.pdf\" target=\"_blank\" rel=\"noreferrer noopener\">Instru\u00e7\u00e3o Normativa 2\/2021 \u2013 Retifica o \u00a73\u00ba do Art. 15 da Instru\u00e7\u00e3o Normativa 1\/2021 &#8211; RET-SCS\/RET-GAB\/RET\/IFBAIANO, de 29 de outubro de 2021. (documento pdf, abre em nova aba) REVOGADA <\/a><\/p>\n\n<p align=\"justify\"><a href=\"https:\/\/ifbaiano.edu.br\/portal\/coronavirus\/wp-content\/uploads\/sites\/94\/2021\/11\/Instrucao-Normativa-2-2021-Estabelece-orientacoes-sobre-o-retorno-ao-trabalho-presencial.pdf\" target=\"_blank\" rel=\"noreferrer noopener\">Instru\u00e7\u00e3o Normativa 54\/2021 \u2013 Revoga a Instru\u00e7\u00e3o Normativa IF Baiano n\u00ba 19, de 13 de mar\u00e7o de 2020, que estabelece orienta\u00e7\u00f5es \u00e0s unidades do IF Baiano, quanto\n\u00e0s medidas de prote\u00e7\u00e3o para o enfrentamento da emerg\u00eancia de sa\u00fade p\u00fablica de import\u00e2ncia internacional, decorrente do coronav\u00edrus (COVID-19). (documento pdf, abre em nova aba)<\/a><\/p>\n\n<p align=\"justify\"><a href=\"https:\/\/ifbaiano.edu.br\/portal\/coronavirus\/wp-content\/uploads\/sites\/94\/2021\/10\/Instrucao-Normativa-Conjunta-no-1.pdf\" target=\"_blank\" rel=\"noreferrer noopener\">Instru\u00e7\u00e3o Normativa 1\/2021 \u2013 Estabelece orienta\u00e7\u00f5es \u00e0s unidades do IF Baiano, quanto a medidas de prote\u00e7\u00e3o para o enfrentamento da Covid-19 e retorno gradual e seguro ao trabalho presencial. (documento pdf, abre em nova aba) REVOGADA <\/a><\/p>\n\n<p align=\"justify\"><a href=\"https:\/\/ifbaiano.edu.br\/portal\/coronavirus\/wp-content\/uploads\/sites\/94\/2021\/10\/Retorno-Presencial-e-Orientacoes-de-Saude-Mental-IFs.pdf\" target=\"_blank\" rel=\"noreferrer noopener\">Retorno Presencial e Orienta\u00e7\u00f5es de Sa\u00fade Mental IFs (documento pdf, abre em nova aba)<\/a><\/p>\n\n<p align=\"justify\"><a href=\"https:\/\/ifbaiano.edu.br\/portal\/coronavirus\/wp-content\/uploads\/sites\/94\/2021\/02\/Instrucao-Normativa-no-41-de-2020-Altera-a-IN-no-19-de-2020.pdf\" target=\"_blank\" rel=\"noreferrer noopener\">Instru\u00e7\u00e3o Normativa 41\/2020 &#8211; Altera a Instru\u00e7\u00e3o Normava IF Baiano n\u00ba 19, de 13 de mar\u00e7o de 2020, que estabelece orienta\u00e7\u00f5es \u00e0s unidades do IF Baiano, quanto \u00e0s medidas de prote\u00e7\u00e3o para o enfrentamento da emerg\u00eancia de sa\u00fade p\u00fablica de import\u00e2ncia internacional, decorrente do coronav\u00edrus (COVID-19). (documento pdf, abre em nova aba) REVOGADA <\/a><\/p>\n\n<hr>\n\n<h2>Fase 1 \u2013 A partir de 01\/01\/2022.<\/h2>\n\n<p align=\"justify\"><a href=\"https:\/\/www.ifbaiano.edu.br\/unidades\/lapa\/files\/2021\/12\/portaria-normativa-4-2021.pdf\" target=\"_blank\" rel=\"noreferrer noopener\">Portaria Normativa 4\/2021 &#8211; BJL-GAB\/BJL-DG\/RET\/IFBAIANO, de 21 de dezembro de 2021 (documento pdf, abre em nova aba) REVOGADA <\/a> (Alterada pela Portaria Normativa 5\/2022 \u2013 BJL-GAB\/BJL-DG\/RET\/IFBAIANO)<br>\nEstabelece e autoriza o in\u00edcio da FASE 1 para o retorno gradual e seguro das atividades presenciais no IF Baiano &#8211; Campus Bom Jesus da Lapa, na forma da Instru\u00e7\u00e3o Normativa (Conjunta) 1\/2021 &#8211; RET-SCS\/RET-GAB\/RET\/IFBAIANO, de 29 de outubro de 2021, e estabelece hor\u00e1rio especial de funcionamento do campus durante a vig\u00eancia da FASE 1<\/p>\n\n<p align=\"justify\"><a href=\"https:\/\/www.ifbaiano.edu.br\/unidades\/lapa\/files\/2022\/02\/portaria-normativa-4-2021-consolidada.pdf\" target=\"_blank\" rel=\"noopener\">Portaria Normativa 4\/2022 (Consolidada) &#8211; BJL-GAB\/BJL-DG\/RET\/IFBAIANO, de 30 de janeiro de 2022 (documento pdf, abre em nova aba)<\/a><\/p>\n\n<p align=\"justify\"><a href=\"https:\/\/www.ifbaiano.edu.br\/unidades\/lapa\/files\/2022\/02\/portaria-normativa-5-2022.pdf\" target=\"_blank\" rel=\"noopener\">Portaria Normativa 5\/2022 &#8211; BJL-GAB\/BJL-DG\/RET\/IFBAIANO, de 30 de janeiro de 2022 (documento pdf, abre em nova aba) REVOGADA <\/a><br>\nAltera a Portaria Normativa n\u00ba 4, de 21 de dezembro de 2021, que &#8220;estabelece e autoriza o in\u00edcio da FASE 1 para o retorno gradual e seguro das atividades presenciais no IF Baiano &#8211; Campus Bom Jesus da Lapa, na forma da Instru\u00e7\u00e3o Normativa (Conjunta) 1\/2021 &#8211; RET-SCS\/RET-GAB\/RET\/IFBAIANO, de 29 de outubro de 2021, e estabelece hor\u00e1rio especial de funcionamento do campus durante a vig\u00eancia da FASE 1&#8221;.<\/p>\n\n<p align=\"justify\"><a href=\"https:\/\/www.ifbaiano.edu.br\/unidades\/lapa\/files\/2022\/03\/Portaria-Normativa-6-2022-BJL-GAB_Estabelece-o-escalonamento-com-revezamento-semanal-de-servidores-as-para-as-atividades-presenciais-e-remotas-no-periodo-de-21.02.2022-a-04.03.2022..pdf\" target=\"_blank\" rel=\"noopener\">Portaria Normativa 6\/2022 &#8211; BJL-GAB\/BJL-DG\/RET\/IFBAIANO, de 18 de fevereiro de 2022. (documento pdf, abre em nova aba)<\/a><br>\nEstabelece o escalonamento com revezamento semanal de servidores (as) para as atividades presenciais e remotas no per\u00edodo de 21\/02\/2022  a 04\/03\/2022. <\/p>\n\n\nCronograma de implanta\u00e7\u00e3o das fases*\n<table border=\"1\">\n<thead>\n<tr><th>Fase<\/th><th>Tempo m\u00ednimo<\/th><th>Per\u00edodo de vig\u00eancia<\/th><th>Documento autorizativo<\/th><\/tr>\n<\/thead>\n<tbody align=\"center\">\n<tr><td>1<\/td><td>30 dias<\/td><td>a partir de 01\/01\/2022<\/td><td>Portaria Normativa 4\/2021 &#8211; BJL-GAB\/BJL-DG\/RET\/IFBAIANO, de 21 de dezembro de 2021, alterada pela Portaria Normativa 5\/2022 &#8211; BJL-GAB\/BJL-DG\/RET\/IFBAIANO, de 30 de janeiro de 2022.<\/td><\/tr>\n<tr><td>2<\/td><td>25 dias<\/td><td>aguardar finaliza\u00e7\u00e3o da Fase 1<\/td><td><\/td><\/tr>\n<tr><td>3<\/td><td>20 dias<\/td><td>aguardar finaliza\u00e7\u00e3o da Fase 2<\/td><td><\/td><\/tr>\n<tr><td>4<\/td><td>Retorno integral<\/td><td>A partir de 21\/02\/2022 &#8211; As atividades acad\u00eamicas e administrativas na modalidade presencial.\nA partir de 07\/02\/2022 &#8211; As aulas na modalidade presencial.<\/td><td>Instru\u00e7\u00e3o Normativa 5\/2022 &#8211; RET-SCS\/RET-GAB\/RET\/IFBAIANO, DE 5 de fevereiro de 2022.<\/td><\/tr>\n<\/tbody>\n<\/table>\n*Cronograma sujeito a altera\u00e7\u00f5es. Atualizado em 08\/03\/2022.\n\n<p align=\"justify\">Retorno das aulas presenciais no \u00e2mbito do campus Bom Jesus da Lapa.<\/p><br>\n<p align=\"justify\">a) Cursos Superiores: o ciclo quinzenal de APNPs dos cursos superiores finalizou no dia 10\/02\/2022 e o novo semestre dar\u00e1 in\u00edcio no dia 03\/03\/2022, com aula presencial a partir de 07\/03\/2022; <\/p><br>\n<p align=\"justify\">b) Cursos Integrados: o ciclo quinzenal de APNPs dos cursos integrados finalizar\u00e1 no dia 11\/03\/2022 e as aulas presenciais ser\u00e3o adotadas a partir de 14\/03\/2022; <\/p><br>\n<p align=\"justify\">c ) Cursos Subsequentes: o ciclo quinzenal de APNPs dos cursos subsequentes finalizou no dia 03\/03\/2022 e as aulas presenciais ser\u00e3o adotadas a partir de 28\/03\/2022, quando iniciar\u00e1 o novo semestre letivo destes cursos. <\/p><br>\n<br>\n<br>\n<p align=\"justify\">Para maiores informa\u00e7\u00f5es, entrar em contato com as coordena\u00e7\u00f5es dos cursos ou demais setores do campus. <\/p><br>\n\n<p align=\"justify\"><a href=\"https:\/\/www.ifbaiano.edu.br\/unidades\/lapa\/contatos\/\" rel=\"noreferrer noopener\">Contatos da Central de Atendimento Remoto (Durante pandemia Covid-19)<\/a><\/p>\n\n<p align=\"justify\"><a href=\"https:\/\/ifbaiano.edu.br\/portal\/coronavirus\/\" rel=\"noreferrer noopener\">Preven\u00e7\u00e3o ao coronav\u00edrus<\/a><\/p>\n\n\n<p align=\"justify\"><a href=\"https:\/\/ifbaiano.edu.br\/portal\/ouvidoria\/\" rel=\"noreferrer noopener\">Ouvidoria<\/a><\/p>\n","protected":false},"excerpt":{"rendered":"<p>Nesta se\u00e7\u00e3o s\u00e3o atualizadas as informa\u00e7\u00f5es sobre o retorno gradual das atividades presencias no Campus Bom Jesus da Lapa, enquanto perdurar a pandemia da Covid-19. Documentos orientadores Instru\u00e7\u00e3o Normativa 5\/2022 &#8211; RET-SCS\/RET-GAB\/RET\/IFBAIANO, de 5 de fevereiro de 2022 Estabelece medidas de orienta\u00e7\u00e3o, controle, preven\u00e7\u00e3o e mitiga\u00e7\u00e3o de riscos para o retorno das atividades presenciais nas [&hellip;]<\/p>\n","protected":false},"author":100,"featured_media":0,"parent":0,"menu_order":0,"comment_status":"closed","ping_status":"closed","template":"","meta":[],"_links":{"self":[{"href":"https:\/\/www.ifbaiano.edu.br\/unidades\/lapa\/wp-json\/wp\/v2\/pages\/21837"}],"collection":[{"href":"https:\/\/www.ifbaiano.edu.br\/unidades\/lapa\/wp-json\/wp\/v2\/pages"}],"about":[{"href":"https:\/\/www.ifbaiano.edu.br\/unidades\/lapa\/wp-json\/wp\/v2\/types\/page"}],"author":[{"embeddable":true,"href":"https:\/\/www.ifbaiano.edu.br\/unidades\/lapa\/wp-json\/wp\/v2\/users\/100"}],"replies":[{"embeddable":true,"href":"https:\/\/www.ifbaiano.edu.br\/unidades\/lapa\/wp-json\/wp\/v2\/comments?post=21837"}],"version-history":[{"count":60,"href":"https:\/\/www.ifbaiano.edu.br\/unidades\/lapa\/wp-json\/wp\/v2\/pages\/21837\/revisions"}],"predecessor-version":[{"id":22859,"href":"https:\/\/www.ifbaiano.edu.br\/unidades\/lapa\/wp-json\/wp\/v2\/pages\/21837\/revisions\/22859"}],"wp:attachment":[{"href":"https:\/\/www.ifbaiano.edu.br\/unidades\/lapa\/wp-json\/wp\/v2\/media?parent=21837"}],"curies":[{"name":"wp","href":"https:\/\/api.w.org\/{rel}","templated":true}]}}