{"id":23030,"date":"2022-04-26T22:21:46","date_gmt":"2022-04-27T01:21:46","guid":{"rendered":"https:\/\/www.ifbaiano.edu.br\/unidades\/lapa\/?page_id=23030"},"modified":"2022-05-30T20:03:28","modified_gmt":"2022-05-30T23:03:28","slug":"edital-08-2022-bjl","status":"publish","type":"page","link":"https:\/\/www.ifbaiano.edu.br\/unidades\/lapa\/edital-08-2022-bjl\/","title":{"rendered":"EDITAL N\u00ba 08, de 26 de abril de 2022 PROCESSO SELETIVO PARA MONITORES DOS CURSOS DE GRADUA\u00c7\u00c3O"},"content":{"rendered":"\n<div class=\"wp-block-columns is-layout-flex wp-container-3\">\n<div class=\"wp-block-column is-layout-flow\">\n<h2 id=\"ProreitoriaMeioDireitaTitulo\" style=\"color:#00510f;text-transform:uppercase;border-top: 3px solid #00510F\" class=\"has-inline-color\">Apresenta\u00e7\u00e3o<\/h2>\n<p><strong style=\"text-transform:uppercase\">O Diretor-Geral do Instituto Federal de Educa\u00e7\u00e3o, Ci\u00eancia e Tecnologia Baiano (IF Baiano)&nbsp;\u2013 <em>Campus<\/em> Bom Jesus da Lapa<\/strong>, nomeado pela Portaria n\u00ba 446 de 19\/03\/2018, publicada no DOU de 20\/03\/2018, Se\u00e7\u00e3o 2, p\u00e1gina 54, e de acordo com as disposi\u00e7\u00f5es contidas na Lei n\u00ba 11.892, de 29\/12\/2008 e na Portaria n\u00ba 2.564\/2018 \u2013 RET-GAB\/IFBAIANO, de 26\/09\/2018, e suas altera\u00e7\u00f5es; de acordo com as disposi\u00e7\u00f5es legais em vigor, , torna p\u00fablico o presente Edital que estabelece as\nnormas para sele\u00e7\u00e3o de monitores volunt\u00e1rios de ensino para o Curso de Gradua\u00e7\u00e3o em Engenharia Agron\u00f4mica,\npara o semestre le&#8217;vo 2021.2 (processo 23328.250833.2022-46), em conformidade com a Resolu\u00e7\u00e3o Consup\/IF\nBaiano n\u00ba 08, de 30 de mar\u00e7o de 2016 e Resolu\u00e7\u00e3o Consup\/IF Baiano n\u00ba 90, de 28 de outubro de 2020.<\/p>\n\n\n<\/div>\n\n\n\n<div class=\"wp-block-column is-layout-flow\">\n<h2 id=\"ProreitoriaMeioDireitaTitulo\" style=\"color:#00510f;text-transform:uppercase;border-top: 3px solid #00510F\" class=\"has-inline-color\">Inscri\u00e7\u00f5es<\/h2>\n<p align=\"justify\"><strong>Per\u00edodo:<\/strong> 28\/04\/2022 at\u00e9 \u00e0s 23:59 hs de 02\/052022. <\/p>\n<p align=\"justify\"><strong>Procedimentos:<\/strong>  <\/p>\n<p>As inscri\u00e7\u00f5es ser\u00e3o realizadas de forma EXCLUSIVAMENTE eletr\u00f4nica por meio do link a ser disponibilizado em 28\/4\/2022<\/p>\n<\/div>\n<\/div>\n\n\n\n<div class=\"wp-block-columns is-layout-flex wp-container-6\">\n<div class=\"wp-block-column is-layout-flow\">\n<h2 id=\"ProreitoriaMeioDireitaTitulo\" style=\"color:#00510f;text-transform:uppercase;border-top: 3px solid #00510F\" class=\"has-inline-color\">Editais e Documentos<\/h2>\n\n\n\n<p align=\"justify\"><a href=\"https:\/\/www.ifbaiano.edu.br\/unidades\/lapa\/files\/2022\/05\/Edital-8-RESULTADO-FINAL.pdf\" target=\"_blank\" rel=\"noopener noreferrer\">Resultado Final EDITAL N\u00ba 08 &#8211; Publicado em 30\/05\/2022 (Documento pdf, abre em nova aba)<\/a><\/p>\n\n<p align=\"justify\"><a href=\"https:\/\/www.ifbaiano.edu.br\/unidades\/lapa\/files\/2022\/05\/Edital-8-RESULTADO-PRELIMINAR-1.pdf\" target=\"_blank\" rel=\"noopener noreferrer\">Resultado Preliminar EDITAL N\u00ba 08 &#8211; Publicado em 30\/05\/2022 (Documento pdf, abre em nova aba)<\/a><\/p>\n\n\n<p align=\"justify\"><a href=\"https:\/\/www.ifbaiano.edu.br\/unidades\/lapa\/files\/2022\/05\/edital-8RETIFICACAO-DO-CRONOGRAMA.pdf\" target=\"_blank\" rel=\"noopener noreferrer\">Retifica\u00e7\u00e3o do Cronograma EDITAL N\u00ba 08 &#8211; Publicado em 30\/05\/2022 (Documento pdf, abre em nova aba)<\/a><\/p>\n\n\n<p align=\"justify\"><a href=\"https:\/\/www.ifbaiano.edu.br\/unidades\/lapa\/files\/2022\/04\/documento.pdf\" target=\"_blank\" rel=\"noopener noreferrer\">EDITAL N\u00ba 08, de 26 de abril de 2022 PROCESSO SELETIVO PARA MONITORES DOS CURSOS DE GRADUA\u00c7\u00c3O &#8211; Publicado em 28\/04\/2022 (Documento pdf, abre em nova aba)<\/a><\/p>\n<\/div>\n\n\n\n<div class=\"wp-block-column is-layout-flow\">\n<h2 id=\"ProreitoriaMeioDireitaTitulo\" style=\"color:#00510f;text-transform:uppercase;border-top: 3px solid #00510F\" class=\"has-inline-color\">Contato<\/h2>\n<p align=\"justify\">agronomia@lapa.ifbaiano.edu.br<\/p>\n<\/div>\n<\/div>\n","protected":false},"excerpt":{"rendered":"<p>Apresenta\u00e7\u00e3o O Diretor-Geral do Instituto Federal de Educa\u00e7\u00e3o, Ci\u00eancia e Tecnologia Baiano (IF Baiano)&nbsp;\u2013 Campus Bom Jesus da Lapa, nomeado pela Portaria n\u00ba 446 de 19\/03\/2018, publicada no DOU de 20\/03\/2018, Se\u00e7\u00e3o 2, p\u00e1gina 54, e de acordo com as disposi\u00e7\u00f5es contidas na Lei n\u00ba 11.892, de 29\/12\/2008 e na Portaria n\u00ba 2.564\/2018 \u2013 RET-GAB\/IFBAIANO, [&hellip;]<\/p>\n","protected":false},"author":58,"featured_media":0,"parent":0,"menu_order":0,"comment_status":"closed","ping_status":"closed","template":"","meta":[],"_links":{"self":[{"href":"https:\/\/www.ifbaiano.edu.br\/unidades\/lapa\/wp-json\/wp\/v2\/pages\/23030"}],"collection":[{"href":"https:\/\/www.ifbaiano.edu.br\/unidades\/lapa\/wp-json\/wp\/v2\/pages"}],"about":[{"href":"https:\/\/www.ifbaiano.edu.br\/unidades\/lapa\/wp-json\/wp\/v2\/types\/page"}],"author":[{"embeddable":true,"href":"https:\/\/www.ifbaiano.edu.br\/unidades\/lapa\/wp-json\/wp\/v2\/users\/58"}],"replies":[{"embeddable":true,"href":"https:\/\/www.ifbaiano.edu.br\/unidades\/lapa\/wp-json\/wp\/v2\/comments?post=23030"}],"version-history":[{"count":3,"href":"https:\/\/www.ifbaiano.edu.br\/unidades\/lapa\/wp-json\/wp\/v2\/pages\/23030\/revisions"}],"predecessor-version":[{"id":23204,"href":"https:\/\/www.ifbaiano.edu.br\/unidades\/lapa\/wp-json\/wp\/v2\/pages\/23030\/revisions\/23204"}],"wp:attachment":[{"href":"https:\/\/www.ifbaiano.edu.br\/unidades\/lapa\/wp-json\/wp\/v2\/media?parent=23030"}],"curies":[{"name":"wp","href":"https:\/\/api.w.org\/{rel}","templated":true}]}}

EDITAL Nº 08, de 26 de abril de 2022 PROCESSO SELETIVO PARA MONITORES DOS CURSOS DE GRADUAÇÃO

<div class="wp-block-columns is-layout-flex wp-container-3">
<div class="wp-block-column is-layout-flow">
<h2 id="ProreitoriaMeioDireitaTitulo" style="color:#00510f;text-transform:uppercase;border-top: 3px solid #00510F" class="has-inline-color">Apresentação</h2>
<p><strong style="text-transform:uppercase">O Diretor-Geral do Instituto Federal de Educação, Ciência e Tecnologia Baiano (IF Baiano)&nbsp;– <em>Campus</em> Bom Jesus da Lapa</strong>, nomeado pela Portaria nº 446 de 19/03/2018, publicada no DOU de 20/03/2018, Seção 2, página 54, e de acordo com as disposições contidas na Lei nº 11.892, de 29/12/2008 e na Portaria nº 2.564/2018 – RET-GAB/IFBAIANO, de 26/09/2018, e suas alterações; de acordo com as disposições legais em vigor, , torna público o presente Edital que estabelece as
normas para seleção de monitores voluntários de ensino para o Curso de Graduação em Engenharia Agronômica,
para o semestre le&#8217;vo 2021.2 (processo 23328.250833.2022-46), em conformidade com a Resolução Consup/IF
Baiano nº 08, de 30 de março de 2016 e Resolução Consup/IF Baiano nº 90, de 28 de outubro de 2020.</p>


</div>



<div class="wp-block-column is-layout-flow">
<h2 id="ProreitoriaMeioDireitaTitulo" style="color:#00510f;text-transform:uppercase;border-top: 3px solid #00510F" class="has-inline-color">Inscrições</h2>
<p align="justify"><strong>Período:</strong> 28/04/2022 até às 23:59 hs de 02/052022. </p>
<p align="justify"><strong>Procedimentos:</strong>  </p>
<p>As inscrições serão realizadas de forma EXCLUSIVAMENTE eletrônica por meio do link a ser disponibilizado em 28/4/2022</p>
</div>
</div>



<div class="wp-block-columns is-layout-flex wp-container-6">
<div class="wp-block-column is-layout-flow">
<h2 id="ProreitoriaMeioDireitaTitulo" style="color:#00510f;text-transform:uppercase;border-top: 3px solid #00510F" class="has-inline-color">Editais e Documentos</h2>



<p align="justify"><a href="https://www.ifbaiano.edu.br/unidades/lapa/files/2022/05/Edital-8-RESULTADO-FINAL.pdf" target="_blank" rel="noopener noreferrer">Resultado Final EDITAL Nº 08 &#8211; Publicado em 30/05/2022 (Documento pdf, abre em nova aba)</a></p>

<p align="justify"><a href="https://www.ifbaiano.edu.br/unidades/lapa/files/2022/05/Edital-8-RESULTADO-PRELIMINAR-1.pdf" target="_blank" rel="noopener noreferrer">Resultado Preliminar EDITAL Nº 08 &#8211; Publicado em 30/05/2022 (Documento pdf, abre em nova aba)</a></p>


<p align="justify"><a href="https://www.ifbaiano.edu.br/unidades/lapa/files/2022/05/edital-8RETIFICACAO-DO-CRONOGRAMA.pdf" target="_blank" rel="noopener noreferrer">Retificação do Cronograma EDITAL Nº 08 &#8211; Publicado em 30/05/2022 (Documento pdf, abre em nova aba)</a></p>


<p align="justify"><a href="https://www.ifbaiano.edu.br/unidades/lapa/files/2022/04/documento.pdf" target="_blank" rel="noopener noreferrer">EDITAL Nº 08, de 26 de abril de 2022 PROCESSO SELETIVO PARA MONITORES DOS CURSOS DE GRADUAÇÃO &#8211; Publicado em 28/04/2022 (Documento pdf, abre em nova aba)</a></p>
</div>



<div class="wp-block-column is-layout-flow">
<h2 id="ProreitoriaMeioDireitaTitulo" style="color:#00510f;text-transform:uppercase;border-top: 3px solid #00510F" class="has-inline-color">Contato</h2>
<p align="justify">agronomia@lapa.ifbaiano.edu.br</p>
</div>
</div>

<p>Apresentação O Diretor-Geral do Instituto Federal de Educação, Ciência e Tecnologia Baiano (IF Baiano)&nbsp;– Campus Bom Jesus da Lapa, nomeado pela Portaria nº 446 de 19/03/2018, publicada no DOU de 20/03/2018, Seção 2, página 54, e de acordo com as disposições contidas na Lei nº 11.892, de 29/12/2008 e na Portaria nº 2.564/2018 – RET-GAB/IFBAIANO, [&hellip;]</p>
