{"id":23052,"date":"2022-05-02T23:41:58","date_gmt":"2022-05-03T02:41:58","guid":{"rendered":"https:\/\/www.ifbaiano.edu.br\/unidades\/lapa\/?page_id=23052"},"modified":"2022-06-22T17:52:40","modified_gmt":"2022-06-22T20:52:40","slug":"edital_09_2022","status":"publish","type":"page","link":"https:\/\/www.ifbaiano.edu.br\/unidades\/lapa\/edital_09_2022\/","title":{"rendered":"EDITAL N\u00ba 09, de 02 DE MAIO DE 2022 Programa de Aux\u00edlios Eventuais (PAE)"},"content":{"rendered":"\n<div class=\"wp-block-columns is-layout-flex wp-container-3\">\n<div class=\"wp-block-column is-layout-flow\">\n<h2 id=\"ProreitoriaMeioDireitaTitulo\" style=\"color:#00510f;text-transform:uppercase;border-top: 3px solid #00510F\" class=\"has-inline-color\">Apresenta\u00e7\u00e3o<\/h2>\n<p><strong style=\"text-transform:uppercase\">O Diretor-Geral do Instituto Federal de Educa\u00e7\u00e3o, Ci\u00eancia e Tecnologia Baiano (IF Baiano)&nbsp;\u2013 <em>Campus<\/em> Bom Jesus da Lapa<\/strong>, nomeado pela Portaria n\u00ba 446 de 19\/03\/2018, publicada no DOU de 20\/03\/2018, Se\u00e7\u00e3o 2, p\u00e1gina 54, e de acordo com as disposi\u00e7\u00f5es contidas na Lei n\u00ba 11.892, de 29\/12\/2008 e na Portaria n\u00ba 2.564\/2018 \u2013 RET-GAB\/IFBAIANO, de 26\/09\/2018, e suas altera\u00e7\u00f5es; de acordo com as disposi\u00e7\u00f5es legais em vigor, torna p\u00fablico o presente edital que estabelece as normas e crit\u00e9rios para sele\u00e7\u00e3o de estudantes em vulnerabilidade socioecon\u00f4mica, de cursos presenciais e a dist\u00e2ncia, com a finalidade de participa\u00e7\u00e3o nas a\u00e7\u00f5es de assist\u00eancia estudantil do IF Baiano, por meio do Programa de Aux\u00edlios Eventuais (PAE). <\/p>\n<\/div>\n\n\n\n<div class=\"wp-block-column is-layout-flow\">\n<h2 id=\"ProreitoriaMeioDireitaTitulo\" style=\"color:#00510f;text-transform:uppercase;border-top: 3px solid #00510F\" class=\"has-inline-color\">Como Participar<\/h2>\n<p align=\"justify\"><strong>Procedimentos:<\/strong>  <\/p>\n<p> Os pedidos dos aux\u00edlios ser\u00e3o realizados presencialmente na Sala da Enfermagem do Campus. A Comiss\u00e3o Local de Assist\u00eancia Estudantil e a Coordena\u00e7\u00e3o de Assuntos Estudantis (CAE) ser\u00e3o respons\u00e1veis pela sele\u00e7\u00e3o, execu\u00e7\u00e3o, acompanhamento e avalia\u00e7\u00e3o.<\/p>\n<\/div>\n<\/div>\n\n\n\n<div class=\"wp-block-columns is-layout-flex wp-container-6\">\n<div class=\"wp-block-column is-layout-flow\">\n<h2 id=\"ProreitoriaMeioDireitaTitulo\" style=\"color:#00510f;text-transform:uppercase;border-top: 3px solid #00510F\" class=\"has-inline-color\">Editais e Documentos<\/h2>\n\n<p align=\"justify\"><a href=\"https:\/\/www.ifbaiano.edu.br\/unidades\/lapa\/files\/2022\/05\/Lista-dos-selecionados-PAE.pdf\" target=\"_blank\" rel=\"noopener noreferrer\"> Lista de Selecionados &#8211; Publicado em 19\/05\/2022 (Documento pdf, abre em nova aba)<\/a><\/p>\n\n\n<p align=\"justify\"><a href=\"https:\/\/www.ifbaiano.edu.br\/unidades\/lapa\/files\/2022\/05\/Edital-11-2022-Retifica-o-Edital-09-2022-Programa-de-Auxilio-Eventual-PAE.pdf\" target=\"_blank\" rel=\"noopener noreferrer\"> Edital 11\/2022 &#8211; Retifica\u00e7\u00e3o do Edital 09\/2022- Publicado em 18\/05\/2022 (Documento pdf, abre em nova aba)<\/a><\/p>\n\n<p align=\"justify\"><a href=\"https:\/\/www.ifbaiano.edu.br\/unidades\/lapa\/files\/2022\/05\/documento.pdf\" target=\"_blank\" rel=\"noopener noreferrer\"> Edital 09\/2022 &#8211; Programa de Aux\u00edlios Eventuais &#8211; Publicado em 2\/05\/2022 (Documento pdf, abre em nova aba)<\/a><\/p>\n\n\n\n<p><\/p>\n<\/div>\n\n\n\n<div class=\"wp-block-column is-layout-flow\">\n<h2 id=\"ProreitoriaMeioDireitaTitulo\" style=\"color:#00510f;text-transform:uppercase;border-top: 3px solid #00510F\" class=\"has-inline-color\">Contato<\/h2><p align=\"justify\">clae@lapa.ifbaiano.edu.br<\/p>\n<\/div>\n<\/div>\n\n\n\n<p><\/p>\n","protected":false},"excerpt":{"rendered":"<p>Apresenta\u00e7\u00e3o O Diretor-Geral do Instituto Federal de Educa\u00e7\u00e3o, Ci\u00eancia e Tecnologia Baiano (IF Baiano)&nbsp;\u2013 Campus Bom Jesus da Lapa, nomeado pela Portaria n\u00ba 446 de 19\/03\/2018, publicada no DOU de 20\/03\/2018, Se\u00e7\u00e3o 2, p\u00e1gina 54, e de acordo com as disposi\u00e7\u00f5es contidas na Lei n\u00ba 11.892, de 29\/12\/2008 e na Portaria n\u00ba 2.564\/2018 \u2013 RET-GAB\/IFBAIANO, [&hellip;]<\/p>\n","protected":false},"author":58,"featured_media":0,"parent":0,"menu_order":0,"comment_status":"closed","ping_status":"closed","template":"","meta":[],"_links":{"self":[{"href":"https:\/\/www.ifbaiano.edu.br\/unidades\/lapa\/wp-json\/wp\/v2\/pages\/23052"}],"collection":[{"href":"https:\/\/www.ifbaiano.edu.br\/unidades\/lapa\/wp-json\/wp\/v2\/pages"}],"about":[{"href":"https:\/\/www.ifbaiano.edu.br\/unidades\/lapa\/wp-json\/wp\/v2\/types\/page"}],"author":[{"embeddable":true,"href":"https:\/\/www.ifbaiano.edu.br\/unidades\/lapa\/wp-json\/wp\/v2\/users\/58"}],"replies":[{"embeddable":true,"href":"https:\/\/www.ifbaiano.edu.br\/unidades\/lapa\/wp-json\/wp\/v2\/comments?post=23052"}],"version-history":[{"count":8,"href":"https:\/\/www.ifbaiano.edu.br\/unidades\/lapa\/wp-json\/wp\/v2\/pages\/23052\/revisions"}],"predecessor-version":[{"id":23275,"href":"https:\/\/www.ifbaiano.edu.br\/unidades\/lapa\/wp-json\/wp\/v2\/pages\/23052\/revisions\/23275"}],"wp:attachment":[{"href":"https:\/\/www.ifbaiano.edu.br\/unidades\/lapa\/wp-json\/wp\/v2\/media?parent=23052"}],"curies":[{"name":"wp","href":"https:\/\/api.w.org\/{rel}","templated":true}]}}

EDITAL Nº 09, de 02 DE MAIO DE 2022 Programa de Auxílios Eventuais (PAE)

<div class="wp-block-columns is-layout-flex wp-container-3">
<div class="wp-block-column is-layout-flow">
<h2 id="ProreitoriaMeioDireitaTitulo" style="color:#00510f;text-transform:uppercase;border-top: 3px solid #00510F" class="has-inline-color">Apresentação</h2>
<p><strong style="text-transform:uppercase">O Diretor-Geral do Instituto Federal de Educação, Ciência e Tecnologia Baiano (IF Baiano)&nbsp;– <em>Campus</em> Bom Jesus da Lapa</strong>, nomeado pela Portaria nº 446 de 19/03/2018, publicada no DOU de 20/03/2018, Seção 2, página 54, e de acordo com as disposições contidas na Lei nº 11.892, de 29/12/2008 e na Portaria nº 2.564/2018 – RET-GAB/IFBAIANO, de 26/09/2018, e suas alterações; de acordo com as disposições legais em vigor, torna público o presente edital que estabelece as normas e critérios para seleção de estudantes em vulnerabilidade socioeconômica, de cursos presenciais e a distância, com a finalidade de participação nas ações de assistência estudantil do IF Baiano, por meio do Programa de Auxílios Eventuais (PAE). </p>
</div>



<div class="wp-block-column is-layout-flow">
<h2 id="ProreitoriaMeioDireitaTitulo" style="color:#00510f;text-transform:uppercase;border-top: 3px solid #00510F" class="has-inline-color">Como Participar</h2>
<p align="justify"><strong>Procedimentos:</strong>  </p>
<p> Os pedidos dos auxílios serão realizados presencialmente na Sala da Enfermagem do Campus. A Comissão Local de Assistência Estudantil e a Coordenação de Assuntos Estudantis (CAE) serão responsáveis pela seleção, execução, acompanhamento e avaliação.</p>
</div>
</div>



<div class="wp-block-columns is-layout-flex wp-container-6">
<div class="wp-block-column is-layout-flow">
<h2 id="ProreitoriaMeioDireitaTitulo" style="color:#00510f;text-transform:uppercase;border-top: 3px solid #00510F" class="has-inline-color">Editais e Documentos</h2>

<p align="justify"><a href="https://www.ifbaiano.edu.br/unidades/lapa/files/2022/05/Lista-dos-selecionados-PAE.pdf" target="_blank" rel="noopener noreferrer"> Lista de Selecionados &#8211; Publicado em 19/05/2022 (Documento pdf, abre em nova aba)</a></p>


<p align="justify"><a href="https://www.ifbaiano.edu.br/unidades/lapa/files/2022/05/Edital-11-2022-Retifica-o-Edital-09-2022-Programa-de-Auxilio-Eventual-PAE.pdf" target="_blank" rel="noopener noreferrer"> Edital 11/2022 &#8211; Retificação do Edital 09/2022- Publicado em 18/05/2022 (Documento pdf, abre em nova aba)</a></p>

<p align="justify"><a href="https://www.ifbaiano.edu.br/unidades/lapa/files/2022/05/documento.pdf" target="_blank" rel="noopener noreferrer"> Edital 09/2022 &#8211; Programa de Auxílios Eventuais &#8211; Publicado em 2/05/2022 (Documento pdf, abre em nova aba)</a></p>



<p></p>
</div>



<div class="wp-block-column is-layout-flow">
<h2 id="ProreitoriaMeioDireitaTitulo" style="color:#00510f;text-transform:uppercase;border-top: 3px solid #00510F" class="has-inline-color">Contato</h2><p align="justify">clae@lapa.ifbaiano.edu.br</p>
</div>
</div>



<p></p>

<p>Apresentação O Diretor-Geral do Instituto Federal de Educação, Ciência e Tecnologia Baiano (IF Baiano)&nbsp;– Campus Bom Jesus da Lapa, nomeado pela Portaria nº 446 de 19/03/2018, publicada no DOU de 20/03/2018, Seção 2, página 54, e de acordo com as disposições contidas na Lei nº 11.892, de 29/12/2008 e na Portaria nº 2.564/2018 – RET-GAB/IFBAIANO, [&hellip;]</p>
