{"id":23125,"date":"2022-05-16T18:05:21","date_gmt":"2022-05-16T21:05:21","guid":{"rendered":"https:\/\/www.ifbaiano.edu.br\/unidades\/lapa\/?page_id=23125"},"modified":"2022-06-22T17:54:47","modified_gmt":"2022-06-22T20:54:47","slug":"edital-no-12-de-16-de-maio-de-2022-processo-seletivo-simplificado-para-selecao-de-tecnicosas-para-atuacao-em-projeto-de-extensao-no-programa-agroifnordeste","status":"publish","type":"page","link":"https:\/\/www.ifbaiano.edu.br\/unidades\/lapa\/edital-no-12-de-16-de-maio-de-2022-processo-seletivo-simplificado-para-selecao-de-tecnicosas-para-atuacao-em-projeto-de-extensao-no-programa-agroifnordeste\/","title":{"rendered":"EDITAL N\u00ba 12, DE 16 DE MAIO DE 2022 &#8211; Processo Seletivo Simplificado para sele\u00e7\u00e3o de t\u00e9cnicos(as) para atua\u00e7\u00e3o em Projeto de Extens\u00e3o no Programa AgroIFNordeste"},"content":{"rendered":"\n<div class=\"wp-block-columns is-layout-flex wp-container-3\">\n<div class=\"wp-block-column is-layout-flow\">\n<h2 id=\"ProreitoriaMeioDireitaTitulo\" style=\"color:#00510f;text-transform:uppercase;border-top: 3px solid #00510F\" class=\"has-inline-color\">Apresenta\u00e7\u00e3o<\/h2>\n<p><strong style=\"text-transform:uppercase\">O Diretor-Geral do Instituto Federal de Educa\u00e7\u00e3o, Ci\u00eancia e Tecnologia Baiano (IF Baiano)&nbsp;\u2013 <em>Campus<\/em> Bom Jesus da Lapa<\/strong>, nomeado pela Portaria n\u00ba 446 de 19\/03\/2018, publicada no DOU de 20\/03\/2018, Se\u00e7\u00e3o 2, p\u00e1gina 54, e de acordo com as disposi\u00e7\u00f5es contidas na Lei n\u00ba 11.892, de 29\/12\/2008 e na Portaria n\u00ba 2.564\/2018 \u2013 RET-GAB\/IFBAIANO, de 26\/09\/2018, e suas altera\u00e7\u00f5es; de acordo com as disposi\u00e7\u00f5es legais em vigor, torna p\u00fablico o presente edital com as normas para a sele\u00e7\u00e3o de Residentes Bolsistas, des6nados a T\u00e9cnicos de N\u00cdVEL M\u00c9DIO\nE SUPERIOR na \u00e1rea de ci\u00eancias agr\u00e1rias e afins, conforme processo 23328.251126.2021-96, para par6ciparem do Projeto\nAgroIFNordeste \u2013 vinculado ao Plano AgroNordeste do Minist\u00e9rio da Agricultura Pecu\u00e1ria e Abastecimento (MAPA), voltado \u00e0\nsele\u00e7\u00e3o de candidatos para o Programa de Resid\u00eancia Profissional Agr\u00edcola (PRPA).<\/p>\n<\/div>\n\n\n\n<div class=\"wp-block-column is-layout-flow\">\n<h2 id=\"ProreitoriaMeioDireitaTitulo\" style=\"color:#00510f;text-transform:uppercase;border-top: 3px solid #00510F\" class=\"has-inline-color\">Inscri\u00e7\u00f5es<\/h2>\n<p align=\"justify\"><strong>Per\u00edodo:<\/strong> At\u00e9 23h e 59 min de 22 de Maio de 2022 <\/p>\n<p align=\"justify\"><strong>Procedimentos:<\/strong>  <\/p>\nPara inscrever-se o candidato dever\u00e1 preencher o FORMUL\u00c1RIO DE INSCRI\u00c7\u00c3O, Anexo I deste edital e encaminhar juntamente com os documentos relacionados abaixo, organizados em arquivo \u00fanico, no formato PDF, para o email informado conforme as orienta\u00e7\u00f5es contidas no edital.\n<\/div>\n<\/div>\n\n\n\n<div class=\"wp-block-columns is-layout-flex wp-container-6\">\n<div class=\"wp-block-column is-layout-flow\">\n<h2 id=\"ProreitoriaMeioDireitaTitulo\" style=\"color:#00510f;text-transform:uppercase;border-top: 3px solid #00510F\" class=\"has-inline-color\">Editais e Documentos<\/h2>\n\n\n\n<p align=\"justify\"><a href=\"https:\/\/www.ifbaiano.edu.br\/unidades\/lapa\/files\/2022\/05\/Resultado-Final-edital-12_2022.pdf\" target=\"_blank\" rel=\"noopener noreferrer\">RESULTADO FINAL, publicado 25\/05\/2022 (Documento pdf, abre em nova aba)<\/a><\/p>\n\n\n<p align=\"justify\"><a href=\"https:\/\/www.ifbaiano.edu.br\/unidades\/lapa\/files\/2022\/05\/documento-1.pdf\" target=\"_blank\" rel=\"noopener noreferrer\">Homologa\u00e7\u00e3o das Inscri\u00e7\u00f5es e Resultado Preliminar, publicado 23\/05\/2022 (Documento pdf, abre em nova aba)<\/a><\/p>\n\n\n<p align=\"justify\"><a href=\"https:\/\/www.ifbaiano.edu.br\/unidades\/lapa\/files\/2022\/05\/Edital-12-2022-Processo-Seletivo-Simplificado-para-selecao-de-tecnicosas-para-atuacao-em-Projeto-de-Extensao-no-Programa.pdf\" target=\"_blank\" rel=\"noopener noreferrer\">EDITAL N\u00ba 12, DE 16 DE MAIO DE 2022 (Documento pdf, abre em nova aba)<\/a><\/p>\n\n<p align=\"justify\"><a href=\"https:\/\/www.ifbaiano.edu.br\/unidades\/lapa\/files\/2022\/05\/Anexo-I-Ficha-de-Inscricao.pdf\" target=\"_blank\" rel=\"noopener noreferrer\">Anexo I &#8211; Edital 12\/2022, publicado 16\/05\/2022 (Documento pdf, abre em nova aba)<\/a><\/p>\n\n\n\n<p><\/p>\n<\/div>\n\n\n\n<div class=\"wp-block-column is-layout-flow\">\n<h2 id=\"ProreitoriaMeioDireitaTitulo\" style=\"color:#00510f;text-transform:uppercase;border-top: 3px solid #00510F\" class=\"has-inline-color\">Contato<\/h2>\n<p align=\"justify\">agroifnordeste@lapa.ibaiano.edu.br <\/p>\n<\/div>\n<\/div>\n\n\n\n<p><\/p>\n","protected":false},"excerpt":{"rendered":"<p>Apresenta\u00e7\u00e3o O Diretor-Geral do Instituto Federal de Educa\u00e7\u00e3o, Ci\u00eancia e Tecnologia Baiano (IF Baiano)&nbsp;\u2013 Campus Bom Jesus da Lapa, nomeado pela Portaria n\u00ba 446 de 19\/03\/2018, publicada no DOU de 20\/03\/2018, Se\u00e7\u00e3o 2, p\u00e1gina 54, e de acordo com as disposi\u00e7\u00f5es contidas na Lei n\u00ba 11.892, de 29\/12\/2008 e na Portaria n\u00ba 2.564\/2018 \u2013 RET-GAB\/IFBAIANO, [&hellip;]<\/p>\n","protected":false},"author":58,"featured_media":0,"parent":0,"menu_order":0,"comment_status":"closed","ping_status":"closed","template":"","meta":[],"_links":{"self":[{"href":"https:\/\/www.ifbaiano.edu.br\/unidades\/lapa\/wp-json\/wp\/v2\/pages\/23125"}],"collection":[{"href":"https:\/\/www.ifbaiano.edu.br\/unidades\/lapa\/wp-json\/wp\/v2\/pages"}],"about":[{"href":"https:\/\/www.ifbaiano.edu.br\/unidades\/lapa\/wp-json\/wp\/v2\/types\/page"}],"author":[{"embeddable":true,"href":"https:\/\/www.ifbaiano.edu.br\/unidades\/lapa\/wp-json\/wp\/v2\/users\/58"}],"replies":[{"embeddable":true,"href":"https:\/\/www.ifbaiano.edu.br\/unidades\/lapa\/wp-json\/wp\/v2\/comments?post=23125"}],"version-history":[{"count":6,"href":"https:\/\/www.ifbaiano.edu.br\/unidades\/lapa\/wp-json\/wp\/v2\/pages\/23125\/revisions"}],"predecessor-version":[{"id":23278,"href":"https:\/\/www.ifbaiano.edu.br\/unidades\/lapa\/wp-json\/wp\/v2\/pages\/23125\/revisions\/23278"}],"wp:attachment":[{"href":"https:\/\/www.ifbaiano.edu.br\/unidades\/lapa\/wp-json\/wp\/v2\/media?parent=23125"}],"curies":[{"name":"wp","href":"https:\/\/api.w.org\/{rel}","templated":true}]}}

EDITAL Nº 12, DE 16 DE MAIO DE 2022 &#8211; Processo Seletivo Simplificado para seleção de técnicos(as) para atuação em Projeto de Extensão no Programa AgroIFNordeste

<div class="wp-block-columns is-layout-flex wp-container-3">
<div class="wp-block-column is-layout-flow">
<h2 id="ProreitoriaMeioDireitaTitulo" style="color:#00510f;text-transform:uppercase;border-top: 3px solid #00510F" class="has-inline-color">Apresentação</h2>
<p><strong style="text-transform:uppercase">O Diretor-Geral do Instituto Federal de Educação, Ciência e Tecnologia Baiano (IF Baiano)&nbsp;– <em>Campus</em> Bom Jesus da Lapa</strong>, nomeado pela Portaria nº 446 de 19/03/2018, publicada no DOU de 20/03/2018, Seção 2, página 54, e de acordo com as disposições contidas na Lei nº 11.892, de 29/12/2008 e na Portaria nº 2.564/2018 – RET-GAB/IFBAIANO, de 26/09/2018, e suas alterações; de acordo com as disposições legais em vigor, torna público o presente edital com as normas para a seleção de Residentes Bolsistas, des6nados a Técnicos de NÍVEL MÉDIO
E SUPERIOR na área de ciências agrárias e afins, conforme processo 23328.251126.2021-96, para par6ciparem do Projeto
AgroIFNordeste – vinculado ao Plano AgroNordeste do Ministério da Agricultura Pecuária e Abastecimento (MAPA), voltado à
seleção de candidatos para o Programa de Residência Profissional Agrícola (PRPA).</p>
</div>



<div class="wp-block-column is-layout-flow">
<h2 id="ProreitoriaMeioDireitaTitulo" style="color:#00510f;text-transform:uppercase;border-top: 3px solid #00510F" class="has-inline-color">Inscrições</h2>
<p align="justify"><strong>Período:</strong> Até 23h e 59 min de 22 de Maio de 2022 </p>
<p align="justify"><strong>Procedimentos:</strong>  </p>
Para inscrever-se o candidato deverá preencher o FORMULÁRIO DE INSCRIÇÃO, Anexo I deste edital e encaminhar juntamente com os documentos relacionados abaixo, organizados em arquivo único, no formato PDF, para o email informado conforme as orientações contidas no edital.
</div>
</div>



<div class="wp-block-columns is-layout-flex wp-container-6">
<div class="wp-block-column is-layout-flow">
<h2 id="ProreitoriaMeioDireitaTitulo" style="color:#00510f;text-transform:uppercase;border-top: 3px solid #00510F" class="has-inline-color">Editais e Documentos</h2>



<p align="justify"><a href="https://www.ifbaiano.edu.br/unidades/lapa/files/2022/05/Resultado-Final-edital-12_2022.pdf" target="_blank" rel="noopener noreferrer">RESULTADO FINAL, publicado 25/05/2022 (Documento pdf, abre em nova aba)</a></p>


<p align="justify"><a href="https://www.ifbaiano.edu.br/unidades/lapa/files/2022/05/documento-1.pdf" target="_blank" rel="noopener noreferrer">Homologação das Inscrições e Resultado Preliminar, publicado 23/05/2022 (Documento pdf, abre em nova aba)</a></p>


<p align="justify"><a href="https://www.ifbaiano.edu.br/unidades/lapa/files/2022/05/Edital-12-2022-Processo-Seletivo-Simplificado-para-selecao-de-tecnicosas-para-atuacao-em-Projeto-de-Extensao-no-Programa.pdf" target="_blank" rel="noopener noreferrer">EDITAL Nº 12, DE 16 DE MAIO DE 2022 (Documento pdf, abre em nova aba)</a></p>

<p align="justify"><a href="https://www.ifbaiano.edu.br/unidades/lapa/files/2022/05/Anexo-I-Ficha-de-Inscricao.pdf" target="_blank" rel="noopener noreferrer">Anexo I &#8211; Edital 12/2022, publicado 16/05/2022 (Documento pdf, abre em nova aba)</a></p>



<p></p>
</div>



<div class="wp-block-column is-layout-flow">
<h2 id="ProreitoriaMeioDireitaTitulo" style="color:#00510f;text-transform:uppercase;border-top: 3px solid #00510F" class="has-inline-color">Contato</h2>
<p align="justify">agroifnordeste@lapa.ibaiano.edu.br </p>
</div>
</div>



<p></p>

<p>Apresentação O Diretor-Geral do Instituto Federal de Educação, Ciência e Tecnologia Baiano (IF Baiano)&nbsp;– Campus Bom Jesus da Lapa, nomeado pela Portaria nº 446 de 19/03/2018, publicada no DOU de 20/03/2018, Seção 2, página 54, e de acordo com as disposições contidas na Lei nº 11.892, de 29/12/2008 e na Portaria nº 2.564/2018 – RET-GAB/IFBAIANO, [&hellip;]</p>
