{"id":23328,"date":"2022-06-28T19:45:41","date_gmt":"2022-06-28T22:45:41","guid":{"rendered":"https:\/\/www.ifbaiano.edu.br\/unidades\/lapa\/?page_id=23328"},"modified":"2022-09-03T11:11:57","modified_gmt":"2022-09-03T14:11:57","slug":"edital-16-2022-vagas-remanes-gti","status":"publish","type":"page","link":"https:\/\/www.ifbaiano.edu.br\/unidades\/lapa\/edital-16-2022-vagas-remanes-gti\/","title":{"rendered":"EDITAL N\u00ba 16, DE 28 DE JUNHO DE 2022 &#8211; SELE\u00c7\u00c3O DE CANDIDATOS(AS) PARA PREENCHIMENTO DE VAGAS REMANESCENTES DO CURSO SUPERIOR DE &#8211; TECNOLOGIA EM GEST\u00c3O DA TECNOLOGIA DA INFORMA\u00c7\u00c3O"},"content":{"rendered":"\n<div class=\"wp-block-columns is-layout-flex wp-container-3\">\n<div class=\"wp-block-column is-layout-flow\">\n<h2 id=\"ProreitoriaMeioDireitaTitulo\" style=\"color:#00510f;text-transform:uppercase;border-top: 3px solid #00510F\" class=\"has-inline-color\">Apresenta\u00e7\u00e3o<\/h2>\n\n<p><strong style=\"text-transform:uppercase\">O Substituto do Diretor-Geral do Instituto Federal de Educa\u00e7\u00e3o, Ci\u00eancia e Tecnologia Baiano (IF Baiano)&nbsp;\u2013 <em>Campus<\/em> Bom Jesus da Lapa<\/strong>, no uso de suas atribui\u00e7\u00f5es legais conferidas pela Portaria 1158\/2020 &#8211; RET-GAB\/RET\/IFBAIANO, de 04\/11\/2020, publicada no BSI n\u00ba 11, de 30\/11\/2020, p\u00e1gina 298, e de acordo com as disposi\u00e7\u00f5es contidas na Lei n\u00ba 11.892, de 29\/12\/2008, no Regimento Geral do IF Baiano e na Portaria Normativa 13\/2022 &#8211; RET-GAB\/RET\/IFBAIANO, de 11 de mar\u00e7o de 2022, em conformidade com a Lei N\u00ba 9.394, de 20 de dezembro de 1996, alterada pela Lei n\u00ba 12.796, de 04 de abril de 2013 e ainda considerando a Portaria MEC n\u00ba 18, de 11 de outubro de 2012, torna p\u00fablico o presente Edital para o preenchimento de vagas remanescentes do SiSU 2022.1, no curso de tecnologia em Gest\u00e3o da Tecnologia da Informa\u00e7\u00e3o, ofertado pelo IF Baiano &#8211; Campus Bom Jesus da Lapa conforme processo 23328.251274.2022-91, para ingresso no per\u00edodo letivo 2022.1, por meio das notas do ENEM das edi\u00e7\u00f5es de 2015 at\u00e9 2021, a partir da apresenta\u00e7\u00e3o do Boletim do ENEM da referida edi\u00e7\u00e3o.<\/p>\n\n\n\n<p><\/p>\n<\/div>\n\n\n\n<div class=\"wp-block-column is-layout-flow\">\n<h2 id=\"ProreitoriaMeioDireitaTitulo\" style=\"color:#00510f;text-transform:uppercase;border-top: 3px solid #00510F\" class=\"has-inline-color\">Inscri\u00e7\u00f5es<\/h2>\n<p align=\"justify\"><strong>Per\u00edodo:<\/strong> 01\/07\/2022 a 06\/07\/2022 <\/p>\n<\/div>\n<\/div>\n\n\n\n<div class=\"wp-block-columns is-layout-flex wp-container-6\">\n<div class=\"wp-block-column is-layout-flow\">\n<h2 id=\"ProreitoriaMeioDireitaTitulo\" style=\"color:#00510f;text-transform:uppercase;border-top: 3px solid #00510F\" class=\"has-inline-color\">\n    Editais e Documentos\n<\/h2>\n\n\n<p align=\"justify\"><a href=\"https:\/\/www.ifbaiano.edu.br\/unidades\/lapa\/files\/2022\/09\/Convocacao-dosas-candidatosas-para-realizacao-de-matriculas-no-curso-GTI.pdf\" target=\"_blank\" rel=\"noopener noreferrer\">Convoca\u00e7\u00e3o para realiza\u00e7\u00e3o de  matr\u00edcula &#8211; Lista de Espera &#8211; Publicado em 03 de setembro de 2022<\/a><\/p>\n\n<p align=\"justify\"><a href=\"https:\/\/www.ifbaiano.edu.br\/unidades\/lapa\/files\/2022\/07\/Convocacao-para-realizacao-de-Matricula.pdf\" target=\"_blank\" rel=\"noopener noreferrer\">Convoca\u00e7\u00e3o para realiza\u00e7\u00e3o de  matr\u00edcula &#8211; Publicado em 25 de julho de 2022<\/a><\/p>\n\n<p align=\"justify\"><a href=\"https:\/\/www.ifbaiano.edu.br\/unidades\/lapa\/files\/2022\/07\/Resultado-final-dos-classificados.pdf\" target=\"_blank\" rel=\"noopener noreferrer\">Resultado Final dos Candidatos Classificados &#8211; Publicado em 22 de julho de 2022<\/a><\/p>\n\n<p align=\"justify\"><a href=\"https:\/\/www.ifbaiano.edu.br\/unidades\/lapa\/files\/2022\/07\/Resultado-da-Lista-dos-Candidatos-Homologados-GTI.pdf\" target=\"_blank\" rel=\"noopener noreferrer\">Resultado da Lista dos Candidatos Homologados &#8211; Publicado em 14 de julho de 2022<\/a><\/p>\n\n<p align=\"justify\"><a href=\"https:\/\/www.ifbaiano.edu.br\/unidades\/lapa\/files\/2022\/07\/Classificacao-Preliminar-dos-Candidatos-GTI.pdf\" target=\"_blank\" rel=\"noopener noreferrer\">CLASSIFICA\u00c7\u00c3O PRELIMINAR  &#8211; Publicado em 14 de julho de 2022<\/a><\/p>\n\n<p align=\"justify\"><a href=\"https:\/\/www.ifbaiano.edu.br\/unidades\/lapa\/files\/2022\/07\/Resultado-da-lista-preliminar-dos-Candidatos-homologados-GTI.pdf\" target=\"_blank\" rel=\"noopener noreferrer\">RESULTADO PRELIMINAR  &#8211; Publicado em 08 de julho de 2022<\/a><\/p>\n\n<p align=\"justify\"><a href=\"https:\/\/www.ifbaiano.edu.br\/unidades\/lapa\/files\/2022\/07\/Edital-de-Retificacao-17_2022.pdf\" target=\"_blank\" rel=\"noopener noreferrer\">Edital de Retifica\u00e7\u00e3o 17\/2022 &#8211; Publicado em 01 de julho de 2022<\/a><\/p>\n\n<p align=\"justify\"><a href=\"https:\/\/www.ifbaiano.edu.br\/unidades\/lapa\/files\/2022\/06\/Edital-16_2022-Vagas-Remanescentes-GTI.pdf\" target=\"_blank\" rel=\"noopener noreferrer\">Edital 16\/2022 &#8211; Publicado em 28 de junho de 2022<\/a><\/p>\n<\/div>\n\n\n\n<div class=\"wp-block-column is-layout-flow\">\n<h2 id=\"ProreitoriaMeioDireitaTitulo\" style=\"color:#00510f;text-transform:uppercase;border-top: 3px solid #00510F\" class=\"has-inline-color\">Contato<\/h2>\n<p align=\"justify\">prosel@lapa.ifbaiano.edu.br<\/p>\n<p align=\"justify\">(77) 99987-7963 (Whatsapp)<\/p>\n<\/div>\n<\/div>\n","protected":false},"excerpt":{"rendered":"<p>Apresenta\u00e7\u00e3o O Substituto do Diretor-Geral do Instituto Federal de Educa\u00e7\u00e3o, Ci\u00eancia e Tecnologia Baiano (IF Baiano)&nbsp;\u2013 Campus Bom Jesus da Lapa, no uso de suas atribui\u00e7\u00f5es legais conferidas pela Portaria 1158\/2020 &#8211; RET-GAB\/RET\/IFBAIANO, de 04\/11\/2020, publicada no BSI n\u00ba 11, de 30\/11\/2020, p\u00e1gina 298, e de acordo com as disposi\u00e7\u00f5es contidas na Lei n\u00ba 11.892, [&hellip;]<\/p>\n","protected":false},"author":58,"featured_media":0,"parent":0,"menu_order":0,"comment_status":"closed","ping_status":"closed","template":"","meta":[],"_links":{"self":[{"href":"https:\/\/www.ifbaiano.edu.br\/unidades\/lapa\/wp-json\/wp\/v2\/pages\/23328"}],"collection":[{"href":"https:\/\/www.ifbaiano.edu.br\/unidades\/lapa\/wp-json\/wp\/v2\/pages"}],"about":[{"href":"https:\/\/www.ifbaiano.edu.br\/unidades\/lapa\/wp-json\/wp\/v2\/types\/page"}],"author":[{"embeddable":true,"href":"https:\/\/www.ifbaiano.edu.br\/unidades\/lapa\/wp-json\/wp\/v2\/users\/58"}],"replies":[{"embeddable":true,"href":"https:\/\/www.ifbaiano.edu.br\/unidades\/lapa\/wp-json\/wp\/v2\/comments?post=23328"}],"version-history":[{"count":10,"href":"https:\/\/www.ifbaiano.edu.br\/unidades\/lapa\/wp-json\/wp\/v2\/pages\/23328\/revisions"}],"predecessor-version":[{"id":23580,"href":"https:\/\/www.ifbaiano.edu.br\/unidades\/lapa\/wp-json\/wp\/v2\/pages\/23328\/revisions\/23580"}],"wp:attachment":[{"href":"https:\/\/www.ifbaiano.edu.br\/unidades\/lapa\/wp-json\/wp\/v2\/media?parent=23328"}],"curies":[{"name":"wp","href":"https:\/\/api.w.org\/{rel}","templated":true}]}}

EDITAL Nº 16, DE 28 DE JUNHO DE 2022 &#8211; SELEÇÃO DE CANDIDATOS(AS) PARA PREENCHIMENTO DE VAGAS REMANESCENTES DO CURSO SUPERIOR DE &#8211; TECNOLOGIA EM GESTÃO DA TECNOLOGIA DA INFORMAÇÃO

<div class="wp-block-columns is-layout-flex wp-container-3">
<div class="wp-block-column is-layout-flow">
<h2 id="ProreitoriaMeioDireitaTitulo" style="color:#00510f;text-transform:uppercase;border-top: 3px solid #00510F" class="has-inline-color">Apresentação</h2>

<p><strong style="text-transform:uppercase">O Substituto do Diretor-Geral do Instituto Federal de Educação, Ciência e Tecnologia Baiano (IF Baiano)&nbsp;– <em>Campus</em> Bom Jesus da Lapa</strong>, no uso de suas atribuições legais conferidas pela Portaria 1158/2020 &#8211; RET-GAB/RET/IFBAIANO, de 04/11/2020, publicada no BSI nº 11, de 30/11/2020, página 298, e de acordo com as disposições contidas na Lei nº 11.892, de 29/12/2008, no Regimento Geral do IF Baiano e na Portaria Normativa 13/2022 &#8211; RET-GAB/RET/IFBAIANO, de 11 de março de 2022, em conformidade com a Lei Nº 9.394, de 20 de dezembro de 1996, alterada pela Lei nº 12.796, de 04 de abril de 2013 e ainda considerando a Portaria MEC nº 18, de 11 de outubro de 2012, torna público o presente Edital para o preenchimento de vagas remanescentes do SiSU 2022.1, no curso de tecnologia em Gestão da Tecnologia da Informação, ofertado pelo IF Baiano &#8211; Campus Bom Jesus da Lapa conforme processo 23328.251274.2022-91, para ingresso no período letivo 2022.1, por meio das notas do ENEM das edições de 2015 até 2021, a partir da apresentação do Boletim do ENEM da referida edição.</p>



<p></p>
</div>



<div class="wp-block-column is-layout-flow">
<h2 id="ProreitoriaMeioDireitaTitulo" style="color:#00510f;text-transform:uppercase;border-top: 3px solid #00510F" class="has-inline-color">Inscrições</h2>
<p align="justify"><strong>Período:</strong> 01/07/2022 a 06/07/2022 </p>
</div>
</div>



<div class="wp-block-columns is-layout-flex wp-container-6">
<div class="wp-block-column is-layout-flow">
<h2 id="ProreitoriaMeioDireitaTitulo" style="color:#00510f;text-transform:uppercase;border-top: 3px solid #00510F" class="has-inline-color">
    Editais e Documentos
</h2>


<p align="justify"><a href="https://www.ifbaiano.edu.br/unidades/lapa/files/2022/09/Convocacao-dosas-candidatosas-para-realizacao-de-matriculas-no-curso-GTI.pdf" target="_blank" rel="noopener noreferrer">Convocação para realização de  matrícula &#8211; Lista de Espera &#8211; Publicado em 03 de setembro de 2022</a></p>

<p align="justify"><a href="https://www.ifbaiano.edu.br/unidades/lapa/files/2022/07/Convocacao-para-realizacao-de-Matricula.pdf" target="_blank" rel="noopener noreferrer">Convocação para realização de  matrícula &#8211; Publicado em 25 de julho de 2022</a></p>

<p align="justify"><a href="https://www.ifbaiano.edu.br/unidades/lapa/files/2022/07/Resultado-final-dos-classificados.pdf" target="_blank" rel="noopener noreferrer">Resultado Final dos Candidatos Classificados &#8211; Publicado em 22 de julho de 2022</a></p>

<p align="justify"><a href="https://www.ifbaiano.edu.br/unidades/lapa/files/2022/07/Resultado-da-Lista-dos-Candidatos-Homologados-GTI.pdf" target="_blank" rel="noopener noreferrer">Resultado da Lista dos Candidatos Homologados &#8211; Publicado em 14 de julho de 2022</a></p>

<p align="justify"><a href="https://www.ifbaiano.edu.br/unidades/lapa/files/2022/07/Classificacao-Preliminar-dos-Candidatos-GTI.pdf" target="_blank" rel="noopener noreferrer">CLASSIFICAÇÃO PRELIMINAR  &#8211; Publicado em 14 de julho de 2022</a></p>

<p align="justify"><a href="https://www.ifbaiano.edu.br/unidades/lapa/files/2022/07/Resultado-da-lista-preliminar-dos-Candidatos-homologados-GTI.pdf" target="_blank" rel="noopener noreferrer">RESULTADO PRELIMINAR  &#8211; Publicado em 08 de julho de 2022</a></p>

<p align="justify"><a href="https://www.ifbaiano.edu.br/unidades/lapa/files/2022/07/Edital-de-Retificacao-17_2022.pdf" target="_blank" rel="noopener noreferrer">Edital de Retificação 17/2022 &#8211; Publicado em 01 de julho de 2022</a></p>

<p align="justify"><a href="https://www.ifbaiano.edu.br/unidades/lapa/files/2022/06/Edital-16_2022-Vagas-Remanescentes-GTI.pdf" target="_blank" rel="noopener noreferrer">Edital 16/2022 &#8211; Publicado em 28 de junho de 2022</a></p>
</div>



<div class="wp-block-column is-layout-flow">
<h2 id="ProreitoriaMeioDireitaTitulo" style="color:#00510f;text-transform:uppercase;border-top: 3px solid #00510F" class="has-inline-color">Contato</h2>
<p align="justify">prosel@lapa.ifbaiano.edu.br</p>
<p align="justify">(77) 99987-7963 (Whatsapp)</p>
</div>
</div>

<p>Apresentação O Substituto do Diretor-Geral do Instituto Federal de Educação, Ciência e Tecnologia Baiano (IF Baiano)&nbsp;– Campus Bom Jesus da Lapa, no uso de suas atribuições legais conferidas pela Portaria 1158/2020 &#8211; RET-GAB/RET/IFBAIANO, de 04/11/2020, publicada no BSI nº 11, de 30/11/2020, página 298, e de acordo com as disposições contidas na Lei nº 11.892, [&hellip;]</p>
