{"id":23404,"date":"2022-07-18T21:29:26","date_gmt":"2022-07-19T00:29:26","guid":{"rendered":"https:\/\/www.ifbaiano.edu.br\/unidades\/lapa\/?page_id=23404"},"modified":"2022-08-02T21:10:24","modified_gmt":"2022-08-03T00:10:24","slug":"edital-18-2022","status":"publish","type":"page","link":"https:\/\/www.ifbaiano.edu.br\/unidades\/lapa\/edital-18-2022\/","title":{"rendered":"Edital 18 de 18 de Julho de 2022 &#8211; Preenchimento de vagas ociosas no curso gradua\u00e7\u00e3o de Engenharia Agron\u00f4mica"},"content":{"rendered":"\n<div class=\"wp-block-columns is-layout-flex wp-container-3\">\n<div class=\"wp-block-column is-layout-flow\">\n<h2 id=\"ProreitoriaMeioDireitaTitulo\" style=\"color:#00510f;text-transform:uppercase;border-top: 3px solid #00510F\" class=\"has-inline-color\">\n    Apresenta\u00e7\u00e3o\n<\/h2>\n\n<p>\n    <strong style=\"text-transform:uppercase\">\n        O Diretor-Geral do Instituto Federal de Educa\u00e7\u00e3o, Ci\u00eancia e Tecnologia Baiano (IF Baiano)&nbsp;\u2013 <em>Campus<\/em> Bom Jesus da Lapa<\/strong>  no uso de suas atribui\u00e7\u00f5es legais conferidas pela Portaria n\u00ba 275, de 18\/03\/2022, publicada no DOU de 21\/03\/2022, Se\u00e7\u00e3o 2, p\u00e1gina 26, e de acordo com as disposi\u00e7\u00f5es contidas na Lei n\u00ba 11.892, de 29\/12\/2008, no Regimento Geral do IF Baiano e na Portaria Normativa 13\/2022 &#8211; RETGAB\/RET\/IFBAIANO, de 11 de mar\u00e7o de 2022, torna p\u00fablico o presente Edital para preenchimento de vagas ociosas no curso gradua\u00e7\u00e3o de Engenharia Agron\u00f4mica ofertado pelo Campus Bom Jesus da Lapa, para ingresso no primeiro semestre letivo de 2022 (com in\u00edcio em agosto de 2022). As vagas poder\u00e3o ser preenchidas por Transfer\u00eancia Interna ou Externa, por Reop\u00e7\u00e3o de Curso, por Portador de Diploma de Educa\u00e7\u00e3o Superior em \u00e1reas afins, oriundos de Institui\u00e7\u00f5es de Ensino Superior, de acordo com a Organiza\u00e7\u00e3o Did\u00e1tica dos Cursos da Educa\u00e7\u00e3o Superior do Instituto Federal de Educa\u00e7\u00e3o, Ci\u00eancia e Tecnologia Baiano (IF Baiano), conforme Resolu\u00e7\u00e3o n\u00b0 64 do Conselho Superior\/IF Baiano, de 31 de mar\u00e7o de 2020.\n<\/p>\n\n\n\n<p><\/p>\n<\/div>\n\n\n\n<div class=\"wp-block-column is-layout-flow\">\n<h2 id=\"ProreitoriaMeioDireitaTitulo\" style=\"color:#00510f;text-transform:uppercase;border-top: 3px solid #00510F\" class=\"has-inline-color\">\n    Inscri\u00e7\u00f5es\n<\/h2>\n\n<p align=\"justify\">\n    <strong>Per\u00edodo:<\/strong>\n<\/p>\n\n<p> 20 a 26 de julho de 2022 <\/p>\n<\/div>\n<\/div>\n\n\n\n<div class=\"wp-block-columns is-layout-flex wp-container-6\">\n<div class=\"wp-block-column is-layout-flow\">\n<h2 id=\"ProreitoriaMeioDireitaTitulo\" style=\"color:#00510f;text-transform:uppercase;border-top: 3px solid #00510F\" class=\"has-inline-color\">\n    Editais e Documentos\n<\/h2>\n\n<p align=\"justify\">\n    <a href=\"https:\/\/www.ifbaiano.edu.br\/unidades\/lapa\/files\/2022\/08\/Edital-18-2022-Resultado-Final.pdf\" target=\"_blank\" rel=\"noopener noreferrer\">\n        Resultado final &#8211; Publicado em: 02\/08\/2022\n    <\/a>\n<\/p>\n\n<p align=\"justify\">\n    <a href=\"https:\/\/www.ifbaiano.edu.br\/unidades\/lapa\/files\/2022\/08\/Edital-18-2022-Analise-de-Recursos.pdf\" target=\"_blank\" rel=\"noopener noreferrer\">\n        An\u00e1lise de recursos &#8211; Publicado em: 02\/08\/2022\n    <\/a>\n<\/p>\n\n<p align=\"justify\">\n    <a href=\"https:\/\/www.ifbaiano.edu.br\/unidades\/lapa\/files\/2022\/07\/RESULTADO-PRELIMINAR-EDITAL-18.2022.pdf\" target=\"_blank\" rel=\"noopener noreferrer\">\n        Resultado preliminar &#8211; Publicado em: 29\/07\/2022\n    <\/a>\n<\/p>\n\n<p><\/p>\n<p align=\"justify\">\n    <a href=\"https:\/\/www.ifbaiano.edu.br\/unidades\/lapa\/files\/2022\/07\/Edital-18-de-18-de-Julho-de-2022.pdf\" target=\"_blank\" rel=\"noopener noreferrer\">\n        Edital 18\/2022 &#8211; Publicado em: 18\/07\/2022\n    <\/a>\n<\/p>\n\n<p><\/p>\n<p align=\"justify\">\n    <a href=\"https:\/\/www.ifbaiano.edu.br\/unidades\/lapa\/files\/2022\/07\/Anexo-I-FIcha-de-Inscricao-Vagas-Ociosas.pdf\" target=\"_blank\" rel=\"noopener noreferrer\">\n        Anexo I &#8211; Publicado em: 20\/07\/2022\n    <\/a>\n<\/p>\n\n<p><\/p>\n<p align=\"justify\">\n    <a href=\"https:\/\/www.ifbaiano.edu.br\/unidades\/lapa\/files\/2022\/07\/Anexo-II-Recursos-Vagas-Ociosas.pdf\" target=\"_blank\" rel=\"noopener noreferrer\">\n        Anexo II &#8211; Publicado em: 20\/07\/2022\n    <\/a>\n<\/p>\n\n\n\n<p><\/p>\n<\/div>\n\n\n\n<div class=\"wp-block-column is-layout-flow\">\n<h2 id=\"ProreitoriaMeioDireitaTitulo\" style=\"color:#00510f;text-transform:uppercase;border-top: 3px solid #00510F\" class=\"has-inline-color\">\n    Contatos\n<\/h2>\n\n<p align=\"justify\">prosel@lapa.ifbaiano.edu.br <\/p>\n<\/div>\n<\/div>\n\n\n\n<p><\/p>\n","protected":false},"excerpt":{"rendered":"<p>Apresenta\u00e7\u00e3o O Diretor-Geral do Instituto Federal de Educa\u00e7\u00e3o, Ci\u00eancia e Tecnologia Baiano (IF Baiano)&nbsp;\u2013 Campus Bom Jesus da Lapa no uso de suas atribui\u00e7\u00f5es legais conferidas pela Portaria n\u00ba 275, de 18\/03\/2022, publicada no DOU de 21\/03\/2022, Se\u00e7\u00e3o 2, p\u00e1gina 26, e de acordo com as disposi\u00e7\u00f5es contidas na Lei n\u00ba 11.892, de 29\/12\/2008, no [&hellip;]<\/p>\n","protected":false},"author":58,"featured_media":0,"parent":0,"menu_order":0,"comment_status":"closed","ping_status":"closed","template":"","meta":[],"_links":{"self":[{"href":"https:\/\/www.ifbaiano.edu.br\/unidades\/lapa\/wp-json\/wp\/v2\/pages\/23404"}],"collection":[{"href":"https:\/\/www.ifbaiano.edu.br\/unidades\/lapa\/wp-json\/wp\/v2\/pages"}],"about":[{"href":"https:\/\/www.ifbaiano.edu.br\/unidades\/lapa\/wp-json\/wp\/v2\/types\/page"}],"author":[{"embeddable":true,"href":"https:\/\/www.ifbaiano.edu.br\/unidades\/lapa\/wp-json\/wp\/v2\/users\/58"}],"replies":[{"embeddable":true,"href":"https:\/\/www.ifbaiano.edu.br\/unidades\/lapa\/wp-json\/wp\/v2\/comments?post=23404"}],"version-history":[{"count":9,"href":"https:\/\/www.ifbaiano.edu.br\/unidades\/lapa\/wp-json\/wp\/v2\/pages\/23404\/revisions"}],"predecessor-version":[{"id":23471,"href":"https:\/\/www.ifbaiano.edu.br\/unidades\/lapa\/wp-json\/wp\/v2\/pages\/23404\/revisions\/23471"}],"wp:attachment":[{"href":"https:\/\/www.ifbaiano.edu.br\/unidades\/lapa\/wp-json\/wp\/v2\/media?parent=23404"}],"curies":[{"name":"wp","href":"https:\/\/api.w.org\/{rel}","templated":true}]}}