{"id":23451,"date":"2022-07-28T17:25:45","date_gmt":"2022-07-28T20:25:45","guid":{"rendered":"https:\/\/www.ifbaiano.edu.br\/unidades\/lapa\/?page_id=23451"},"modified":"2022-09-03T08:56:28","modified_gmt":"2022-09-03T11:56:28","slug":"edital-19-2022","status":"publish","type":"page","link":"https:\/\/www.ifbaiano.edu.br\/unidades\/lapa\/edital-19-2022\/","title":{"rendered":"Edital 19 de 28 de Julho de 2022 \u2013 Processo Seletivo de Vagas Remanescentes para Ingresso de Estudantes nos Cursos T\u00e9cnicos de N\u00edvel M\u00e9dio, na Forma Integrada ao Ensino M\u00e9dio"},"content":{"rendered":"\n<div class=\"wp-block-columns is-layout-flex wp-container-5\">\n<div class=\"wp-block-column is-layout-flow\" style=\"flex-basis:100%\">\n<div class=\"wp-block-columns is-layout-flex wp-container-3\">\n<div class=\"wp-block-column is-layout-flow\">\n<h2 id=\"ProreitoriaMeioDireitaTitulo\" style=\"color:#00510f;text-transform:uppercase;border-top: 3px solid #00510F\" class=\"has-inline-color\">\n\tApresenta\u00e7\u00e3o\n<\/h2>\n\n\n\n<p>\n\t<strong style=\"text-transform:uppercase\">O Diretor-Geral do Instituto Federal de Educa\u00e7\u00e3o, Ci\u00eancia e Tecnologia Baiano (IF Baiano)&nbsp;\u2013 <em>Campus<\/em> Bom Jesus da Lapa<\/strong>, no uso de suas atribui\u00e7\u00f5es legais conferidas pela Portaria n\u00ba 275, de 18\/03\/2022, publicada no DOU de 21\/03\/2022, Se\u00e7\u00e3o 2, p\u00e1gina 26, e de acordo com as disposi\u00e7\u00f5es contidas na Lei n\u00ba 11.892, de 29\/12\/2008, no Regimento Geral do IF Baiano e na Portaria Normativa 13\/2022 &#8211; RET-GAB\/RET\/IFBAIANO, de 11 de mar\u00e7o de 2022, em conformidade com a Lei n\u00ba 9.394, de 20 de dezembro de 1996, alterada pela Lei n\u00ba 12.796, de 04 de abril de 2013 e ainda considerando a Portaria MEC n\u00ba 18, de 11 de outubro de 2012, torna p\u00fablica a abertura de inscri\u00e7\u00f5es para vagas remanescentes oriundas do processo de ingresso de estudantes em 2022, nos cursos da Educa\u00e7\u00e3o Profissional T\u00e9cnica de N\u00edvel M\u00e9dio, na forma integrada ao Ensino M\u00e9dio &#8211; na modalidade presencial, por meio de Manifesta\u00e7\u00e3o de Interesse na Vaga, atrav\u00e9s de Edital de fluxo cont\u00ednuo. \n<\/p>\n<\/div>\n\n\n\n<div class=\"wp-block-column is-layout-flow\">\n<h2 id=\"ProreitoriaMeioDireitaTitulo\" style=\"color:#00510f;text-transform:uppercase;border-top: 3px solid #00510F\" class=\"has-inline-color\">\n    Manifesta\u00e7\u00e3o de Interesse\n<\/h2>\n<p align=\"justify\">\n    <strong>Per\u00edodo:<\/strong>\n<\/p>\n<p> 01 a 02 de agosto de 2022 <\/p>\n<\/div>\n<\/div>\n<\/div>\n<\/div>\n\n\n\n<div class=\"wp-block-columns is-layout-flex wp-container-8\">\n<div class=\"wp-block-column is-layout-flow\">\n<h2 id=\"ProreitoriaMeioDireitaTitulo\" style=\"color:#00510f;text-transform:uppercase;border-top: 3px solid #00510F\" class=\"has-inline-color\">\n    Editais e Documentos\n<\/h2>\n\n\n<p align=\"justify\">\n    <a href=\"https:\/\/www.ifbaiano.edu.br\/unidades\/lapa\/files\/2022\/09\/Matricula-em-lista-de-espera-Tecnico-em-Agroecologia-02.09.2022.pdf\" target=\"_blank\" rel=\"noopener noreferrer\">\n        Matr\u00edcula em Lista de Espera &#8211; T\u00e9cnico em Agroecologia &#8211; Publicado em: 2\/09\/2022\n    <\/a>\n<\/p>\n\n<p align=\"justify\">\n    <a href=\"https:\/\/www.ifbaiano.edu.br\/unidades\/lapa\/files\/2022\/08\/Matricula-em-lista-de-espera-Tecnico-em-Agricultura.pdf\" target=\"_blank\" rel=\"noopener noreferrer\">\n        Matr\u00edcula em Lista de Espera &#8211; Publicado em: 16\/08\/2022\n    <\/a>\n<\/p>\n\n<p align=\"justify\">\n    <a href=\"https:\/\/www.ifbaiano.edu.br\/unidades\/lapa\/files\/2022\/08\/Edital-19-2022-Resultado-Final-Pos-Recursos.pdf\" target=\"_blank\" rel=\"noopener noreferrer\">\n        Resultado final, ap\u00f3s recursos &#8211; Publicado em: 05\/08\/2022\n    <\/a>\n<\/p>\n\n\n<p align=\"justify\">\n    <a href=\"https:\/\/www.ifbaiano.edu.br\/unidades\/lapa\/files\/2022\/08\/Edital-19-2022-Analise-de-Recursos.pdf\" target=\"_blank\" rel=\"noopener noreferrer\">\n        An\u00e1lise de recursos &#8211; Publicado em: 05\/08\/2022\n    <\/a>\n<\/p>\n\n\n\n<p align=\"justify\">\n    <a href=\"https:\/\/www.ifbaiano.edu.br\/unidades\/lapa\/files\/2022\/08\/Edital-19-2022-Aptos-para-Matricula-e-Suplentes-Vagas-Remanescentes-Integrados.pdf\" target=\"_blank\" rel=\"noopener noreferrer\">\n        Aptos para Matricula e Suplentes &#8211; Publicado em: 03\/08\/2022\n    <\/a>\n<\/p>\n\n<p align=\"justify\">\n    <a href=\"https:\/\/www.ifbaiano.edu.br\/unidades\/lapa\/files\/2022\/07\/ANEXO-III-EDITAL-No-19-DE-28-DE-JULHO-DE-2022.pdf\" target=\"_blank\" rel=\"noopener noreferrer\">\n        Anexo III &#8211; Publicado em: 28\/07\/2022\n    <\/a>\n<\/p>\n\n<p align=\"justify\">\n    <a href=\"https:\/\/www.ifbaiano.edu.br\/unidades\/lapa\/files\/2022\/07\/ANEXO-II-EDITAL-No-19-DE-28-DE-JULHO-DE-2022.pdf\" target=\"_blank\" rel=\"noopener noreferrer\">\n        Anexo II &#8211; Publicado em: 28\/07\/2022\n    <\/a>\n<\/p>\n\n<p align=\"justify\">\n    <a href=\"https:\/\/www.ifbaiano.edu.br\/unidades\/lapa\/files\/2022\/07\/ANEXO-I-EDITAL-No-19-DE-28-DE-JULHO-DE-2022.pdf\" target=\"_blank\" rel=\"noopener noreferrer\">\n        Anexo I &#8211; Publicado em: 28\/07\/2022\n    <\/a>\n<\/p>\n\n<p align=\"justify\">\n    <a href=\"https:\/\/www.ifbaiano.edu.br\/unidades\/lapa\/files\/2022\/07\/EDITAL-19-DE-28-DE-JULHO-DE-2022-ProSel-Vagas-Remanescentes-do-Integrado.pdf\" target=\"_blank\" rel=\"noopener noreferrer\">\n        Edital 19\/2022 &#8211; Publicado em: 28\/07\/2022\n    <\/a>\n<\/p>\n\n\n\n<p><\/p>\n<\/div>\n\n\n\n<div class=\"wp-block-column is-layout-flow\">\n<h2 id=\"ProreitoriaMeioDireitaTitulo\" style=\"color:#00510f;text-transform:uppercase;border-top: 3px solid #00510F\" class=\"has-inline-color\">\n    Contatos\n<\/h2>\n\n<p align=\"justify\">prosel@lapa.ifbaiano.edu.br <\/p>\n<\/div>\n<\/div>\n\n\n\n<p><\/p>\n","protected":false},"excerpt":{"rendered":"<p>Apresenta\u00e7\u00e3o O Diretor-Geral do Instituto Federal de Educa\u00e7\u00e3o, Ci\u00eancia e Tecnologia Baiano (IF Baiano)&nbsp;\u2013 Campus Bom Jesus da Lapa, no uso de suas atribui\u00e7\u00f5es legais conferidas pela Portaria n\u00ba 275, de 18\/03\/2022, publicada no DOU de 21\/03\/2022, Se\u00e7\u00e3o 2, p\u00e1gina 26, e de acordo com as disposi\u00e7\u00f5es contidas na Lei n\u00ba 11.892, de 29\/12\/2008, no [&hellip;]<\/p>\n","protected":false},"author":150,"featured_media":0,"parent":0,"menu_order":0,"comment_status":"closed","ping_status":"closed","template":"","meta":[],"_links":{"self":[{"href":"https:\/\/www.ifbaiano.edu.br\/unidades\/lapa\/wp-json\/wp\/v2\/pages\/23451"}],"collection":[{"href":"https:\/\/www.ifbaiano.edu.br\/unidades\/lapa\/wp-json\/wp\/v2\/pages"}],"about":[{"href":"https:\/\/www.ifbaiano.edu.br\/unidades\/lapa\/wp-json\/wp\/v2\/types\/page"}],"author":[{"embeddable":true,"href":"https:\/\/www.ifbaiano.edu.br\/unidades\/lapa\/wp-json\/wp\/v2\/users\/150"}],"replies":[{"embeddable":true,"href":"https:\/\/www.ifbaiano.edu.br\/unidades\/lapa\/wp-json\/wp\/v2\/comments?post=23451"}],"version-history":[{"count":7,"href":"https:\/\/www.ifbaiano.edu.br\/unidades\/lapa\/wp-json\/wp\/v2\/pages\/23451\/revisions"}],"predecessor-version":[{"id":23572,"href":"https:\/\/www.ifbaiano.edu.br\/unidades\/lapa\/wp-json\/wp\/v2\/pages\/23451\/revisions\/23572"}],"wp:attachment":[{"href":"https:\/\/www.ifbaiano.edu.br\/unidades\/lapa\/wp-json\/wp\/v2\/media?parent=23451"}],"curies":[{"name":"wp","href":"https:\/\/api.w.org\/{rel}","templated":true}]}}

Edital 19 de 28 de Julho de 2022 – Processo Seletivo de Vagas Remanescentes para Ingresso de Estudantes nos Cursos Técnicos de Nível Médio, na Forma Integrada ao Ensino Médio

<div class="wp-block-columns is-layout-flex wp-container-5">
<div class="wp-block-column is-layout-flow" style="flex-basis:100%">
<div class="wp-block-columns is-layout-flex wp-container-3">
<div class="wp-block-column is-layout-flow">
<h2 id="ProreitoriaMeioDireitaTitulo" style="color:#00510f;text-transform:uppercase;border-top: 3px solid #00510F" class="has-inline-color">
	Apresentação
</h2>



<p>
	<strong style="text-transform:uppercase">O Diretor-Geral do Instituto Federal de Educação, Ciência e Tecnologia Baiano (IF Baiano)&nbsp;– <em>Campus</em> Bom Jesus da Lapa</strong>, no uso de suas atribuições legais conferidas pela Portaria nº 275, de 18/03/2022, publicada no DOU de 21/03/2022, Seção 2, página 26, e de acordo com as disposições contidas na Lei nº 11.892, de 29/12/2008, no Regimento Geral do IF Baiano e na Portaria Normativa 13/2022 &#8211; RET-GAB/RET/IFBAIANO, de 11 de março de 2022, em conformidade com a Lei nº 9.394, de 20 de dezembro de 1996, alterada pela Lei nº 12.796, de 04 de abril de 2013 e ainda considerando a Portaria MEC nº 18, de 11 de outubro de 2012, torna pública a abertura de inscrições para vagas remanescentes oriundas do processo de ingresso de estudantes em 2022, nos cursos da Educação Profissional Técnica de Nível Médio, na forma integrada ao Ensino Médio &#8211; na modalidade presencial, por meio de Manifestação de Interesse na Vaga, através de Edital de fluxo contínuo. 
</p>
</div>



<div class="wp-block-column is-layout-flow">
<h2 id="ProreitoriaMeioDireitaTitulo" style="color:#00510f;text-transform:uppercase;border-top: 3px solid #00510F" class="has-inline-color">
    Manifestação de Interesse
</h2>
<p align="justify">
    <strong>Período:</strong>
</p>
<p> 01 a 02 de agosto de 2022 </p>
</div>
</div>
</div>
</div>



<div class="wp-block-columns is-layout-flex wp-container-8">
<div class="wp-block-column is-layout-flow">
<h2 id="ProreitoriaMeioDireitaTitulo" style="color:#00510f;text-transform:uppercase;border-top: 3px solid #00510F" class="has-inline-color">
    Editais e Documentos
</h2>


<p align="justify">
    <a href="https://www.ifbaiano.edu.br/unidades/lapa/files/2022/09/Matricula-em-lista-de-espera-Tecnico-em-Agroecologia-02.09.2022.pdf" target="_blank" rel="noopener noreferrer">
        Matrícula em Lista de Espera &#8211; Técnico em Agroecologia &#8211; Publicado em: 2/09/2022
    </a>
</p>

<p align="justify">
    <a href="https://www.ifbaiano.edu.br/unidades/lapa/files/2022/08/Matricula-em-lista-de-espera-Tecnico-em-Agricultura.pdf" target="_blank" rel="noopener noreferrer">
        Matrícula em Lista de Espera &#8211; Publicado em: 16/08/2022
    </a>
</p>

<p align="justify">
    <a href="https://www.ifbaiano.edu.br/unidades/lapa/files/2022/08/Edital-19-2022-Resultado-Final-Pos-Recursos.pdf" target="_blank" rel="noopener noreferrer">
        Resultado final, após recursos &#8211; Publicado em: 05/08/2022
    </a>
</p>


<p align="justify">
    <a href="https://www.ifbaiano.edu.br/unidades/lapa/files/2022/08/Edital-19-2022-Analise-de-Recursos.pdf" target="_blank" rel="noopener noreferrer">
        Análise de recursos &#8211; Publicado em: 05/08/2022
    </a>
</p>



<p align="justify">
    <a href="https://www.ifbaiano.edu.br/unidades/lapa/files/2022/08/Edital-19-2022-Aptos-para-Matricula-e-Suplentes-Vagas-Remanescentes-Integrados.pdf" target="_blank" rel="noopener noreferrer">
        Aptos para Matricula e Suplentes &#8211; Publicado em: 03/08/2022
    </a>
</p>

<p align="justify">
    <a href="https://www.ifbaiano.edu.br/unidades/lapa/files/2022/07/ANEXO-III-EDITAL-No-19-DE-28-DE-JULHO-DE-2022.pdf" target="_blank" rel="noopener noreferrer">
        Anexo III &#8211; Publicado em: 28/07/2022
    </a>
</p>

<p align="justify">
    <a href="https://www.ifbaiano.edu.br/unidades/lapa/files/2022/07/ANEXO-II-EDITAL-No-19-DE-28-DE-JULHO-DE-2022.pdf" target="_blank" rel="noopener noreferrer">
        Anexo II &#8211; Publicado em: 28/07/2022
    </a>
</p>

<p align="justify">
    <a href="https://www.ifbaiano.edu.br/unidades/lapa/files/2022/07/ANEXO-I-EDITAL-No-19-DE-28-DE-JULHO-DE-2022.pdf" target="_blank" rel="noopener noreferrer">
        Anexo I &#8211; Publicado em: 28/07/2022
    </a>
</p>

<p align="justify">
    <a href="https://www.ifbaiano.edu.br/unidades/lapa/files/2022/07/EDITAL-19-DE-28-DE-JULHO-DE-2022-ProSel-Vagas-Remanescentes-do-Integrado.pdf" target="_blank" rel="noopener noreferrer">
        Edital 19/2022 &#8211; Publicado em: 28/07/2022
    </a>
</p>



<p></p>
</div>



<div class="wp-block-column is-layout-flow">
<h2 id="ProreitoriaMeioDireitaTitulo" style="color:#00510f;text-transform:uppercase;border-top: 3px solid #00510F" class="has-inline-color">
    Contatos
</h2>

<p align="justify">prosel@lapa.ifbaiano.edu.br </p>
</div>
</div>



<p></p>

<p>Apresentação O Diretor-Geral do Instituto Federal de Educação, Ciência e Tecnologia Baiano (IF Baiano)&nbsp;– Campus Bom Jesus da Lapa, no uso de suas atribuições legais conferidas pela Portaria nº 275, de 18/03/2022, publicada no DOU de 21/03/2022, Seção 2, página 26, e de acordo com as disposições contidas na Lei nº 11.892, de 29/12/2008, no [&hellip;]</p>
