{"id":23510,"date":"2022-08-22T15:16:01","date_gmt":"2022-08-22T18:16:01","guid":{"rendered":"https:\/\/www.ifbaiano.edu.br\/unidades\/lapa\/?page_id=23510"},"modified":"2023-04-26T14:31:05","modified_gmt":"2023-04-26T17:31:05","slug":"paise-edital-20-2022","status":"publish","type":"page","link":"https:\/\/www.ifbaiano.edu.br\/unidades\/lapa\/paise-edital-20-2022\/","title":{"rendered":"PAISE &#8211; Edital 20\/2022"},"content":{"rendered":"\n<div class=\"wp-block-columns is-layout-flex wp-container-3\">\n<div class=\"wp-block-column is-layout-flow\">\n<h2 id=\"ProreitoriaMeioDireitaTitulo\" style=\"color:#00510f;text-transform:uppercase;border-top: 3px solid #00510F\" class=\"has-inline-color\">\n    Apresenta\u00e7\u00e3o\n<\/h2>\n\n<p align=\"justify\">\n    O presente edital estabelece as normas e crit\u00e9rios para sele\u00e7\u00e3o de estudantes em vulnerabilidade socioecon\u00f4mica, de cursos presenciais e a dist\u00e2ncia, com a finalidade de participa\u00e7\u00e3o nas a\u00e7\u00f5es de assist\u00eancia estudantil do IF Baiano, por meio do Programa de Assist\u00eancia e Inclus\u00e3o Social do Estudante (PAISE), no \u00e2mbito do Campus Bom Jesus da Lapa.\n<\/p>\n<\/div>\n\n\n\n<div class=\"wp-block-column is-layout-flow\">\n<h2 id=\"ProreitoriaMeioDireitaTitulo\" style=\"color:#00510f;text-transform:uppercase;border-top: 3px solid #00510F\" class=\"has-inline-color\">\n\tInscri\u00e7\u00f5es\n<\/h2>\n\n<p align=\"justify\">\n\t<strong>Per\u00edodo:<\/strong> de 29\/08\/2022 a 09\/09\/2022\n<\/p>\n<\/div>\n<\/div>\n\n\n\n<div class=\"wp-block-columns is-layout-flex wp-container-6\">\n<div class=\"wp-block-column is-layout-flow\">\n<h2 id=\"ProreitoriaMeioDireitaTitulo\" style=\"color:#00510f;text-transform:uppercase;border-top: 3px solid #00510F\" class=\"has-inline-color\">\n\tEditais e Documentos\n<\/h2>\n\n\n\n<div class=\"wp-block-file\"><a href=\"https:\/\/www.ifbaiano.edu.br\/unidades\/lapa\/files\/2023\/04\/Convocacao-N03-de-2o-chamada-Aux.-Permanencia.pdf\">Convoca\u00e7\u00e3o n03 Lista de Espera Aux. Perman\u00eancia- publicado em 26\/04\/2023<\/a><\/div>\n\n\n\n<div class=\"wp-block-file\"><a href=\"https:\/\/www.ifbaiano.edu.br\/unidades\/lapa\/files\/2023\/03\/Convocacao-n02-de-2-chamada-Aux.-Permanencia.pdf\">Convoca\u00e7\u00e3o n02 de 2 chamada Aux. Perman\u00eancia- publicado em 24\/03\/2023<\/a><\/div>\n\n\n\n<p><a href=\"https:\/\/www.ifbaiano.edu.br\/unidades\/lapa\/files\/2023\/02\/Convocacao-N01-da-Lista-de-Espera-Aux.-Permanencia.pdf\" data-type=\"URL\" data-id=\"https:\/\/www.ifbaiano.edu.br\/unidades\/lapa\/files\/2023\/02\/Convocacao-N01-da-Lista-de-Espera-Aux.-Permanencia.pdf\" target=\"_blank\" rel=\"noreferrer noopener\">Convoca\u00e7\u00e3o N01 da Lista de Espera Aux. Perman\u00eancia &#8211; Publicado em 27\/02\/2023<\/a><\/p>\n\n\n\n<p><a href=\"https:\/\/www.ifbaiano.edu.br\/unidades\/lapa\/files\/2022\/10\/Portaria-96-2022-Homologacao-do-Resultado-Final-da-Selecao-de-Estudantes-no-PAISE-em-2022.pdf\" data-type=\"URL\" data-id=\"https:\/\/www.ifbaiano.edu.br\/unidades\/lapa\/files\/2022\/10\/Portaria-96-2022-Homologacao-do-Resultado-Final-da-Selecao-de-Estudantes-no-PAISE-em-2022.pdf\" target=\"_blank\" rel=\"noreferrer noopener\">Portaria 96\/2022 &#8211; Homologa\u00e7\u00e3o do Resultado Final da Sele\u00e7\u00e3o de Estudantes &#8211; Publicado em 21\/10\/2022<\/a><\/p>\n\n\n\n<p><a rel=\"noreferrer noopener\" href=\"https:\/\/www.ifbaiano.edu.br\/unidades\/lapa\/files\/2022\/10\/Relacao-Final-do-Cadastro-Reserva-Auxilio-Permanencia-PAISE-2022.pdf\" data-type=\"URL\" data-id=\"https:\/\/www.ifbaiano.edu.br\/unidades\/lapa\/files\/2022\/10\/Relacao-Final-do-Cadastro-Reserva-Auxilio-Permanencia-PAISE-2022.pdf\" target=\"_blank\">Rela\u00e7\u00e3o Final do Cadastro Reserva &#8211; Aux\u00edlio Perman\u00eancia &#8211; Publicado em 17\/10\/2022<\/a><\/p>\n\n\n\n<p><a rel=\"noreferrer noopener\" href=\"https:\/\/www.ifbaiano.edu.br\/unidades\/lapa\/files\/2022\/10\/Resultado-Final-de-Selecionados-PAISE-2022.pdf\" data-type=\"URL\" data-id=\"https:\/\/www.ifbaiano.edu.br\/unidades\/lapa\/files\/2022\/10\/Resultado-Final-de-Selecionados-PAISE-2022.pdf\" target=\"_blank\">Rela\u00e7\u00e3o Final de Selecionados &#8211; Publicado em 17\/10\/2022<\/a><\/p>\n\n\n\n<p><a rel=\"noreferrer noopener\" href=\"https:\/\/www.ifbaiano.edu.br\/unidades\/lapa\/files\/2022\/10\/Relacao-Final-de-Desclassificados-PAISE-2022.pdf\" data-type=\"URL\" data-id=\"https:\/\/www.ifbaiano.edu.br\/unidades\/lapa\/files\/2022\/10\/Relacao-Final-de-Desclassificados-PAISE-2022.pdf\" target=\"_blank\">Rela\u00e7\u00e3o Final de Desclassificados &#8211; Publicado em 17\/10\/2022<\/a><\/p>\n\n\n\n<p><a rel=\"noreferrer noopener\" href=\"https:\/\/www.ifbaiano.edu.br\/unidades\/lapa\/files\/2022\/10\/Relacao-Preliminar-do-Cadastro-Reserva-Auxilio-Permanencia-PAISE-2022.pdf\" data-type=\"URL\" data-id=\"https:\/\/www.ifbaiano.edu.br\/unidades\/lapa\/files\/2022\/10\/Relacao-Preliminar-do-Cadastro-Reserva-Auxilio-Permanencia-PAISE-2022.pdf\" target=\"_blank\">Rela\u00e7\u00e3o Preliminar do Cadastro Reserva para Aux\u00edlio Perman\u00eancia \u2013 Publicado em 11\/10\/2022<\/a><\/p>\n\n\n\n<p><a rel=\"noreferrer noopener\" href=\"https:\/\/www.ifbaiano.edu.br\/unidades\/lapa\/files\/2022\/10\/Resultado-Preliminar-dos-Selecionados-PAISE-2022.pdf\" data-type=\"URL\" data-id=\"https:\/\/www.ifbaiano.edu.br\/unidades\/lapa\/files\/2022\/10\/Resultado-Preliminar-dos-Selecionados-PAISE-2022.pdf\" target=\"_blank\">Resultado Preliminar dos Selecionados \u2013 Publicado em 11\/10\/2022<\/a><\/p>\n\n\n\n<p><a rel=\"noreferrer noopener\" href=\"https:\/\/www.ifbaiano.edu.br\/unidades\/lapa\/files\/2022\/10\/Relacao-Preliminar-dos-Desclassificados-PAISE-2022.pdf\" data-type=\"URL\" data-id=\"https:\/\/www.ifbaiano.edu.br\/unidades\/lapa\/files\/2022\/10\/Relacao-Preliminar-dos-Desclassificados-PAISE-2022.pdf\" target=\"_blank\">Rela\u00e7\u00e3o Preliminar dos Desclassificados \u2013 Publicado em 11\/10\/2022<\/a><\/p>\n\n\n\n<p><a rel=\"noreferrer noopener\" href=\"https:\/\/www.ifbaiano.edu.br\/unidades\/lapa\/files\/2022\/09\/Lista-de-Entrevistas-PAISE-2022.pdf\" data-type=\"URL\" data-id=\"https:\/\/www.ifbaiano.edu.br\/unidades\/lapa\/files\/2022\/09\/Lista-de-Entrevistas-PAISE-2022.pdf\" target=\"_blank\">Lista de entrevistas \u2013 Publicado em 13\/09\/2022<\/a><\/p>\n\n\n\n<p><a href=\"https:\/\/www.ifbaiano.edu.br\/unidades\/lapa\/files\/2022\/09\/PAISE-Edital-20-2022-Inscricoes-homologadas-13.09.2022.pdf\" data-type=\"URL\" data-id=\"https:\/\/www.ifbaiano.edu.br\/unidades\/lapa\/files\/2022\/09\/PAISE-Edital-20-2022-Inscricoes-homologadas-13.09.2022.pdf\" target=\"_blank\" rel=\"noreferrer noopener\">Inscri\u00e7\u00f5es homologadas \u2013 Publicado em 13\/09\/2022<\/a><\/p>\n\n\n\n<p><a rel=\"noreferrer noopener\" href=\"https:\/\/www.ifbaiano.edu.br\/unidades\/lapa\/files\/2022\/08\/Anexo-III-Termo-de-Compromisso.pdf\" target=\"_blank\">Anexo III \u2013 Termo de Compromisso \u2013 Publicado em 22\/08\/2022<\/a><\/p>\n\n\n\n<p><a href=\"https:\/\/www.ifbaiano.edu.br\/unidades\/lapa\/files\/2022\/08\/Anexo-II-Distribuicao-dos-Recursos-e-Vagas.pdf\" target=\"_blank\" rel=\"noreferrer noopener\">Anexo II \u2013 Distribui\u00e7\u00e3o dos Recursos e Vagas \u2013 Publicado em 22\/08\/2022<\/a><\/p>\n\n\n\n<p><a href=\"https:\/\/www.ifbaiano.edu.br\/unidades\/lapa\/files\/2022\/08\/Anexo-I-Cronograma.pdf\" target=\"_blank\" rel=\"noreferrer noopener\">Anexo I \u2013 Cronograma \u2013 Publicado em 22\/08\/2022<\/a><\/p>\n\n\n\n<p><a href=\"https:\/\/www.ifbaiano.edu.br\/unidades\/lapa\/files\/2022\/08\/PAISE-Edital-no-20-de-17-de-agosto-de-2022.pdf\" target=\"_blank\" rel=\"noreferrer noopener\">Edital n\u00ba 20, de 17 de agosto de 2022 \u2013 Publicado em 22\/08\/2022<\/a><\/p>\n<\/div>\n\n\n\n<div class=\"wp-block-column is-layout-flow\">\n<h2 id=\"ProreitoriaMeioDireitaTitulo\" style=\"color:#00510f;text-transform:uppercase;border-top: 3px solid #00510F\" class=\"has-inline-color\">\n\tContato\n<\/h2>\n\n<p align=\"justify\">clae@lapa.ifbaiano.edu.br<\/p>\n<\/div>\n<\/div>\n\n\n\n<p><\/p>\n","protected":false},"excerpt":{"rendered":"<p>Apresenta\u00e7\u00e3o O presente edital estabelece as normas e crit\u00e9rios para sele\u00e7\u00e3o de estudantes em vulnerabilidade socioecon\u00f4mica, de cursos presenciais e a dist\u00e2ncia, com a finalidade de participa\u00e7\u00e3o nas a\u00e7\u00f5es de assist\u00eancia estudantil do IF Baiano, por meio do Programa de Assist\u00eancia e Inclus\u00e3o Social do Estudante (PAISE), no \u00e2mbito do Campus Bom Jesus da Lapa. [&hellip;]<\/p>\n","protected":false},"author":150,"featured_media":0,"parent":0,"menu_order":0,"comment_status":"closed","ping_status":"closed","template":"","meta":[],"_links":{"self":[{"href":"https:\/\/www.ifbaiano.edu.br\/unidades\/lapa\/wp-json\/wp\/v2\/pages\/23510"}],"collection":[{"href":"https:\/\/www.ifbaiano.edu.br\/unidades\/lapa\/wp-json\/wp\/v2\/pages"}],"about":[{"href":"https:\/\/www.ifbaiano.edu.br\/unidades\/lapa\/wp-json\/wp\/v2\/types\/page"}],"author":[{"embeddable":true,"href":"https:\/\/www.ifbaiano.edu.br\/unidades\/lapa\/wp-json\/wp\/v2\/users\/150"}],"replies":[{"embeddable":true,"href":"https:\/\/www.ifbaiano.edu.br\/unidades\/lapa\/wp-json\/wp\/v2\/comments?post=23510"}],"version-history":[{"count":17,"href":"https:\/\/www.ifbaiano.edu.br\/unidades\/lapa\/wp-json\/wp\/v2\/pages\/23510\/revisions"}],"predecessor-version":[{"id":25235,"href":"https:\/\/www.ifbaiano.edu.br\/unidades\/lapa\/wp-json\/wp\/v2\/pages\/23510\/revisions\/25235"}],"wp:attachment":[{"href":"https:\/\/www.ifbaiano.edu.br\/unidades\/lapa\/wp-json\/wp\/v2\/media?parent=23510"}],"curies":[{"name":"wp","href":"https:\/\/api.w.org\/{rel}","templated":true}]}}

<div class="wp-block-columns is-layout-flex wp-container-3">
<div class="wp-block-column is-layout-flow">
<h2 id="ProreitoriaMeioDireitaTitulo" style="color:#00510f;text-transform:uppercase;border-top: 3px solid #00510F" class="has-inline-color">
    Apresentação
</h2>

<p align="justify">
    O presente edital estabelece as normas e critérios para seleção de estudantes em vulnerabilidade socioeconômica, de cursos presenciais e a distância, com a finalidade de participação nas ações de assistência estudantil do IF Baiano, por meio do Programa de Assistência e Inclusão Social do Estudante (PAISE), no âmbito do Campus Bom Jesus da Lapa.
</p>
</div>



<div class="wp-block-column is-layout-flow">
<h2 id="ProreitoriaMeioDireitaTitulo" style="color:#00510f;text-transform:uppercase;border-top: 3px solid #00510F" class="has-inline-color">
	Inscrições
</h2>

<p align="justify">
	<strong>Período:</strong> de 29/08/2022 a 09/09/2022
</p>
</div>
</div>



<div class="wp-block-columns is-layout-flex wp-container-6">
<div class="wp-block-column is-layout-flow">
<h2 id="ProreitoriaMeioDireitaTitulo" style="color:#00510f;text-transform:uppercase;border-top: 3px solid #00510F" class="has-inline-color">
	Editais e Documentos
</h2>



<div class="wp-block-file"><a href="https://www.ifbaiano.edu.br/unidades/lapa/files/2023/04/Convocacao-N03-de-2o-chamada-Aux.-Permanencia.pdf">Convocação n03 Lista de Espera Aux. Permanência- publicado em 26/04/2023</a></div>



<div class="wp-block-file"><a href="https://www.ifbaiano.edu.br/unidades/lapa/files/2023/03/Convocacao-n02-de-2-chamada-Aux.-Permanencia.pdf">Convocação n02 de 2 chamada Aux. Permanência- publicado em 24/03/2023</a></div>



<p><a href="https://www.ifbaiano.edu.br/unidades/lapa/files/2023/02/Convocacao-N01-da-Lista-de-Espera-Aux.-Permanencia.pdf" data-type="URL" data-id="https://www.ifbaiano.edu.br/unidades/lapa/files/2023/02/Convocacao-N01-da-Lista-de-Espera-Aux.-Permanencia.pdf" target="_blank" rel="noreferrer noopener">Convocação N01 da Lista de Espera Aux. Permanência &#8211; Publicado em 27/02/2023</a></p>



<p><a href="https://www.ifbaiano.edu.br/unidades/lapa/files/2022/10/Portaria-96-2022-Homologacao-do-Resultado-Final-da-Selecao-de-Estudantes-no-PAISE-em-2022.pdf" data-type="URL" data-id="https://www.ifbaiano.edu.br/unidades/lapa/files/2022/10/Portaria-96-2022-Homologacao-do-Resultado-Final-da-Selecao-de-Estudantes-no-PAISE-em-2022.pdf" target="_blank" rel="noreferrer noopener">Portaria 96/2022 &#8211; Homologação do Resultado Final da Seleção de Estudantes &#8211; Publicado em 21/10/2022</a></p>



<p><a rel="noreferrer noopener" href="https://www.ifbaiano.edu.br/unidades/lapa/files/2022/10/Relacao-Final-do-Cadastro-Reserva-Auxilio-Permanencia-PAISE-2022.pdf" data-type="URL" data-id="https://www.ifbaiano.edu.br/unidades/lapa/files/2022/10/Relacao-Final-do-Cadastro-Reserva-Auxilio-Permanencia-PAISE-2022.pdf" target="_blank">Relação Final do Cadastro Reserva &#8211; Auxílio Permanência &#8211; Publicado em 17/10/2022</a></p>



<p><a rel="noreferrer noopener" href="https://www.ifbaiano.edu.br/unidades/lapa/files/2022/10/Resultado-Final-de-Selecionados-PAISE-2022.pdf" data-type="URL" data-id="https://www.ifbaiano.edu.br/unidades/lapa/files/2022/10/Resultado-Final-de-Selecionados-PAISE-2022.pdf" target="_blank">Relação Final de Selecionados &#8211; Publicado em 17/10/2022</a></p>



<p><a rel="noreferrer noopener" href="https://www.ifbaiano.edu.br/unidades/lapa/files/2022/10/Relacao-Final-de-Desclassificados-PAISE-2022.pdf" data-type="URL" data-id="https://www.ifbaiano.edu.br/unidades/lapa/files/2022/10/Relacao-Final-de-Desclassificados-PAISE-2022.pdf" target="_blank">Relação Final de Desclassificados &#8211; Publicado em 17/10/2022</a></p>



<p><a rel="noreferrer noopener" href="https://www.ifbaiano.edu.br/unidades/lapa/files/2022/10/Relacao-Preliminar-do-Cadastro-Reserva-Auxilio-Permanencia-PAISE-2022.pdf" data-type="URL" data-id="https://www.ifbaiano.edu.br/unidades/lapa/files/2022/10/Relacao-Preliminar-do-Cadastro-Reserva-Auxilio-Permanencia-PAISE-2022.pdf" target="_blank">Relação Preliminar do Cadastro Reserva para Auxílio Permanência – Publicado em 11/10/2022</a></p>



<p><a rel="noreferrer noopener" href="https://www.ifbaiano.edu.br/unidades/lapa/files/2022/10/Resultado-Preliminar-dos-Selecionados-PAISE-2022.pdf" data-type="URL" data-id="https://www.ifbaiano.edu.br/unidades/lapa/files/2022/10/Resultado-Preliminar-dos-Selecionados-PAISE-2022.pdf" target="_blank">Resultado Preliminar dos Selecionados – Publicado em 11/10/2022</a></p>



<p><a rel="noreferrer noopener" href="https://www.ifbaiano.edu.br/unidades/lapa/files/2022/10/Relacao-Preliminar-dos-Desclassificados-PAISE-2022.pdf" data-type="URL" data-id="https://www.ifbaiano.edu.br/unidades/lapa/files/2022/10/Relacao-Preliminar-dos-Desclassificados-PAISE-2022.pdf" target="_blank">Relação Preliminar dos Desclassificados – Publicado em 11/10/2022</a></p>



<p><a rel="noreferrer noopener" href="https://www.ifbaiano.edu.br/unidades/lapa/files/2022/09/Lista-de-Entrevistas-PAISE-2022.pdf" data-type="URL" data-id="https://www.ifbaiano.edu.br/unidades/lapa/files/2022/09/Lista-de-Entrevistas-PAISE-2022.pdf" target="_blank">Lista de entrevistas – Publicado em 13/09/2022</a></p>



<p><a href="https://www.ifbaiano.edu.br/unidades/lapa/files/2022/09/PAISE-Edital-20-2022-Inscricoes-homologadas-13.09.2022.pdf" data-type="URL" data-id="https://www.ifbaiano.edu.br/unidades/lapa/files/2022/09/PAISE-Edital-20-2022-Inscricoes-homologadas-13.09.2022.pdf" target="_blank" rel="noreferrer noopener">Inscrições homologadas – Publicado em 13/09/2022</a></p>



<p><a rel="noreferrer noopener" href="https://www.ifbaiano.edu.br/unidades/lapa/files/2022/08/Anexo-III-Termo-de-Compromisso.pdf" target="_blank">Anexo III – Termo de Compromisso – Publicado em 22/08/2022</a></p>



<p><a href="https://www.ifbaiano.edu.br/unidades/lapa/files/2022/08/Anexo-II-Distribuicao-dos-Recursos-e-Vagas.pdf" target="_blank" rel="noreferrer noopener">Anexo II – Distribuição dos Recursos e Vagas – Publicado em 22/08/2022</a></p>



<p><a href="https://www.ifbaiano.edu.br/unidades/lapa/files/2022/08/Anexo-I-Cronograma.pdf" target="_blank" rel="noreferrer noopener">Anexo I – Cronograma – Publicado em 22/08/2022</a></p>



<p><a href="https://www.ifbaiano.edu.br/unidades/lapa/files/2022/08/PAISE-Edital-no-20-de-17-de-agosto-de-2022.pdf" target="_blank" rel="noreferrer noopener">Edital nº 20, de 17 de agosto de 2022 – Publicado em 22/08/2022</a></p>
</div>



<div class="wp-block-column is-layout-flow">
<h2 id="ProreitoriaMeioDireitaTitulo" style="color:#00510f;text-transform:uppercase;border-top: 3px solid #00510F" class="has-inline-color">
	Contato
</h2>

<p align="justify">clae@lapa.ifbaiano.edu.br</p>
</div>
</div>



<p></p>

<p>Apresentação O presente edital estabelece as normas e critérios para seleção de estudantes em vulnerabilidade socioeconômica, de cursos presenciais e a distância, com a finalidade de participação nas ações de assistência estudantil do IF Baiano, por meio do Programa de Assistência e Inclusão Social do Estudante (PAISE), no âmbito do Campus Bom Jesus da Lapa. [&hellip;]</p>
