{"id":23816,"date":"2022-11-08T19:26:30","date_gmt":"2022-11-08T22:26:30","guid":{"rendered":"https:\/\/www.ifbaiano.edu.br\/unidades\/lapa\/?page_id=23816"},"modified":"2023-03-17T19:56:13","modified_gmt":"2023-03-17T22:56:13","slug":"edital-23-2022","status":"publish","type":"page","link":"https:\/\/www.ifbaiano.edu.br\/unidades\/lapa\/edital-23-2022\/","title":{"rendered":"Edital 23\/2022 &#8211; Sele\u00e7\u00e3o de Candidatos(as) para Preenchimento de Vagas no Curso Superior de Bacharelado em Engenharia Agron\u00f4mica"},"content":{"rendered":"\n<div class=\"wp-block-columns is-layout-flex wp-container-3\">\n<div class=\"wp-block-column is-layout-flow\">\n<h2 class=\"wp-block-heading\">Apresenta\u00e7\u00e3o<\/h2>\n\n\n\n<p>Edital, para preenchimento de vagas no curso de gradua\u00e7\u00e3o em Engenharia Agron\u00f4mica, ofertado pelo IF Baiano Campus Bom Jesus da Lapa, para ingresso em 2022.2, por meio da an\u00e1lise do hist\u00f3rico escolar do Ensino M\u00e9dio (constando as notas do primeiro e segundo ano).<\/p>\n<\/div>\n\n\n\n<div class=\"wp-block-column is-layout-flow\">\n<h2 class=\"wp-block-heading\">Inscri\u00e7\u00f5es<\/h2>\n\n\n\n<p>11 de novembro de 2022 a 16 de dezembro de 2022.<\/p>\n\n\n\n<p>Vagas: 20.<\/p>\n<\/div>\n<\/div>\n\n\n\n<div class=\"wp-block-columns is-layout-flex wp-container-6\">\n<div class=\"wp-block-column is-layout-flow\">\n<h2 class=\"wp-block-heading\">Editais e Documentos<\/h2>\n\n\n\n<div class=\"wp-block-file\"><a href=\"https:\/\/www.ifbaiano.edu.br\/unidades\/lapa\/files\/2023\/03\/4a-CHAMADA-DE-MATRICULAS_ENG.-AGRONOMICA.pdf\">4\u00aa CHAMADA DE MATR\u00cdCULAS_ENG. AGRON\u00d4MICA- publicado em 17\/03\/2023<\/a><\/div>\n\n\n\n<div class=\"wp-block-file\"><a href=\"https:\/\/www.ifbaiano.edu.br\/unidades\/lapa\/files\/2023\/03\/Edital-de-Retificacao-15-2023.-Retifica-o-Edital-03-2023-Engenharia-Agronomica-para-ingresso-no-semestre-2022.2.pdf\">Edital de Retifica\u00e7\u00e3o 15-2023. Retifica o Edital 03-2023 Engenharia Agron\u00f4mica para ingresso no semestre 2022.2.- publicado em 17\/03\/2023<\/a><\/div>\n\n\n\n<div class=\"wp-block-file\"><a href=\"https:\/\/www.ifbaiano.edu.br\/unidades\/lapa\/files\/2023\/02\/3a_CHAMADA_DE_MATRICULAS_-_Engenharia_agronomica_assinado.pdf\">3\u00aa CHAMADA DE MATR\u00cdCULAS Eng. Agronomica- publicado em 06\/02\/2023<\/a><\/div>\n\n\n\n<div class=\"wp-block-file\"><a href=\"https:\/\/www.ifbaiano.edu.br\/unidades\/lapa\/files\/2023\/02\/2a-Chamada-Matriculas-Engenharia-Agronomica.pdf\">2\u00aa Chamada Matr\u00edculas Engenharia Agron\u00f4mica- publicado em 01\/02\/2023<\/a><\/div>\n\n\n\n<div class=\"wp-block-file\"><a href=\"https:\/\/www.ifbaiano.edu.br\/unidades\/lapa\/files\/2023\/01\/Lista-de-aprovados-convocados-em-1o-chamada-para-matricula-Engenharia-Agronomica.pdf\">Lista de aprovados convocados em 1\u00ba chamada para matr\u00edcula Engenharia Agron\u00f4mica- publicado em 24\/01\/2023<\/a><\/div>\n\n\n\n<div class=\"wp-block-file\"><a href=\"https:\/\/www.ifbaiano.edu.br\/unidades\/lapa\/files\/2023\/01\/Edital-03-2023-Convocacao-para-Matricula.-Engenharia-Agronomica.-Ingresso-2022.2.pdf\">Edital 03-2023 &#8211; Convoca\u00e7\u00e3o para Matr\u00edcula. Engenharia Agron\u00f4mica. Ingresso 2022.2 &#8211; publicado em 24\/01\/2023<\/a><\/div>\n\n\n\n<div class=\"wp-block-file\"><a href=\"https:\/\/www.ifbaiano.edu.br\/unidades\/lapa\/files\/2023\/01\/RESULTADO-FINAL-Edital-23-2022-Engenharia-Agronomica.pdf\">Resultado Final &#8211; publicado em 19\/01\/2023<\/a><\/div>\n\n\n\n<div class=\"wp-block-file\"><a href=\"https:\/\/www.ifbaiano.edu.br\/unidades\/lapa\/files\/2023\/01\/Analise-de-Recursos-Edital-23-2022-Engenharia-Agronomica.pdf\">An\u00e1lise de Recursos &#8211; publicado em 19\/01\/2023<\/a><\/div>\n\n\n\n<div class=\"wp-block-file\"><a href=\"https:\/\/www.ifbaiano.edu.br\/unidades\/lapa\/files\/2023\/01\/Edital-23-de-2022-de-07-de-Novembro-de-2022-Engenharia-Agronomica-Resultado-Preliminar.pdf\">Resultado Preliminar &#8211; publicado em 13\/01\/2023<\/a><\/div>\n\n\n\n<div class=\"wp-block-file\"><a href=\"https:\/\/www.ifbaiano.edu.br\/unidades\/lapa\/files\/2023\/01\/Edital-de-Retificacao-No-1-de-2-de-Janeiro-de-2023-.pdf\">Edital de Retifica\u00e7\u00e3o N\u00ba 1 de 2 de Janeiro de 2023- Publicado em 02\/01\/2023<\/a><\/div>\n\n\n\n<div class=\"wp-block-file\"><a href=\"https:\/\/www.ifbaiano.edu.br\/unidades\/lapa\/files\/2022\/12\/Homologacao-das-Incricoes-Edital-23_2022-PROSEL-Engenharia-Agronomica.pdf\">Homologa\u00e7\u00e3o Final das Inscri\u00e7\u00f5es &#8211; Edital 23_2022 &#8211; PROSEL &#8211; Engenharia Agron\u00f4mica &#8211; Publicado em 23\/12\/2022<\/a><\/div>\n\n\n\n<div class=\"wp-block-file\"><a href=\"https:\/\/www.ifbaiano.edu.br\/unidades\/lapa\/files\/2022\/12\/Resultado-de-Recursos-Edital-23_2022-PROSEL-Engenharia-Agronomica.pdf\">Resultado de Recursos &#8211; Edital 23_2022 &#8211; PROSEL-Engenharia Agron\u00f4mica &#8211; Publicado em 23\/12\/2022<\/a><\/div>\n\n\n\n<div class=\"wp-block-file\"><a href=\"https:\/\/www.ifbaiano.edu.br\/unidades\/lapa\/files\/2022\/12\/HOMOLOGACAO-DE-INSCRICOES.pdf\">Homologa\u00e7\u00e3o das Inscri\u00e7\u00f5es &#8211; Publicado em 19\/12\/2022<\/a><\/div>\n\n\n\n<div class=\"wp-block-file\"><a href=\"https:\/\/www.ifbaiano.edu.br\/unidades\/lapa\/files\/2022\/11\/Edital-23-de-07-de-novembro-de-2022-Retificado-em-11-11-2022.pdf\">Edital 23 de 07 de novembro de 2022 &#8211; Retificado em 11\/11\/2022<\/a><\/div>\n\n\n\n<div class=\"wp-block-file\"><a href=\"https:\/\/www.ifbaiano.edu.br\/unidades\/lapa\/files\/2022\/11\/NOTA-INFORMATIVA-01.pdf\">NOTA INFORMATIVA 01\/2022 &#8211; Retificado em 16\/11\/2022<\/a><\/div>\n\n\n\n<div class=\"wp-block-file\"><a href=\"https:\/\/www.ifbaiano.edu.br\/unidades\/lapa\/files\/2022\/11\/ANEXO-I-FORMULARIO-DE-INSCRICAO-VERSAO-FINAL.pdf\">ANEXO-I-FORMULARIO-DE-INSCRICAO  &#8211; Retificado em 16\/11\/2022 <\/a><\/div>\n\n\n\n<div class=\"wp-block-file\"><a href=\"https:\/\/www.ifbaiano.edu.br\/unidades\/lapa\/files\/2022\/11\/ANEXO-II-FORMULARIO-DE-RECURSO.pdf\">ANEXO-II-FORMULARIO-DE-RECURSO  &#8211; Retificado em 16\/11\/2022 <\/a><\/div>\n\n\n\n<div class=\"wp-block-file\"><a href=\"https:\/\/www.ifbaiano.edu.br\/unidades\/lapa\/files\/2022\/11\/ANEXO-III-DUPLICIDADE-DE-MATRICULA.pdf\">ANEXO-III-DUPLICIDADE-DE-MATRICULA &#8211; Retificado em 16\/11\/2022<\/a><\/div>\n\n\n\n<div class=\"wp-block-file\"><a href=\"https:\/\/www.ifbaiano.edu.br\/unidades\/lapa\/files\/2022\/11\/ANEXO-IV-AUTO-DECLARACAO-DE-RENDA.pdf\">ANEXO-IV-AUTO-DECLARACAO-DE-RENDA   &#8211; Retificado em 16\/11\/2022 <\/a><\/div>\n\n\n\n<div class=\"wp-block-file\"><a href=\"https:\/\/www.ifbaiano.edu.br\/unidades\/lapa\/files\/2022\/11\/ANEXO-V-AUTO-DECLARACAO-DE-QUE-NAO-EXERCE-ATIVIDADE-REMUNERADA.pdf\">ANEXO-V-AUTO-DECLARACAO-DE-QUE-NAO-EXERCE-ATIVIDADE-REMUNERADA  &#8211; Retificado em 16\/11\/2022 <\/a><\/div>\n\n\n\n<div class=\"wp-block-file\"><a href=\"https:\/\/www.ifbaiano.edu.br\/unidades\/lapa\/files\/2022\/11\/ANEXO-VI-AUTO-DECLARACAO-RACIAL.pdf\">ANEXO-VI-AUTO-DECLARACAO-RACIAL   &#8211; Retificado em 16\/11\/2022 <\/a><\/div>\n<\/div>\n\n\n\n<div class=\"wp-block-column is-layout-flow\">\n<h2 class=\"wp-block-heading\">Contato<\/h2>\n\n\n\n<p>prosel.sisu@lapa.ifbaiano.edu.br<\/p>\n<\/div>\n<\/div>\n","protected":false},"excerpt":{"rendered":"<p>Apresenta\u00e7\u00e3o Edital, para preenchimento de vagas no curso de gradua\u00e7\u00e3o em Engenharia Agron\u00f4mica, ofertado pelo IF Baiano Campus Bom Jesus da Lapa, para ingresso em 2022.2, por meio da an\u00e1lise do hist\u00f3rico escolar do Ensino M\u00e9dio (constando as notas do primeiro e segundo ano). Inscri\u00e7\u00f5es 11 de novembro de 2022 a 16 de dezembro de [&hellip;]<\/p>\n","protected":false},"author":58,"featured_media":0,"parent":0,"menu_order":0,"comment_status":"closed","ping_status":"closed","template":"","meta":[],"_links":{"self":[{"href":"https:\/\/www.ifbaiano.edu.br\/unidades\/lapa\/wp-json\/wp\/v2\/pages\/23816"}],"collection":[{"href":"https:\/\/www.ifbaiano.edu.br\/unidades\/lapa\/wp-json\/wp\/v2\/pages"}],"about":[{"href":"https:\/\/www.ifbaiano.edu.br\/unidades\/lapa\/wp-json\/wp\/v2\/types\/page"}],"author":[{"embeddable":true,"href":"https:\/\/www.ifbaiano.edu.br\/unidades\/lapa\/wp-json\/wp\/v2\/users\/58"}],"replies":[{"embeddable":true,"href":"https:\/\/www.ifbaiano.edu.br\/unidades\/lapa\/wp-json\/wp\/v2\/comments?post=23816"}],"version-history":[{"count":27,"href":"https:\/\/www.ifbaiano.edu.br\/unidades\/lapa\/wp-json\/wp\/v2\/pages\/23816\/revisions"}],"predecessor-version":[{"id":24969,"href":"https:\/\/www.ifbaiano.edu.br\/unidades\/lapa\/wp-json\/wp\/v2\/pages\/23816\/revisions\/24969"}],"wp:attachment":[{"href":"https:\/\/www.ifbaiano.edu.br\/unidades\/lapa\/wp-json\/wp\/v2\/media?parent=23816"}],"curies":[{"name":"wp","href":"https:\/\/api.w.org\/{rel}","templated":true}]}}

Edital 23/2022 &#8211; Seleção de Candidatos(as) para Preenchimento de Vagas no Curso Superior de Bacharelado em Engenharia Agronômica

<div class="wp-block-columns is-layout-flex wp-container-3">
<div class="wp-block-column is-layout-flow">
<h2 class="wp-block-heading">Apresentação</h2>



<p>Edital, para preenchimento de vagas no curso de graduação em Engenharia Agronômica, ofertado pelo IF Baiano Campus Bom Jesus da Lapa, para ingresso em 2022.2, por meio da análise do histórico escolar do Ensino Médio (constando as notas do primeiro e segundo ano).</p>
</div>



<div class="wp-block-column is-layout-flow">
<h2 class="wp-block-heading">Inscrições</h2>



<p>11 de novembro de 2022 a 16 de dezembro de 2022.</p>



<p>Vagas: 20.</p>
</div>
</div>



<div class="wp-block-columns is-layout-flex wp-container-6">
<div class="wp-block-column is-layout-flow">
<h2 class="wp-block-heading">Editais e Documentos</h2>



<div class="wp-block-file"><a href="https://www.ifbaiano.edu.br/unidades/lapa/files/2023/03/4a-CHAMADA-DE-MATRICULAS_ENG.-AGRONOMICA.pdf">4ª CHAMADA DE MATRÍCULAS_ENG. AGRONÔMICA- publicado em 17/03/2023</a></div>



<div class="wp-block-file"><a href="https://www.ifbaiano.edu.br/unidades/lapa/files/2023/03/Edital-de-Retificacao-15-2023.-Retifica-o-Edital-03-2023-Engenharia-Agronomica-para-ingresso-no-semestre-2022.2.pdf">Edital de Retificação 15-2023. Retifica o Edital 03-2023 Engenharia Agronômica para ingresso no semestre 2022.2.- publicado em 17/03/2023</a></div>



<div class="wp-block-file"><a href="https://www.ifbaiano.edu.br/unidades/lapa/files/2023/02/3a_CHAMADA_DE_MATRICULAS_-_Engenharia_agronomica_assinado.pdf">3ª CHAMADA DE MATRÍCULAS Eng. Agronomica- publicado em 06/02/2023</a></div>



<div class="wp-block-file"><a href="https://www.ifbaiano.edu.br/unidades/lapa/files/2023/02/2a-Chamada-Matriculas-Engenharia-Agronomica.pdf">2ª Chamada Matrículas Engenharia Agronômica- publicado em 01/02/2023</a></div>



<div class="wp-block-file"><a href="https://www.ifbaiano.edu.br/unidades/lapa/files/2023/01/Lista-de-aprovados-convocados-em-1o-chamada-para-matricula-Engenharia-Agronomica.pdf">Lista de aprovados convocados em 1º chamada para matrícula Engenharia Agronômica- publicado em 24/01/2023</a></div>



<div class="wp-block-file"><a href="https://www.ifbaiano.edu.br/unidades/lapa/files/2023/01/Edital-03-2023-Convocacao-para-Matricula.-Engenharia-Agronomica.-Ingresso-2022.2.pdf">Edital 03-2023 &#8211; Convocação para Matrícula. Engenharia Agronômica. Ingresso 2022.2 &#8211; publicado em 24/01/2023</a></div>



<div class="wp-block-file"><a href="https://www.ifbaiano.edu.br/unidades/lapa/files/2023/01/RESULTADO-FINAL-Edital-23-2022-Engenharia-Agronomica.pdf">Resultado Final &#8211; publicado em 19/01/2023</a></div>



<div class="wp-block-file"><a href="https://www.ifbaiano.edu.br/unidades/lapa/files/2023/01/Analise-de-Recursos-Edital-23-2022-Engenharia-Agronomica.pdf">Análise de Recursos &#8211; publicado em 19/01/2023</a></div>



<div class="wp-block-file"><a href="https://www.ifbaiano.edu.br/unidades/lapa/files/2023/01/Edital-23-de-2022-de-07-de-Novembro-de-2022-Engenharia-Agronomica-Resultado-Preliminar.pdf">Resultado Preliminar &#8211; publicado em 13/01/2023</a></div>



<div class="wp-block-file"><a href="https://www.ifbaiano.edu.br/unidades/lapa/files/2023/01/Edital-de-Retificacao-No-1-de-2-de-Janeiro-de-2023-.pdf">Edital de Retificação Nº 1 de 2 de Janeiro de 2023- Publicado em 02/01/2023</a></div>



<div class="wp-block-file"><a href="https://www.ifbaiano.edu.br/unidades/lapa/files/2022/12/Homologacao-das-Incricoes-Edital-23_2022-PROSEL-Engenharia-Agronomica.pdf">Homologação Final das Inscrições &#8211; Edital 23_2022 &#8211; PROSEL &#8211; Engenharia Agronômica &#8211; Publicado em 23/12/2022</a></div>



<div class="wp-block-file"><a href="https://www.ifbaiano.edu.br/unidades/lapa/files/2022/12/Resultado-de-Recursos-Edital-23_2022-PROSEL-Engenharia-Agronomica.pdf">Resultado de Recursos &#8211; Edital 23_2022 &#8211; PROSEL-Engenharia Agronômica &#8211; Publicado em 23/12/2022</a></div>



<div class="wp-block-file"><a href="https://www.ifbaiano.edu.br/unidades/lapa/files/2022/12/HOMOLOGACAO-DE-INSCRICOES.pdf">Homologação das Inscrições &#8211; Publicado em 19/12/2022</a></div>



<div class="wp-block-file"><a href="https://www.ifbaiano.edu.br/unidades/lapa/files/2022/11/Edital-23-de-07-de-novembro-de-2022-Retificado-em-11-11-2022.pdf">Edital 23 de 07 de novembro de 2022 &#8211; Retificado em 11/11/2022</a></div>



<div class="wp-block-file"><a href="https://www.ifbaiano.edu.br/unidades/lapa/files/2022/11/NOTA-INFORMATIVA-01.pdf">NOTA INFORMATIVA 01/2022 &#8211; Retificado em 16/11/2022</a></div>



<div class="wp-block-file"><a href="https://www.ifbaiano.edu.br/unidades/lapa/files/2022/11/ANEXO-I-FORMULARIO-DE-INSCRICAO-VERSAO-FINAL.pdf">ANEXO-I-FORMULARIO-DE-INSCRICAO  &#8211; Retificado em 16/11/2022 </a></div>



<div class="wp-block-file"><a href="https://www.ifbaiano.edu.br/unidades/lapa/files/2022/11/ANEXO-II-FORMULARIO-DE-RECURSO.pdf">ANEXO-II-FORMULARIO-DE-RECURSO  &#8211; Retificado em 16/11/2022 </a></div>



<div class="wp-block-file"><a href="https://www.ifbaiano.edu.br/unidades/lapa/files/2022/11/ANEXO-III-DUPLICIDADE-DE-MATRICULA.pdf">ANEXO-III-DUPLICIDADE-DE-MATRICULA &#8211; Retificado em 16/11/2022</a></div>



<div class="wp-block-file"><a href="https://www.ifbaiano.edu.br/unidades/lapa/files/2022/11/ANEXO-IV-AUTO-DECLARACAO-DE-RENDA.pdf">ANEXO-IV-AUTO-DECLARACAO-DE-RENDA   &#8211; Retificado em 16/11/2022 </a></div>



<div class="wp-block-file"><a href="https://www.ifbaiano.edu.br/unidades/lapa/files/2022/11/ANEXO-V-AUTO-DECLARACAO-DE-QUE-NAO-EXERCE-ATIVIDADE-REMUNERADA.pdf">ANEXO-V-AUTO-DECLARACAO-DE-QUE-NAO-EXERCE-ATIVIDADE-REMUNERADA  &#8211; Retificado em 16/11/2022 </a></div>



<div class="wp-block-file"><a href="https://www.ifbaiano.edu.br/unidades/lapa/files/2022/11/ANEXO-VI-AUTO-DECLARACAO-RACIAL.pdf">ANEXO-VI-AUTO-DECLARACAO-RACIAL   &#8211; Retificado em 16/11/2022 </a></div>
</div>



<div class="wp-block-column is-layout-flow">
<h2 class="wp-block-heading">Contato</h2>



<p>prosel.sisu@lapa.ifbaiano.edu.br</p>
</div>
</div>

<p>Apresentação Edital, para preenchimento de vagas no curso de graduação em Engenharia Agronômica, ofertado pelo IF Baiano Campus Bom Jesus da Lapa, para ingresso em 2022.2, por meio da análise do histórico escolar do Ensino Médio (constando as notas do primeiro e segundo ano). Inscrições 11 de novembro de 2022 a 16 de dezembro de [&hellip;]</p>
