{"id":23844,"date":"2022-11-09T12:47:32","date_gmt":"2022-11-09T15:47:32","guid":{"rendered":"https:\/\/www.ifbaiano.edu.br\/unidades\/lapa\/?page_id=23844"},"modified":"2023-03-08T09:47:08","modified_gmt":"2023-03-08T12:47:08","slug":"edital-24-2022","status":"publish","type":"page","link":"https:\/\/www.ifbaiano.edu.br\/unidades\/lapa\/edital-24-2022\/","title":{"rendered":"Edital 24\/2022 &#8211; Processo Seletivo para Ingresso de Estudantes nos cursos da Educa\u00e7\u00e3o Profissional T\u00e9cnica de N\u00edvel M\u00e9dio na Forma Subsequente ao Ensino M\u00e9dio"},"content":{"rendered":"\n<div class=\"wp-block-columns is-layout-flex wp-container-3\">\n<div class=\"wp-block-column is-layout-flow\">\n<h2 class=\"wp-block-heading\">Apresenta\u00e7\u00e3o<\/h2>\n\n\n\n<p>Inscri\u00e7\u00f5es do processo para ingresso de estudantes em 2023, nos cursos da Educa\u00e7\u00e3o Profissional T\u00e9cnica de N\u00edvel M\u00e9dio, na forma Subsequente ao Ensino M\u00e9dio &#8211; modalidade presencial &#8211; para o Campus Bom Jesus da Lapa, por meio de MANIFESTA\u00c7\u00c3O DE INTERESSE conforme o n\u00famero de vagas e cursos relacionados no Quadro &#8211; 2 do subitem 2.3 do Edital e seguindo as demais condi\u00e7\u00f5es e as etapas definidas nesse Edital.<\/p>\n<\/div>\n\n\n\n<div class=\"wp-block-column is-layout-flow\">\n<h2 class=\"wp-block-heading\">Inscri\u00e7\u00f5es<\/h2>\n\n\n\n<p>de 11\/11\/2022 at\u00e9 16\/12\/2022<br><\/p>\n\n\n\n<p><strong>PRORROGADAS AT\u00c9 21\/12\/2022<\/strong><\/p>\n\n\n\n<p><br>INSCRI\u00c7\u00d5ES ENCERRADAS<\/p>\n<\/div>\n<\/div>\n\n\n\n<div class=\"wp-block-columns is-layout-flex wp-container-6\">\n<div class=\"wp-block-column is-layout-flow\">\n<h2 class=\"wp-block-heading\">Edital e Documentos<\/h2>\n\n\n\n<div class=\"wp-block-file\"><a href=\"https:\/\/www.ifbaiano.edu.br\/unidades\/lapa\/files\/2023\/03\/Lista-Convocados-em-1a-Chamada-de-Lista-de-Espera-SUSBSEQUENTE.pdf\">Lista Convocados em 1a Chamada Lista de Espera SUSBSEQUENTE &#8211; Publicado em 08\/03\/2023<\/a><\/div>\n\n\n\n<div class=\"wp-block-file\"><a href=\"https:\/\/www.ifbaiano.edu.br\/unidades\/lapa\/files\/2023\/02\/RELACAO-DE-CONVOCADOS-PARA-MATRICULA-EM-PRIMEIRA-CHAMADA-APROVADOS_Cursos-Subsequentes.pdf\">Rela\u00e7\u00e3o de Convocados para matr\u00edcula &#8211; Publicado em 17\/02\/2023<\/a><\/div>\n\n\n\n<div class=\"wp-block-file\"><a href=\"https:\/\/www.ifbaiano.edu.br\/unidades\/lapa\/files\/2023\/02\/Edital-de-Matricula-no-07-2023_Cursos-Subsequentes.pdf\">Edital de Matr\u00edcula 07\/2023 &#8211; Publicado em 17\/02\/2023<\/a><\/div>\n\n\n\n<div class=\"wp-block-file\"><a href=\"https:\/\/www.ifbaiano.edu.br\/unidades\/lapa\/files\/2023\/02\/RESULTADO-FINAL-DO-PROCESSO-SELETIVO-CURSOS-SUBSEQUENTES.pdf\">RESULTADO FINAL DO PROCESSO SELETIVO (CURSOS SUBSEQUENTES)- Publicado em 15\/02\/2023<\/a><\/div>\n\n\n\n<div class=\"wp-block-file\"><a href=\"https:\/\/www.ifbaiano.edu.br\/unidades\/lapa\/files\/2023\/02\/RESULTADO-FINAL-DA-ANALISE-DA-BANCA-DE-VERIFICACAO-DE-AUTODECLARACAO-ETNICO-RACIAL-CURSOS-SUBSEQUENTES-POS-RECURSO.pdf\">RESULTADO FINAL DA AN\u00c1LISE DA BANCA DE VERIFICA\u00c7\u00c3O DE AUTODECLARA\u00c7\u00c3O \u00c9TNICO-RACIAL (CURSOS SUBSEQUENTES P\u00d3S RECURSO)- Publicado em 15\/02\/2023<\/a><\/div>\n\n\n\n<div class=\"wp-block-file\"><a href=\"https:\/\/www.ifbaiano.edu.br\/unidades\/lapa\/files\/2023\/02\/Edital-de-Retificacao-no-05-2023.-Retifica-o-subitem-3.5-do-Edital-24-2022.-Retificacao-no-05.pdf\">Edital de Retifica\u00e7\u00e3o n\u00ba 05-2023. Retifica o subitem 3.5 do Edital 24-2022. Retifica\u00e7\u00e3o n\u00ba 05- Publicado em 15\/02\/2023<\/a><\/div>\n\n\n\n<div class=\"wp-block-file\"><a href=\"https:\/\/www.ifbaiano.edu.br\/unidades\/lapa\/files\/2023\/02\/Banca-Recursal-de-Heteroidentificacao.pdf\">Banca Recursal de Heteroidentifica\u00e7\u00e3o- Publicado em 13\/02\/2023<\/a><\/div>\n\n\n\n<div class=\"wp-block-file\"><a href=\"https:\/\/www.ifbaiano.edu.br\/unidades\/lapa\/files\/2023\/02\/RESULTADO-PRELIMINAR-BANCA-HETEROIDENTIFICACAO-SUBSEQUENTE.pdf\">RESULTADO PRELIMINAR  BANCA HETEROIDENTIFICA\u00c7\u00c3O SUBSEQUENTE- Publicado em 10\/02\/2023<\/a><\/div>\n\n\n\n<div class=\"wp-block-file\"><a href=\"https:\/\/www.ifbaiano.edu.br\/unidades\/lapa\/files\/2023\/02\/Publicizacao-da-Banca-de-Heteroidentificacao.pdf\">Publiciza\u00e7\u00e3o da Banca de Heteroidentifica\u00e7\u00e3o &#8211; Publicado em 02\/02\/2023<\/a><\/div>\n\n\n\n<div class=\"wp-block-file\"><a href=\"https:\/\/www.ifbaiano.edu.br\/unidades\/lapa\/files\/2023\/02\/CONVOCACAO-PARA-BANCA-DE-VERIFICACAO-DE-AUTODECLARACAO-ETNICO-RACIAL-RETIFICADO.pdf\">Lista de convocados para avalia\u00e7\u00e3o da Banca de Heteroidentifica\u00e7\u00e3o RETIFICADO &#8211; Publicado em 01\/02\/2023<\/a><\/div>\n\n\n\n<div class=\"wp-block-file\"><a href=\"https:\/\/www.ifbaiano.edu.br\/unidades\/lapa\/files\/2023\/01\/CONVOCACAO_PARA_BANCA_DE_VERIFICACAO_DE_AUTODECLARACAO_ETNICO-RACIAL_SUBSEQUENTES_assinado.pdf\">Lista de convocados para avalia\u00e7\u00e3o da Banca de Heteroidentifica\u00e7\u00e3o &#8211; Publicado em 30\/01\/2023<\/a><\/div>\n\n\n\n<div class=\"wp-block-file\"><a href=\"https:\/\/www.ifbaiano.edu.br\/unidades\/lapa\/files\/2023\/01\/Classificacao-Preliminar-dos-Candidatosas-Inscritosas-Edital-24-2022-Subsequente.pdf\">Classifica\u00e7\u00e3o Preliminar dos Candidatos(as) Inscritos(as). Publicado em 19\/01\/2023<\/a><\/div>\n\n\n\n<div class=\"wp-block-file\"><a href=\"https:\/\/www.ifbaiano.edu.br\/unidades\/lapa\/files\/2023\/01\/Homologacao-Final-da-Inscricoes-Edital-24-2022-Subsequente.pdf\"> Homologa\u00e7\u00e3o final de Inscri\u00e7\u00f5es. Publicado em 19\/01\/2023<\/a><\/div>\n\n\n\n<div class=\"wp-block-file\"><a href=\"https:\/\/www.ifbaiano.edu.br\/unidades\/lapa\/files\/2023\/01\/RESULTADO_PRELIMINAR_SUBSEQUENTE_-_HOMOLOGACAO_2023-1.pdf\"> HOMOLOGA\u00c7\u00c3O PRELIMINAR DAS INSCRI\u00c7\u00d5ES CURSOS SUBSEQUENTES. Publicado em 16\/01\/2023<\/a><\/div>\n\n\n\n<p><\/p>\n\n\n\n<div class=\"wp-block-file\"><a href=\"https:\/\/www.ifbaiano.edu.br\/unidades\/lapa\/files\/2022\/12\/Edital-de-Retificacao-33_2022.pdf\">Edital de Retifica\u00e7\u00e3o 33\/2022, Retifica o Edital 24\/2022. Retifica\u00e7\u00e3o n\u00ba 4. Publicado em 22\/12\/2022<\/a><\/div>\n\n\n\n<div class=\"wp-block-file\"><a href=\"https:\/\/www.ifbaiano.edu.br\/unidades\/lapa\/files\/2022\/12\/Edital-de-Retificacao-no-30-2022.-Retifica-o-Edital-24-2022-Retificacao-03.pdf\">Edital de Retifica\u00e7\u00e3o 30\/2022. Retifica o Edital 24\/2022 Retifica\u00e7\u00e3o 03. Publicado em 19\/12\/20227<\/a><\/div>\n\n\n\n<div class=\"wp-block-file\"><a href=\"https:\/\/www.ifbaiano.edu.br\/unidades\/lapa\/files\/2022\/12\/Nota-Informatica-03-22-Edital-24-2022.-1.pdf\"> Nota Informativa 03\/22 &#8211; Retifica o Edital 24\/2022. Publicado em 19\/12\/2022 <br><\/a><\/div>\n\n\n\n<div class=\"wp-block-file\"><a href=\"https:\/\/www.ifbaiano.edu.br\/unidades\/lapa\/files\/2022\/12\/Edital-de-Retificacao-no-28-2022.-Retifica-o-Edital-24-2022.pdf\"> Edital de Retifica\u00e7\u00e3o n\u00ba 28, de 14 de novembro de 2022 que Retifica o Edital 24\/2022 &#8211; Publicado em 14\/12\/2022 <\/a><\/div>\n\n\n\n<div class=\"wp-block-file\"><a href=\"https:\/\/www.ifbaiano.edu.br\/unidades\/lapa\/files\/2022\/11\/RETIFICACAO-No-01-DO-EDITAL-24_2022.pdf\">Edital de Retifica\u00e7\u00e3o n\u00ba 26, de 23 de novembro de 2022 &#8211; Retifica o Edital 24\/2022, Publicado em 28\/11\/2022<\/a><\/div>\n\n\n\n<div class=\"wp-block-file\"><a href=\"https:\/\/www.ifbaiano.edu.br\/unidades\/lapa\/files\/2022\/11\/Edital-No-24-de-08-de-novembro-de-2022-Subsequente-1.pdf\">Edital N\u00ba 24 de 08 de novembro de 2022 Subsequente &#8211; Publicado em 9\/11\/2022<\/a><\/div>\n\n\n\n<div class=\"wp-block-file\"><a href=\"https:\/\/www.ifbaiano.edu.br\/unidades\/lapa\/files\/2022\/11\/ANEXO-I-CONSOLIDACAO-DE-RENDA-FAMILIAR-edital-24_2022.pdf\">ANEXO I &#8211; Consolida\u00e7\u00e3o de Renda Familiar &#8211; Publicado em 9\/11\/2022 <\/a><\/div>\n\n\n\n<div class=\"wp-block-file\"><a href=\"https:\/\/www.ifbaiano.edu.br\/unidades\/lapa\/files\/2022\/11\/ANEXO-II-AUTODECLARACAO-ETNICO-RACIAL-edital-24_2022.pdf\">ANEXO II &#8211; Autodeclara\u00e7\u00e3o \u00c9tnico Racial  &#8211; Publicado em 9\/11\/2022<\/a><\/div>\n\n\n\n<div class=\"wp-block-file\"><a href=\"https:\/\/www.ifbaiano.edu.br\/unidades\/lapa\/files\/2022\/11\/ANEXO-III-DECLARACAO-DE-PESSOA-COM-DEFICIENCIA-edital-24_2022.pdf\">ANEXO III &#8211; Declara\u00e7\u00e3o de Pessoa com Defici\u00eancia  &#8211; Publicado em 9\/11\/2022 <\/a><\/div>\n\n\n\n<div class=\"wp-block-file\"><a href=\"https:\/\/www.ifbaiano.edu.br\/unidades\/lapa\/files\/2022\/11\/ANEXO-IV-DECLARACAO-DE-ESCOLA-PUBLICA-edital-24_2022.pdf\">ANEXO IV &#8211; Declara\u00e7\u00e3o de Escola P\u00fablica  &#8211; Publicado em 9\/11\/2022 <\/a><\/div>\n\n\n\n<div class=\"wp-block-file\"><a href=\"https:\/\/www.ifbaiano.edu.br\/unidades\/lapa\/files\/2022\/11\/ANEXO-V-AUTODECLARACAO-DE-RENDA-24_2022.pdf\">ANEXO V &#8211; Auto declara\u00e7\u00e3o de Renda  &#8211; Publicado em 9\/11\/2022 <\/a><\/div>\n\n\n\n<div class=\"wp-block-file\"><a href=\"https:\/\/www.ifbaiano.edu.br\/unidades\/lapa\/files\/2022\/11\/ANEXO-VI-FORMULARIO-PARA-RECURSO-edital-24_2022.pdf\">ANEXO VI &#8211; Formul\u00e1rio para Recurso  &#8211; Publicado em 9\/11\/2022<\/a><\/div>\n<\/div>\n\n\n\n<div class=\"wp-block-column is-layout-flow\">\n<h2 class=\"wp-block-heading\">Contato:<\/h2>\n\n\n\n<p>prosel.lapa@ifbaiano.edu.br<\/p>\n<\/div>\n<\/div>\n","protected":false},"excerpt":{"rendered":"<p>Apresenta\u00e7\u00e3o Inscri\u00e7\u00f5es do processo para ingresso de estudantes em 2023, nos cursos da Educa\u00e7\u00e3o Profissional T\u00e9cnica de N\u00edvel M\u00e9dio, na forma Subsequente ao Ensino M\u00e9dio &#8211; modalidade presencial &#8211; para o Campus Bom Jesus da Lapa, por meio de MANIFESTA\u00c7\u00c3O DE INTERESSE conforme o n\u00famero de vagas e cursos relacionados no Quadro &#8211; 2 do [&hellip;]<\/p>\n","protected":false},"author":58,"featured_media":0,"parent":0,"menu_order":0,"comment_status":"closed","ping_status":"closed","template":"","meta":[],"_links":{"self":[{"href":"https:\/\/www.ifbaiano.edu.br\/unidades\/lapa\/wp-json\/wp\/v2\/pages\/23844"}],"collection":[{"href":"https:\/\/www.ifbaiano.edu.br\/unidades\/lapa\/wp-json\/wp\/v2\/pages"}],"about":[{"href":"https:\/\/www.ifbaiano.edu.br\/unidades\/lapa\/wp-json\/wp\/v2\/types\/page"}],"author":[{"embeddable":true,"href":"https:\/\/www.ifbaiano.edu.br\/unidades\/lapa\/wp-json\/wp\/v2\/users\/58"}],"replies":[{"embeddable":true,"href":"https:\/\/www.ifbaiano.edu.br\/unidades\/lapa\/wp-json\/wp\/v2\/comments?post=23844"}],"version-history":[{"count":32,"href":"https:\/\/www.ifbaiano.edu.br\/unidades\/lapa\/wp-json\/wp\/v2\/pages\/23844\/revisions"}],"predecessor-version":[{"id":24855,"href":"https:\/\/www.ifbaiano.edu.br\/unidades\/lapa\/wp-json\/wp\/v2\/pages\/23844\/revisions\/24855"}],"wp:attachment":[{"href":"https:\/\/www.ifbaiano.edu.br\/unidades\/lapa\/wp-json\/wp\/v2\/media?parent=23844"}],"curies":[{"name":"wp","href":"https:\/\/api.w.org\/{rel}","templated":true}]}}

Edital 24/2022 &#8211; Processo Seletivo para Ingresso de Estudantes nos cursos da Educação Profissional Técnica de Nível Médio na Forma Subsequente ao Ensino Médio

<div class="wp-block-columns is-layout-flex wp-container-3">
<div class="wp-block-column is-layout-flow">
<h2 class="wp-block-heading">Apresentação</h2>



<p>Inscrições do processo para ingresso de estudantes em 2023, nos cursos da Educação Profissional Técnica de Nível Médio, na forma Subsequente ao Ensino Médio &#8211; modalidade presencial &#8211; para o Campus Bom Jesus da Lapa, por meio de MANIFESTAÇÃO DE INTERESSE conforme o número de vagas e cursos relacionados no Quadro &#8211; 2 do subitem 2.3 do Edital e seguindo as demais condições e as etapas definidas nesse Edital.</p>
</div>



<div class="wp-block-column is-layout-flow">
<h2 class="wp-block-heading">Inscrições</h2>



<p>de 11/11/2022 até 16/12/2022<br></p>



<p><strong>PRORROGADAS ATÉ 21/12/2022</strong></p>



<p><br>INSCRIÇÕES ENCERRADAS</p>
</div>
</div>



<div class="wp-block-columns is-layout-flex wp-container-6">
<div class="wp-block-column is-layout-flow">
<h2 class="wp-block-heading">Edital e Documentos</h2>



<div class="wp-block-file"><a href="https://www.ifbaiano.edu.br/unidades/lapa/files/2023/03/Lista-Convocados-em-1a-Chamada-de-Lista-de-Espera-SUSBSEQUENTE.pdf">Lista Convocados em 1a Chamada Lista de Espera SUSBSEQUENTE &#8211; Publicado em 08/03/2023</a></div>



<div class="wp-block-file"><a href="https://www.ifbaiano.edu.br/unidades/lapa/files/2023/02/RELACAO-DE-CONVOCADOS-PARA-MATRICULA-EM-PRIMEIRA-CHAMADA-APROVADOS_Cursos-Subsequentes.pdf">Relação de Convocados para matrícula &#8211; Publicado em 17/02/2023</a></div>



<div class="wp-block-file"><a href="https://www.ifbaiano.edu.br/unidades/lapa/files/2023/02/Edital-de-Matricula-no-07-2023_Cursos-Subsequentes.pdf">Edital de Matrícula 07/2023 &#8211; Publicado em 17/02/2023</a></div>



<div class="wp-block-file"><a href="https://www.ifbaiano.edu.br/unidades/lapa/files/2023/02/RESULTADO-FINAL-DO-PROCESSO-SELETIVO-CURSOS-SUBSEQUENTES.pdf">RESULTADO FINAL DO PROCESSO SELETIVO (CURSOS SUBSEQUENTES)- Publicado em 15/02/2023</a></div>



<div class="wp-block-file"><a href="https://www.ifbaiano.edu.br/unidades/lapa/files/2023/02/RESULTADO-FINAL-DA-ANALISE-DA-BANCA-DE-VERIFICACAO-DE-AUTODECLARACAO-ETNICO-RACIAL-CURSOS-SUBSEQUENTES-POS-RECURSO.pdf">RESULTADO FINAL DA ANÁLISE DA BANCA DE VERIFICAÇÃO DE AUTODECLARAÇÃO ÉTNICO-RACIAL (CURSOS SUBSEQUENTES PÓS RECURSO)- Publicado em 15/02/2023</a></div>



<div class="wp-block-file"><a href="https://www.ifbaiano.edu.br/unidades/lapa/files/2023/02/Edital-de-Retificacao-no-05-2023.-Retifica-o-subitem-3.5-do-Edital-24-2022.-Retificacao-no-05.pdf">Edital de Retificação nº 05-2023. Retifica o subitem 3.5 do Edital 24-2022. Retificação nº 05- Publicado em 15/02/2023</a></div>



<div class="wp-block-file"><a href="https://www.ifbaiano.edu.br/unidades/lapa/files/2023/02/Banca-Recursal-de-Heteroidentificacao.pdf">Banca Recursal de Heteroidentificação- Publicado em 13/02/2023</a></div>



<div class="wp-block-file"><a href="https://www.ifbaiano.edu.br/unidades/lapa/files/2023/02/RESULTADO-PRELIMINAR-BANCA-HETEROIDENTIFICACAO-SUBSEQUENTE.pdf">RESULTADO PRELIMINAR  BANCA HETEROIDENTIFICAÇÃO SUBSEQUENTE- Publicado em 10/02/2023</a></div>



<div class="wp-block-file"><a href="https://www.ifbaiano.edu.br/unidades/lapa/files/2023/02/Publicizacao-da-Banca-de-Heteroidentificacao.pdf">Publicização da Banca de Heteroidentificação &#8211; Publicado em 02/02/2023</a></div>



<div class="wp-block-file"><a href="https://www.ifbaiano.edu.br/unidades/lapa/files/2023/02/CONVOCACAO-PARA-BANCA-DE-VERIFICACAO-DE-AUTODECLARACAO-ETNICO-RACIAL-RETIFICADO.pdf">Lista de convocados para avaliação da Banca de Heteroidentificação RETIFICADO &#8211; Publicado em 01/02/2023</a></div>



<div class="wp-block-file"><a href="https://www.ifbaiano.edu.br/unidades/lapa/files/2023/01/CONVOCACAO_PARA_BANCA_DE_VERIFICACAO_DE_AUTODECLARACAO_ETNICO-RACIAL_SUBSEQUENTES_assinado.pdf">Lista de convocados para avaliação da Banca de Heteroidentificação &#8211; Publicado em 30/01/2023</a></div>



<div class="wp-block-file"><a href="https://www.ifbaiano.edu.br/unidades/lapa/files/2023/01/Classificacao-Preliminar-dos-Candidatosas-Inscritosas-Edital-24-2022-Subsequente.pdf">Classificação Preliminar dos Candidatos(as) Inscritos(as). Publicado em 19/01/2023</a></div>



<div class="wp-block-file"><a href="https://www.ifbaiano.edu.br/unidades/lapa/files/2023/01/Homologacao-Final-da-Inscricoes-Edital-24-2022-Subsequente.pdf"> Homologação final de Inscrições. Publicado em 19/01/2023</a></div>



<div class="wp-block-file"><a href="https://www.ifbaiano.edu.br/unidades/lapa/files/2023/01/RESULTADO_PRELIMINAR_SUBSEQUENTE_-_HOMOLOGACAO_2023-1.pdf"> HOMOLOGAÇÃO PRELIMINAR DAS INSCRIÇÕES CURSOS SUBSEQUENTES. Publicado em 16/01/2023</a></div>



<p></p>



<div class="wp-block-file"><a href="https://www.ifbaiano.edu.br/unidades/lapa/files/2022/12/Edital-de-Retificacao-33_2022.pdf">Edital de Retificação 33/2022, Retifica o Edital 24/2022. Retificação nº 4. Publicado em 22/12/2022</a></div>



<div class="wp-block-file"><a href="https://www.ifbaiano.edu.br/unidades/lapa/files/2022/12/Edital-de-Retificacao-no-30-2022.-Retifica-o-Edital-24-2022-Retificacao-03.pdf">Edital de Retificação 30/2022. Retifica o Edital 24/2022 Retificação 03. Publicado em 19/12/20227</a></div>



<div class="wp-block-file"><a href="https://www.ifbaiano.edu.br/unidades/lapa/files/2022/12/Nota-Informatica-03-22-Edital-24-2022.-1.pdf"> Nota Informativa 03/22 &#8211; Retifica o Edital 24/2022. Publicado em 19/12/2022 <br></a></div>



<div class="wp-block-file"><a href="https://www.ifbaiano.edu.br/unidades/lapa/files/2022/12/Edital-de-Retificacao-no-28-2022.-Retifica-o-Edital-24-2022.pdf"> Edital de Retificação nº 28, de 14 de novembro de 2022 que Retifica o Edital 24/2022 &#8211; Publicado em 14/12/2022 </a></div>



<div class="wp-block-file"><a href="https://www.ifbaiano.edu.br/unidades/lapa/files/2022/11/RETIFICACAO-No-01-DO-EDITAL-24_2022.pdf">Edital de Retificação nº 26, de 23 de novembro de 2022 &#8211; Retifica o Edital 24/2022, Publicado em 28/11/2022</a></div>



<div class="wp-block-file"><a href="https://www.ifbaiano.edu.br/unidades/lapa/files/2022/11/Edital-No-24-de-08-de-novembro-de-2022-Subsequente-1.pdf">Edital Nº 24 de 08 de novembro de 2022 Subsequente &#8211; Publicado em 9/11/2022</a></div>



<div class="wp-block-file"><a href="https://www.ifbaiano.edu.br/unidades/lapa/files/2022/11/ANEXO-I-CONSOLIDACAO-DE-RENDA-FAMILIAR-edital-24_2022.pdf">ANEXO I &#8211; Consolidação de Renda Familiar &#8211; Publicado em 9/11/2022 </a></div>



<div class="wp-block-file"><a href="https://www.ifbaiano.edu.br/unidades/lapa/files/2022/11/ANEXO-II-AUTODECLARACAO-ETNICO-RACIAL-edital-24_2022.pdf">ANEXO II &#8211; Autodeclaração Étnico Racial  &#8211; Publicado em 9/11/2022</a></div>



<div class="wp-block-file"><a href="https://www.ifbaiano.edu.br/unidades/lapa/files/2022/11/ANEXO-III-DECLARACAO-DE-PESSOA-COM-DEFICIENCIA-edital-24_2022.pdf">ANEXO III &#8211; Declaração de Pessoa com Deficiência  &#8211; Publicado em 9/11/2022 </a></div>



<div class="wp-block-file"><a href="https://www.ifbaiano.edu.br/unidades/lapa/files/2022/11/ANEXO-IV-DECLARACAO-DE-ESCOLA-PUBLICA-edital-24_2022.pdf">ANEXO IV &#8211; Declaração de Escola Pública  &#8211; Publicado em 9/11/2022 </a></div>



<div class="wp-block-file"><a href="https://www.ifbaiano.edu.br/unidades/lapa/files/2022/11/ANEXO-V-AUTODECLARACAO-DE-RENDA-24_2022.pdf">ANEXO V &#8211; Auto declaração de Renda  &#8211; Publicado em 9/11/2022 </a></div>



<div class="wp-block-file"><a href="https://www.ifbaiano.edu.br/unidades/lapa/files/2022/11/ANEXO-VI-FORMULARIO-PARA-RECURSO-edital-24_2022.pdf">ANEXO VI &#8211; Formulário para Recurso  &#8211; Publicado em 9/11/2022</a></div>
</div>



<div class="wp-block-column is-layout-flow">
<h2 class="wp-block-heading">Contato:</h2>



<p>prosel.lapa@ifbaiano.edu.br</p>
</div>
</div>

<p>Apresentação Inscrições do processo para ingresso de estudantes em 2023, nos cursos da Educação Profissional Técnica de Nível Médio, na forma Subsequente ao Ensino Médio &#8211; modalidade presencial &#8211; para o Campus Bom Jesus da Lapa, por meio de MANIFESTAÇÃO DE INTERESSE conforme o número de vagas e cursos relacionados no Quadro &#8211; 2 do [&hellip;]</p>
