{"id":24452,"date":"2023-01-25T15:27:48","date_gmt":"2023-01-25T18:27:48","guid":{"rendered":"https:\/\/www.ifbaiano.edu.br\/unidades\/lapa\/?page_id=24452"},"modified":"2023-02-06T16:40:47","modified_gmt":"2023-02-06T19:40:47","slug":"edital-02-2023","status":"publish","type":"page","link":"https:\/\/www.ifbaiano.edu.br\/unidades\/lapa\/edital-02-2023\/","title":{"rendered":"Edital 02\/2023 para preenchimento de vagas ociosas no  curso Bacharelado em Engenharia Agron\u00f4mica e no cursos superior de Gest\u00e3o da Tecnologia da Informa\u00e7\u00e3o"},"content":{"rendered":"\n<div class=\"wp-block-columns is-layout-flex wp-container-3\">\n<div class=\"wp-block-column is-layout-flow\">\n<p class=\"has-text-align-center has-medium-font-size\"><strong>Apresenta\u00e7\u00e3o<\/strong><\/p>\n\n\n\n<p>O DIRETOR-GERAL SUBSTITUTO DO INSTITUTO FEDERAL DE EDUCA\u00c7\u00c3O, CI\u00caNCIA E TECNOLOGIA BAIANO (IF BAIANO) CAMPUS BOM JESUS DA LAPA, no uso de suas atribui\u00e7\u00f5es legais conferidas pela Portaria 1158\/2020 -RET-GAB\/RET\/IFBAIANO, de 4 de novembro de 2020, e de acordo com as disposi\u00e7\u00f5es contidas na Lei n\u00ba 11.892, de 29\/12\/2008, no Regimento Geral do IF Baiano e na Portaria Normativa 13\/2022 &#8211; RET-GAB\/RET\/IFBAIANO, de 11 de mar\u00e7o de 2022, torna p\u00fablico o presente Edital para preenchimento de vagas ociosas no curso bacharelado em Engenharia Agron\u00f4mica e no curso superior de Tecnologia em Gest\u00e3o da Tecnologia da Informa\u00e7\u00e3o ofertado pelo Campus Bom Jesus da Lapa, para ingresso no semestre 2022.2. As vagas poder\u00e3o ser preenchidas por Transfer\u00eancia Interna ou Externa, por Reop\u00e7\u00e3o de Curso, por Portador de Diploma de Educa\u00e7\u00e3o Superior em \u00e1reas afins, oriundos de Institui\u00e7\u00f5es de Ensino Superior, de acordo com a Organiza\u00e7\u00e3o Did\u00e1tica dos Cursos da Educa\u00e7\u00e3o Superior do Instituto Federal de Educa\u00e7\u00e3o, Ci\u00eancia e Tecnologia Baiano (IF Baiano), conforme Resolu\u00e7\u00e3o n\u00b0 64 do Conselho Superior\/IF Baiano, de 31 de mar\u00e7o de 2020.<\/p>\n<\/div>\n\n\n\n<div class=\"wp-block-column is-layout-flow\">\n<p class=\"has-text-align-center has-medium-font-size\"><strong>Inscri\u00e7\u00f5es<\/strong><\/p>\n\n\n\n<p class=\"has-text-align-center\"><strong>Per\u00edodo:<\/strong> 24\/01\/2023 a 30\/01\/2023<\/p>\n<\/div>\n<\/div>\n\n\n\n<div class=\"wp-block-columns is-layout-flex wp-container-6\">\n<div class=\"wp-block-column is-layout-flow\">\n<p class=\"has-medium-font-size\"><strong>Editais e Documentos<\/strong><\/p>\n\n\n\n<div class=\"wp-block-file\"><a href=\"https:\/\/www.ifbaiano.edu.br\/unidades\/lapa\/files\/2023\/02\/RESULTADO_FINAL-Vagas-Ociosas-Gestao-de-TI-e-Eng.-Agronomica.pdf\"> RESULTADO_FINAL-Vagas-Ociosas-Gestao-de-TI-e-Eng.-Agronomica- Publicado em 06\/02\/2023<\/a><\/div>\n\n\n\n<div class=\"wp-block-file\"><a href=\"https:\/\/www.ifbaiano.edu.br\/unidades\/lapa\/files\/2023\/02\/Analise_de_Recursos_edital_vagas_ociosas-GTI-e-Eng.-Agronomica.pdf\"> Analise_de_Recursos_edital_vagas_ociosas-GTI-e-Eng.-Agronomica- Publicado em 06\/02\/2023<\/a><\/div>\n\n\n\n<div class=\"wp-block-file\"><a href=\"https:\/\/www.ifbaiano.edu.br\/unidades\/lapa\/files\/2023\/02\/RESULTADO_PRELIMINAR_EDITAL_02.2023-Gestao-de-TI-e-Eng.-Agronomica.pdf\"> Resultado Preliminar Gest\u00e3o de TI e Eng. Agron\u00f4mica- Publicado em 02\/02\/2023<\/a><\/div>\n\n\n\n<div class=\"wp-block-file\"><a href=\"https:\/\/www.ifbaiano.edu.br\/unidades\/lapa\/files\/2023\/01\/EDITAL-No-02-20-01-2023-Vagas-Ociosas-Cursos-Superiores-2022.2.pdf\">EDITAL N\u00ba 02 20-01-2023 Vagas Ociosas Cursos Superiores 2022.2- Publicado em 20\/01\/2023<\/a><\/div>\n<\/div>\n\n\n\n<div class=\"wp-block-column is-layout-flow\">\n<p class=\"has-text-align-center has-medium-font-size\"><strong>Contato<\/strong><\/p>\n\n\n\n<p class=\"has-text-align-center\">prosel.sisu@lapa.ifbaiano.edu.br<\/p>\n<\/div>\n<\/div>\n","protected":false},"excerpt":{"rendered":"<p>Apresenta\u00e7\u00e3o O DIRETOR-GERAL SUBSTITUTO DO INSTITUTO FEDERAL DE EDUCA\u00c7\u00c3O, CI\u00caNCIA E TECNOLOGIA BAIANO (IF BAIANO) CAMPUS BOM JESUS DA LAPA, no uso de suas atribui\u00e7\u00f5es legais conferidas pela Portaria 1158\/2020 -RET-GAB\/RET\/IFBAIANO, de 4 de novembro de 2020, e de acordo com as disposi\u00e7\u00f5es contidas na Lei n\u00ba 11.892, de 29\/12\/2008, no Regimento Geral do IF [&hellip;]<\/p>\n","protected":false},"author":165,"featured_media":0,"parent":0,"menu_order":0,"comment_status":"closed","ping_status":"closed","template":"","meta":[],"_links":{"self":[{"href":"https:\/\/www.ifbaiano.edu.br\/unidades\/lapa\/wp-json\/wp\/v2\/pages\/24452"}],"collection":[{"href":"https:\/\/www.ifbaiano.edu.br\/unidades\/lapa\/wp-json\/wp\/v2\/pages"}],"about":[{"href":"https:\/\/www.ifbaiano.edu.br\/unidades\/lapa\/wp-json\/wp\/v2\/types\/page"}],"author":[{"embeddable":true,"href":"https:\/\/www.ifbaiano.edu.br\/unidades\/lapa\/wp-json\/wp\/v2\/users\/165"}],"replies":[{"embeddable":true,"href":"https:\/\/www.ifbaiano.edu.br\/unidades\/lapa\/wp-json\/wp\/v2\/comments?post=24452"}],"version-history":[{"count":10,"href":"https:\/\/www.ifbaiano.edu.br\/unidades\/lapa\/wp-json\/wp\/v2\/pages\/24452\/revisions"}],"predecessor-version":[{"id":24614,"href":"https:\/\/www.ifbaiano.edu.br\/unidades\/lapa\/wp-json\/wp\/v2\/pages\/24452\/revisions\/24614"}],"wp:attachment":[{"href":"https:\/\/www.ifbaiano.edu.br\/unidades\/lapa\/wp-json\/wp\/v2\/media?parent=24452"}],"curies":[{"name":"wp","href":"https:\/\/api.w.org\/{rel}","templated":true}]}}

Edital 02/2023 para preenchimento de vagas ociosas no  curso Bacharelado em Engenharia Agronômica e no cursos superior de Gestão da Tecnologia da Informação

<div class="wp-block-columns is-layout-flex wp-container-3">
<div class="wp-block-column is-layout-flow">
<p class="has-text-align-center has-medium-font-size"><strong>Apresentação</strong></p>



<p>O DIRETOR-GERAL SUBSTITUTO DO INSTITUTO FEDERAL DE EDUCAÇÃO, CIÊNCIA E TECNOLOGIA BAIANO (IF BAIANO) CAMPUS BOM JESUS DA LAPA, no uso de suas atribuições legais conferidas pela Portaria 1158/2020 -RET-GAB/RET/IFBAIANO, de 4 de novembro de 2020, e de acordo com as disposições contidas na Lei nº 11.892, de 29/12/2008, no Regimento Geral do IF Baiano e na Portaria Normativa 13/2022 &#8211; RET-GAB/RET/IFBAIANO, de 11 de março de 2022, torna público o presente Edital para preenchimento de vagas ociosas no curso bacharelado em Engenharia Agronômica e no curso superior de Tecnologia em Gestão da Tecnologia da Informação ofertado pelo Campus Bom Jesus da Lapa, para ingresso no semestre 2022.2. As vagas poderão ser preenchidas por Transferência Interna ou Externa, por Reopção de Curso, por Portador de Diploma de Educação Superior em áreas afins, oriundos de Instituições de Ensino Superior, de acordo com a Organização Didática dos Cursos da Educação Superior do Instituto Federal de Educação, Ciência e Tecnologia Baiano (IF Baiano), conforme Resolução n° 64 do Conselho Superior/IF Baiano, de 31 de março de 2020.</p>
</div>



<div class="wp-block-column is-layout-flow">
<p class="has-text-align-center has-medium-font-size"><strong>Inscrições</strong></p>



<p class="has-text-align-center"><strong>Período:</strong> 24/01/2023 a 30/01/2023</p>
</div>
</div>



<div class="wp-block-columns is-layout-flex wp-container-6">
<div class="wp-block-column is-layout-flow">
<p class="has-medium-font-size"><strong>Editais e Documentos</strong></p>



<div class="wp-block-file"><a href="https://www.ifbaiano.edu.br/unidades/lapa/files/2023/02/RESULTADO_FINAL-Vagas-Ociosas-Gestao-de-TI-e-Eng.-Agronomica.pdf"> RESULTADO_FINAL-Vagas-Ociosas-Gestao-de-TI-e-Eng.-Agronomica- Publicado em 06/02/2023</a></div>



<div class="wp-block-file"><a href="https://www.ifbaiano.edu.br/unidades/lapa/files/2023/02/Analise_de_Recursos_edital_vagas_ociosas-GTI-e-Eng.-Agronomica.pdf"> Analise_de_Recursos_edital_vagas_ociosas-GTI-e-Eng.-Agronomica- Publicado em 06/02/2023</a></div>



<div class="wp-block-file"><a href="https://www.ifbaiano.edu.br/unidades/lapa/files/2023/02/RESULTADO_PRELIMINAR_EDITAL_02.2023-Gestao-de-TI-e-Eng.-Agronomica.pdf"> Resultado Preliminar Gestão de TI e Eng. Agronômica- Publicado em 02/02/2023</a></div>



<div class="wp-block-file"><a href="https://www.ifbaiano.edu.br/unidades/lapa/files/2023/01/EDITAL-No-02-20-01-2023-Vagas-Ociosas-Cursos-Superiores-2022.2.pdf">EDITAL Nº 02 20-01-2023 Vagas Ociosas Cursos Superiores 2022.2- Publicado em 20/01/2023</a></div>
</div>



<div class="wp-block-column is-layout-flow">
<p class="has-text-align-center has-medium-font-size"><strong>Contato</strong></p>



<p class="has-text-align-center">prosel.sisu@lapa.ifbaiano.edu.br</p>
</div>
</div>

<p>Apresentação O DIRETOR-GERAL SUBSTITUTO DO INSTITUTO FEDERAL DE EDUCAÇÃO, CIÊNCIA E TECNOLOGIA BAIANO (IF BAIANO) CAMPUS BOM JESUS DA LAPA, no uso de suas atribuições legais conferidas pela Portaria 1158/2020 -RET-GAB/RET/IFBAIANO, de 4 de novembro de 2020, e de acordo com as disposições contidas na Lei nº 11.892, de 29/12/2008, no Regimento Geral do IF [&hellip;]</p>
