{"id":24710,"date":"2023-02-17T20:36:16","date_gmt":"2023-02-17T23:36:16","guid":{"rendered":"https:\/\/www.ifbaiano.edu.br\/unidades\/lapa\/?page_id=24710"},"modified":"2023-03-03T12:32:16","modified_gmt":"2023-03-03T15:32:16","slug":"edital-08-2023","status":"publish","type":"page","link":"https:\/\/www.ifbaiano.edu.br\/unidades\/lapa\/edital-08-2023\/","title":{"rendered":"EDITAL N\u00ba 08, de 17 de fevereiro de 2023 &#8211; PROCESSO SELETIVO PARA MONITORES DO CURSO DE GRADUA\u00c7\u00c3O EM ENGENHARIA AGRON\u00d4MICA &#8211; SEMESTRE LETIVO 2022.2."},"content":{"rendered":"\n<div class=\"wp-block-columns is-layout-flex wp-container-3\">\n<div class=\"wp-block-column is-layout-flow\">\n<h2 class=\"wp-block-heading\">Apresenta\u00e7\u00e3o<\/h2>\n\n\n\n<p>O DIRETOR-GERAL DO INSTITUTO FEDERAL DE EDUCA\u00c7\u00c3O, CI\u00caNCIA E TECNOLOGIA BAIANO (IF BAIANO) &#8211; CAMPUS BOM JESUS DA LAPA , no uso de suas atribui\u00e7\u00f5es delegadas pela Portaria n\u00ba 275, de 18\/03\/2022, publicada no DOU de 21\/03\/2022, Se\u00e7\u00e3o 2, p\u00e1gina 26,; de acordo com as disposi\u00e7\u00f5es legais em vigor, torna p\u00fablico o presente Edital que estabelece as normas para sele\u00e7\u00e3o de monitores de ensino para o Curso de Gradua\u00e7\u00e3o em Engenharia Agron\u00f4mica, para o semestre le0vo 2022.2, em conformidade com a Resolu\u00e7\u00e3o CONSUP\/IF Baiano n\u00ba 08, de 30 de mar\u00e7o de 2016.<\/p>\n<\/div>\n\n\n\n<div class=\"wp-block-column is-layout-flow\">\n<h2 class=\"wp-block-heading\">Inscri\u00e7\u00f5es<\/h2>\n\n\n\n<p>Per\u00edodo:<\/p>\n\n\n\n<p>De 23\/02\/2023 at\u00e9 as 23:59h de 26\/02\/2023<\/p>\n\n\n\n<p>LINK DE INSCRI\u00c7\u00c3O : httpss:\/\/forms.gle\/hvx38EGLdHNjBjiK6<\/p>\n<\/div>\n<\/div>\n\n\n\n<div class=\"wp-block-columns is-layout-flex wp-container-6\">\n<div class=\"wp-block-column is-layout-flow\">\n<h2 class=\"wp-block-heading\">Editais e Documentos<\/h2>\n\n\n\n<div class=\"wp-block-file\"><a href=\"https:\/\/www.ifbaiano.edu.br\/unidades\/lapa\/files\/2023\/03\/RESULTADO-FINAL-MONITORIA-ENG.-AGRONOMICA.pdf\">RESULTADO FINAL MONITORIA ENG. AGRON\u00d4MICA &#8211; Publicado em 03\/03\/2023<\/a><\/div>\n\n\n\n<div class=\"wp-block-file\"><a href=\"https:\/\/www.ifbaiano.edu.br\/unidades\/lapa\/files\/2023\/03\/RESULTADO-PRELIMINAR-MONITORIA-ENG.-AGRONOMICA.pdf\">RESULTADO PRELIMINAR MONITORIA ENG. AGRON\u00d4MICA &#8211; Publicado em 01\/03\/2023<\/a><\/div>\n\n\n\n<div class=\"wp-block-file\"><a href=\"https:\/\/www.ifbaiano.edu.br\/unidades\/lapa\/files\/2023\/02\/CRONOGRAMA-DE-ENTREVISTAS-MONITORIA-DE-ENSINO.pdf\">Cronograma de Entrevistas &#8211; Monitoria de Ensino Eng. Agron\u00f4mica &#8211; Publicado em 27\/02\/2023<\/a><\/div>\n\n\n\n<div class=\"wp-block-file\"><a href=\"https:\/\/www.ifbaiano.edu.br\/unidades\/lapa\/files\/2023\/02\/Edital-de-Retificacao-09-2023.-Retifica-o-Edital-08-2023-do-Processo-Seletivo-de-monitoria-Engenharia-Agronomica.pdf\">Edital de Retifica\u00e7\u00e3o 09-2023. Retifica o Edital 08-2023 do Processo Seletivo de monitoria  Engenharia Agron\u00f4mica 2022.2 &#8211; Publicado em 23\/02\/2023<\/a><\/div>\n\n\n\n<div class=\"wp-block-file\"><a href=\"https:\/\/www.ifbaiano.edu.br\/unidades\/lapa\/files\/2023\/02\/Edital-08-2023-Processo-Seletivo-de-monitoria-de-ensino-para-o-curso-de-graduacao-em-Engenharia-Agronomica-semestre-letivo-2022.2.-1.pdf\">Edital 08\/2023 &#8211; Processo Seletivo de monitoria de ensino &#8211; Engenharia Agron\u00f4mica &#8211; 2022.2 &#8211; Publicado em 17\/02\/2023<\/a><\/div>\n<\/div>\n\n\n\n<div class=\"wp-block-column is-layout-flow\">\n<h2 class=\"wp-block-heading\">Contato<\/h2>\n\n\n\n<p>selecao.monitoria@lapa.ifbaiano.edu.br<\/p>\n<\/div>\n<\/div>\n","protected":false},"excerpt":{"rendered":"<p>Apresenta\u00e7\u00e3o O DIRETOR-GERAL DO INSTITUTO FEDERAL DE EDUCA\u00c7\u00c3O, CI\u00caNCIA E TECNOLOGIA BAIANO (IF BAIANO) &#8211; CAMPUS BOM JESUS DA LAPA , no uso de suas atribui\u00e7\u00f5es delegadas pela Portaria n\u00ba 275, de 18\/03\/2022, publicada no DOU de 21\/03\/2022, Se\u00e7\u00e3o 2, p\u00e1gina 26,; de acordo com as disposi\u00e7\u00f5es legais em vigor, torna p\u00fablico o presente Edital [&hellip;]<\/p>\n","protected":false},"author":58,"featured_media":0,"parent":0,"menu_order":0,"comment_status":"closed","ping_status":"closed","template":"","meta":[],"_links":{"self":[{"href":"https:\/\/www.ifbaiano.edu.br\/unidades\/lapa\/wp-json\/wp\/v2\/pages\/24710"}],"collection":[{"href":"https:\/\/www.ifbaiano.edu.br\/unidades\/lapa\/wp-json\/wp\/v2\/pages"}],"about":[{"href":"https:\/\/www.ifbaiano.edu.br\/unidades\/lapa\/wp-json\/wp\/v2\/types\/page"}],"author":[{"embeddable":true,"href":"https:\/\/www.ifbaiano.edu.br\/unidades\/lapa\/wp-json\/wp\/v2\/users\/58"}],"replies":[{"embeddable":true,"href":"https:\/\/www.ifbaiano.edu.br\/unidades\/lapa\/wp-json\/wp\/v2\/comments?post=24710"}],"version-history":[{"count":7,"href":"https:\/\/www.ifbaiano.edu.br\/unidades\/lapa\/wp-json\/wp\/v2\/pages\/24710\/revisions"}],"predecessor-version":[{"id":24812,"href":"https:\/\/www.ifbaiano.edu.br\/unidades\/lapa\/wp-json\/wp\/v2\/pages\/24710\/revisions\/24812"}],"wp:attachment":[{"href":"https:\/\/www.ifbaiano.edu.br\/unidades\/lapa\/wp-json\/wp\/v2\/media?parent=24710"}],"curies":[{"name":"wp","href":"https:\/\/api.w.org\/{rel}","templated":true}]}}

EDITAL Nº 08, de 17 de fevereiro de 2023 &#8211; PROCESSO SELETIVO PARA MONITORES DO CURSO DE GRADUAÇÃO EM ENGENHARIA AGRONÔMICA &#8211; SEMESTRE LETIVO 2022.2.

<div class="wp-block-columns is-layout-flex wp-container-3">
<div class="wp-block-column is-layout-flow">
<h2 class="wp-block-heading">Apresentação</h2>



<p>O DIRETOR-GERAL DO INSTITUTO FEDERAL DE EDUCAÇÃO, CIÊNCIA E TECNOLOGIA BAIANO (IF BAIANO) &#8211; CAMPUS BOM JESUS DA LAPA , no uso de suas atribuições delegadas pela Portaria nº 275, de 18/03/2022, publicada no DOU de 21/03/2022, Seção 2, página 26,; de acordo com as disposições legais em vigor, torna público o presente Edital que estabelece as normas para seleção de monitores de ensino para o Curso de Graduação em Engenharia Agronômica, para o semestre le0vo 2022.2, em conformidade com a Resolução CONSUP/IF Baiano nº 08, de 30 de março de 2016.</p>
</div>



<div class="wp-block-column is-layout-flow">
<h2 class="wp-block-heading">Inscrições</h2>



<p>Período:</p>



<p>De 23/02/2023 até as 23:59h de 26/02/2023</p>



<p>LINK DE INSCRIÇÃO : httpss://forms.gle/hvx38EGLdHNjBjiK6</p>
</div>
</div>



<div class="wp-block-columns is-layout-flex wp-container-6">
<div class="wp-block-column is-layout-flow">
<h2 class="wp-block-heading">Editais e Documentos</h2>



<div class="wp-block-file"><a href="https://www.ifbaiano.edu.br/unidades/lapa/files/2023/03/RESULTADO-FINAL-MONITORIA-ENG.-AGRONOMICA.pdf">RESULTADO FINAL MONITORIA ENG. AGRONÔMICA &#8211; Publicado em 03/03/2023</a></div>



<div class="wp-block-file"><a href="https://www.ifbaiano.edu.br/unidades/lapa/files/2023/03/RESULTADO-PRELIMINAR-MONITORIA-ENG.-AGRONOMICA.pdf">RESULTADO PRELIMINAR MONITORIA ENG. AGRONÔMICA &#8211; Publicado em 01/03/2023</a></div>



<div class="wp-block-file"><a href="https://www.ifbaiano.edu.br/unidades/lapa/files/2023/02/CRONOGRAMA-DE-ENTREVISTAS-MONITORIA-DE-ENSINO.pdf">Cronograma de Entrevistas &#8211; Monitoria de Ensino Eng. Agronômica &#8211; Publicado em 27/02/2023</a></div>



<div class="wp-block-file"><a href="https://www.ifbaiano.edu.br/unidades/lapa/files/2023/02/Edital-de-Retificacao-09-2023.-Retifica-o-Edital-08-2023-do-Processo-Seletivo-de-monitoria-Engenharia-Agronomica.pdf">Edital de Retificação 09-2023. Retifica o Edital 08-2023 do Processo Seletivo de monitoria  Engenharia Agronômica 2022.2 &#8211; Publicado em 23/02/2023</a></div>



<div class="wp-block-file"><a href="https://www.ifbaiano.edu.br/unidades/lapa/files/2023/02/Edital-08-2023-Processo-Seletivo-de-monitoria-de-ensino-para-o-curso-de-graduacao-em-Engenharia-Agronomica-semestre-letivo-2022.2.-1.pdf">Edital 08/2023 &#8211; Processo Seletivo de monitoria de ensino &#8211; Engenharia Agronômica &#8211; 2022.2 &#8211; Publicado em 17/02/2023</a></div>
</div>



<div class="wp-block-column is-layout-flow">
<h2 class="wp-block-heading">Contato</h2>



<p>selecao.monitoria@lapa.ifbaiano.edu.br</p>
</div>
</div>

<p>Apresentação O DIRETOR-GERAL DO INSTITUTO FEDERAL DE EDUCAÇÃO, CIÊNCIA E TECNOLOGIA BAIANO (IF BAIANO) &#8211; CAMPUS BOM JESUS DA LAPA , no uso de suas atribuições delegadas pela Portaria nº 275, de 18/03/2022, publicada no DOU de 21/03/2022, Seção 2, página 26,; de acordo com as disposições legais em vigor, torna público o presente Edital [&hellip;]</p>
