{"id":24771,"date":"2023-03-01T07:40:02","date_gmt":"2023-03-01T10:40:02","guid":{"rendered":"https:\/\/www.ifbaiano.edu.br\/unidades\/lapa\/?page_id=24771"},"modified":"2023-03-13T14:42:09","modified_gmt":"2023-03-13T17:42:09","slug":"edital-10-2023","status":"publish","type":"page","link":"https:\/\/www.ifbaiano.edu.br\/unidades\/lapa\/edital-10-2023\/","title":{"rendered":"EDITAL N\u00ba 10, de 28 de fevereiro de 2023 -PROCESSO SELETIVO PARA MONITORES DO CURSO SUPERIOR DE TECNOLOGIA EM GEST\u00c3O DA TECNOLOGIA DA INFORMA\u00c7\u00c3O &#8211; SEMESTRE LETIVO 2022.2."},"content":{"rendered":"\n<div class=\"wp-block-columns is-layout-flex wp-container-3\">\n<div class=\"wp-block-column is-layout-flow\">\n<h2>Apresenta\u00e7\u00e3o<\/h2>\n\n\n\n<p>O DIRETOR-GERAL DO INSTITUTO FEDERAL DE EDUCA\u00c7\u00c3O, CI\u00caNCIA E TECNOLOGIA BAIANO (IF BAIANO) &#8211; CAMPUS BOM JESUS DA LAPA, no uso de suas atribui\u00e7\u00f5es deleg BOM JESUS DA LAPA adas pela Portaria n\u00ba 275, de 18\/03\/2022, publicada no DOU de 21\/03\/2022, Se\u00e7\u00e3o 2, p\u00e1gina 26, de acordo com as disposi\u00e7\u00f5es legais em vigor, torna p\u00fablico o presente Edital que estabelece as normas para sele\u00e7\u00e3o de monitores de ensino para o Curso Superior de Tecnologia em Gest\u00e3o da Tecnologia da Informa\u00e7\u00e3o, para o semestre leAvo 2022.2, em conformidade com a Resolu\u00e7\u00e3o CONSUP\/IF Baiano n\u00ba 08, de 30 de mar\u00e7o de 2016. (Processo 23328.250363.2023-00).<\/p>\n<\/div>\n\n\n\n<div class=\"wp-block-column is-layout-flow\">\n<h2>Inscri\u00e7\u00f5es<\/h2>\n\n\n\n<p>Per\u00edodo<\/p>\n\n\n\n<p>De 03\/03 at\u00e9 as 23:59h de 07\/03\/2023<\/p>\n\n\n\n<p>LINK DE INSCRI\u00c7\u00c3O:<\/p>\n\n\n\n<p>https:\/\/forms.gle\/yB6PyNSQLororPRo8<\/p>\n<\/div>\n<\/div>\n\n\n\n<div class=\"wp-block-columns is-layout-flex wp-container-6\">\n<div class=\"wp-block-column is-layout-flow\">\n<h2>Editais e Documentos<\/h2>\n\n\n\n<div class=\"wp-block-file\"><a href=\"https:\/\/www.ifbaiano.edu.br\/unidades\/lapa\/files\/2023\/03\/Resultado-final-da-monitoria-GTI-edital-10-2023.pdf\">Resultado Final Monitoria Gest\u00e3o da Tecnologia da Informa\u00e7\u00e3o 2022.2- Publicado em 13\/03\/2023<\/a><\/div>\n\n\n\n<div class=\"wp-block-file\"><a href=\"https:\/\/www.ifbaiano.edu.br\/unidades\/lapa\/files\/2023\/03\/Resultado-Preliminar-Monitoria-Gestao-da-Tecnologia-da-Informacao.pdf\">Resultado Preliminar Monitoria  Gest\u00e3o da Tecnologia da Informa\u00e7\u00e3o 2022.2- Publicado em 09\/03\/2023<\/a><\/div>\n\n\n\n<div class=\"wp-block-file\"><a href=\"https:\/\/www.ifbaiano.edu.br\/unidades\/lapa\/files\/2023\/03\/Edital-10-2023-de-monitoria-do-Curso-GTI-2022.2.pdf\">Edital 10\/2023 de monitoria do Curso GTI &#8211; 2022.2 &#8211; Publicado em 01\/03\/2023<\/a><\/div>\n<\/div>\n\n\n\n<div class=\"wp-block-column is-layout-flow\">\n<h2>Contato<\/h2>\n\n\n\n<p>selecao.monitoria@lapa.ifbaiano.edu.br.<\/p>\n<\/div>\n<\/div>\n","protected":false},"excerpt":{"rendered":"<p>Apresenta\u00e7\u00e3o O DIRETOR-GERAL DO INSTITUTO FEDERAL DE EDUCA\u00c7\u00c3O, CI\u00caNCIA E TECNOLOGIA BAIANO (IF BAIANO) &#8211; CAMPUS BOM JESUS DA LAPA, no uso de suas atribui\u00e7\u00f5es deleg BOM JESUS DA LAPA adas pela Portaria n\u00ba 275, de 18\/03\/2022, publicada no DOU de 21\/03\/2022, Se\u00e7\u00e3o 2, p\u00e1gina 26, de acordo com as disposi\u00e7\u00f5es legais em vigor, torna [&hellip;]<\/p>\n","protected":false},"author":165,"featured_media":0,"parent":0,"menu_order":0,"comment_status":"closed","ping_status":"closed","template":"","meta":[],"_links":{"self":[{"href":"https:\/\/www.ifbaiano.edu.br\/unidades\/lapa\/wp-json\/wp\/v2\/pages\/24771"}],"collection":[{"href":"https:\/\/www.ifbaiano.edu.br\/unidades\/lapa\/wp-json\/wp\/v2\/pages"}],"about":[{"href":"https:\/\/www.ifbaiano.edu.br\/unidades\/lapa\/wp-json\/wp\/v2\/types\/page"}],"author":[{"embeddable":true,"href":"https:\/\/www.ifbaiano.edu.br\/unidades\/lapa\/wp-json\/wp\/v2\/users\/165"}],"replies":[{"embeddable":true,"href":"https:\/\/www.ifbaiano.edu.br\/unidades\/lapa\/wp-json\/wp\/v2\/comments?post=24771"}],"version-history":[{"count":8,"href":"https:\/\/www.ifbaiano.edu.br\/unidades\/lapa\/wp-json\/wp\/v2\/pages\/24771\/revisions"}],"predecessor-version":[{"id":24975,"href":"https:\/\/www.ifbaiano.edu.br\/unidades\/lapa\/wp-json\/wp\/v2\/pages\/24771\/revisions\/24975"}],"wp:attachment":[{"href":"https:\/\/www.ifbaiano.edu.br\/unidades\/lapa\/wp-json\/wp\/v2\/media?parent=24771"}],"curies":[{"name":"wp","href":"https:\/\/api.w.org\/{rel}","templated":true}]}}

EDITAL Nº 10, de 28 de fevereiro de 2023 -PROCESSO SELETIVO PARA MONITORES DO CURSO SUPERIOR DE TECNOLOGIA EM GESTÃO DA TECNOLOGIA DA INFORMAÇÃO &#8211; SEMESTRE LETIVO 2022.2.

<div class="wp-block-columns is-layout-flex wp-container-3">
<div class="wp-block-column is-layout-flow">
<h2>Apresentação</h2>



<p>O DIRETOR-GERAL DO INSTITUTO FEDERAL DE EDUCAÇÃO, CIÊNCIA E TECNOLOGIA BAIANO (IF BAIANO) &#8211; CAMPUS BOM JESUS DA LAPA, no uso de suas atribuições deleg BOM JESUS DA LAPA adas pela Portaria nº 275, de 18/03/2022, publicada no DOU de 21/03/2022, Seção 2, página 26, de acordo com as disposições legais em vigor, torna público o presente Edital que estabelece as normas para seleção de monitores de ensino para o Curso Superior de Tecnologia em Gestão da Tecnologia da Informação, para o semestre leAvo 2022.2, em conformidade com a Resolução CONSUP/IF Baiano nº 08, de 30 de março de 2016. (Processo 23328.250363.2023-00).</p>
</div>



<div class="wp-block-column is-layout-flow">
<h2>Inscrições</h2>



<p>Período</p>



<p>De 03/03 até as 23:59h de 07/03/2023</p>



<p>LINK DE INSCRIÇÃO:</p>



<p>https://forms.gle/yB6PyNSQLororPRo8</p>
</div>
</div>



<div class="wp-block-columns is-layout-flex wp-container-6">
<div class="wp-block-column is-layout-flow">
<h2>Editais e Documentos</h2>



<div class="wp-block-file"><a href="https://www.ifbaiano.edu.br/unidades/lapa/files/2023/03/Resultado-final-da-monitoria-GTI-edital-10-2023.pdf">Resultado Final Monitoria Gestão da Tecnologia da Informação 2022.2- Publicado em 13/03/2023</a></div>



<div class="wp-block-file"><a href="https://www.ifbaiano.edu.br/unidades/lapa/files/2023/03/Resultado-Preliminar-Monitoria-Gestao-da-Tecnologia-da-Informacao.pdf">Resultado Preliminar Monitoria  Gestão da Tecnologia da Informação 2022.2- Publicado em 09/03/2023</a></div>



<div class="wp-block-file"><a href="https://www.ifbaiano.edu.br/unidades/lapa/files/2023/03/Edital-10-2023-de-monitoria-do-Curso-GTI-2022.2.pdf">Edital 10/2023 de monitoria do Curso GTI &#8211; 2022.2 &#8211; Publicado em 01/03/2023</a></div>
</div>



<div class="wp-block-column is-layout-flow">
<h2>Contato</h2>



<p>selecao.monitoria@lapa.ifbaiano.edu.br.</p>
</div>
</div>

<p>Apresentação O DIRETOR-GERAL DO INSTITUTO FEDERAL DE EDUCAÇÃO, CIÊNCIA E TECNOLOGIA BAIANO (IF BAIANO) &#8211; CAMPUS BOM JESUS DA LAPA, no uso de suas atribuições deleg BOM JESUS DA LAPA adas pela Portaria nº 275, de 18/03/2022, publicada no DOU de 21/03/2022, Seção 2, página 26, de acordo com as disposições legais em vigor, torna [&hellip;]</p>
