{"id":24882,"date":"2023-03-10T16:17:48","date_gmt":"2023-03-10T19:17:48","guid":{"rendered":"https:\/\/www.ifbaiano.edu.br\/unidades\/lapa\/?page_id=24882"},"modified":"2023-03-29T17:35:30","modified_gmt":"2023-03-29T20:35:30","slug":"edital-no-13-2023","status":"publish","type":"page","link":"https:\/\/www.ifbaiano.edu.br\/unidades\/lapa\/edital-no-13-2023\/","title":{"rendered":"EDITAL N\u00ba 13, de 10 de mar\u00e7o de 2023 &#8211; Processo seletivo de Vagas Remanescentes para Ingresso de Estudantes nos Cursos da Educa\u00e7\u00e3o Profissional T\u00e9cnica de N\u00edvel M\u00e9dio, na Forma Subsequente ao Ensino M\u00e9dio &#8211; Modalidade Presencial"},"content":{"rendered":"\n<div class=\"wp-block-columns is-layout-flex wp-container-3\">\n<div class=\"wp-block-column is-layout-flow\">\n<h2>Apresenta\u00e7\u00e3o<\/h2>\n\n\n\n<p>O DIRETOR-GERAL DO INSTITUTO FEDERAL DE EDUCA\u00c7\u00c3O, CI\u00caNCIA E TECNOLOGIA BAIANO &#8211; CAMPUS BOM JESUS DA LAPA , no uso de suas atribui\u00e7\u00f5es legais conferidas pela Portaria n\u00ba 275, de 18\/03\/2022, publicada no DOU de 21\/03\/2022, Se\u00e7\u00e3o 2, p\u00e1gina 26, e de acordo com as disposi\u00e7\u00f5es contidas na Lei n\u00ba 11.892, de 29\/12\/2008, no Regimento Geral do IF Baiano e na Portaria Normativa 13\/2022 &#8211; RET-GAB\/RET\/IFBAIANO, de 11 de mar\u00e7o de 2022, em conformidade com a Lei n\u00ba 9.394, de 20 de dezembro de 1996, alterada pela Lei n\u00ba 12.796, de 04 de abril de 2013 e ainda considerando a Portaria MEC n\u00ba 18, de 11 de outubro de 2012, torna p\u00fablica a abertura de inscri\u00e7\u00f5es para vagas remanescentes oriundas do Processo Seletivo de Ingresso de Estudantes em 2023, nos cursos da Educa\u00e7\u00e3o Profissional T\u00e9cnica de N\u00edvel M\u00e9dio (T\u00e9cnico em Inform\u00e1tica e T\u00e9cnico em Agricultura), na forma subsequente ao Ensino M\u00e9dio &#8211; na modalidade presencial, por meio de manifesta\u00e7\u00e3o de interesse na vaga, atrav\u00e9s de Edital de fluxo cont\u00ednuo<\/p>\n<\/div>\n\n\n\n<div class=\"wp-block-column is-layout-flow\">\n<h2>Inscri\u00e7\u00f5es<\/h2>\n\n\n\n<p class=\"has-text-align-left\">Per\u00edodo<\/p>\n\n\n\n<p><strong>15 e 16 de Mar\u00e7o de 2023<\/strong><\/p>\n\n\n\n<p><strong>Exclusivamente Presencial<\/strong><\/p>\n\n\n\n<p><\/p>\n<\/div>\n<\/div>\n\n\n\n<div class=\"wp-block-columns is-layout-flex wp-container-6\">\n<div class=\"wp-block-column is-layout-flow\">\n<h2>Editais e Documentos<\/h2>\n\n\n\n<div class=\"wp-block-file\"><a href=\"https:\/\/www.ifbaiano.edu.br\/unidades\/lapa\/files\/2023\/03\/Matriculados-da-Lista-de-Espera-do-Edital-13-2023-Agricultura-Subsequente.pdf\">Matriculados da Lista de Espera do Edital 13-2023. &#8211; Publicado em 29\/03\/2023<\/a><\/div>\n\n\n\n<div class=\"wp-block-file\"><a href=\"https:\/\/www.ifbaiano.edu.br\/unidades\/lapa\/files\/2023\/03\/Resultado-Processo-Seletivo-Vagas-Remanescentes-dos-cursos-Subsequentes-2023.pdf\">Resultado Processo Seletivo Vagas Remanescentes dos cursos Subsequentes 2023. &#8211; Publicado em 17\/03\/2023<\/a><\/div>\n\n\n\n<div class=\"wp-block-file\"><a href=\"https:\/\/www.ifbaiano.edu.br\/unidades\/lapa\/files\/2023\/03\/Edital-de-Retificacao-14-2023.-Retifica-o-Edital-13-2023.-Retificacao-01.pdf\">Edital de Retifica\u00e7\u00e3o 14-2023. Retifica o Edital 13-2023. Retifica\u00e7\u00e3o 01 &#8211; Publicado em 13\/03\/2023<\/a><\/div>\n\n\n\n<div class=\"wp-block-file\"><a href=\"https:\/\/www.ifbaiano.edu.br\/unidades\/lapa\/files\/2023\/03\/Edital-13-2023_PROCESSO-SELETIVO-DE-VAGAS-REMANESCENTES-2023-MODALIDADE-PRESENCIAL.pdf\">Edital 13\/2023 vagas remanescentes modalidade subsequente &#8211; Publicado em 10\/03\/2023<\/a><\/div>\n\n\n\n<div class=\"wp-block-file\"><a href=\"https:\/\/www.ifbaiano.edu.br\/unidades\/lapa\/files\/2023\/03\/ANEXO-I-EDITAL-13-2023-.pdf\">ANEXO I &#8211; EDITAL 13\/2023\nQUADRO DE VAGAS REMANESCENTES &#8211; Publicado em 11\/03\/2023<\/a><\/div>\n\n\n\n<div class=\"wp-block-file\"><a href=\"https:\/\/www.ifbaiano.edu.br\/unidades\/lapa\/files\/2023\/03\/ANEXO-II-EDITAL-13-2023.pdf\">\nANEXO II &#8211; EDITAL 13\/2023\nFICHA DE INSCRI\u00c7\u00c3O Manifesta\u00e7\u00e3o de Interesse &#8211; Curso Subsequente &#8211; 2023 &#8211; Publicado em 11\/03\/2023<\/a><\/div>\n\n\n\n<div class=\"wp-block-file\"><a href=\"https:\/\/www.ifbaiano.edu.br\/unidades\/lapa\/files\/2023\/03\/ANEXO-III-Edital-13_2023__.pdf\">ANEXO III &#8211; Edital 13\/2023\nFORMUL\u00c1RIO PARA INTERPOSI\u00c7\u00c3O DE RECURSOS &#8211; Publicado em 11\/03\/2023<\/a><\/div>\n<\/div>\n\n\n\n<div class=\"wp-block-column is-layout-flow\">\n<h2>Contato<\/h2>\n\n\n\n<p>prosel.lapa@ifbaiano.edu.br<\/p>\n\n\n\n<p>Hor\u00e1rio de Atendimento &#8211; 08h \u00e0s 17h<\/p>\n<\/div>\n<\/div>\n\n\n\n<p><\/p>\n","protected":false},"excerpt":{"rendered":"<p>Apresenta\u00e7\u00e3o O DIRETOR-GERAL DO INSTITUTO FEDERAL DE EDUCA\u00c7\u00c3O, CI\u00caNCIA E TECNOLOGIA BAIANO &#8211; CAMPUS BOM JESUS DA LAPA , no uso de suas atribui\u00e7\u00f5es legais conferidas pela Portaria n\u00ba 275, de 18\/03\/2022, publicada no DOU de 21\/03\/2022, Se\u00e7\u00e3o 2, p\u00e1gina 26, e de acordo com as disposi\u00e7\u00f5es contidas na Lei n\u00ba 11.892, de 29\/12\/2008, no [&hellip;]<\/p>\n","protected":false},"author":165,"featured_media":0,"parent":0,"menu_order":0,"comment_status":"closed","ping_status":"closed","template":"","meta":[],"_links":{"self":[{"href":"https:\/\/www.ifbaiano.edu.br\/unidades\/lapa\/wp-json\/wp\/v2\/pages\/24882"}],"collection":[{"href":"https:\/\/www.ifbaiano.edu.br\/unidades\/lapa\/wp-json\/wp\/v2\/pages"}],"about":[{"href":"https:\/\/www.ifbaiano.edu.br\/unidades\/lapa\/wp-json\/wp\/v2\/types\/page"}],"author":[{"embeddable":true,"href":"https:\/\/www.ifbaiano.edu.br\/unidades\/lapa\/wp-json\/wp\/v2\/users\/165"}],"replies":[{"embeddable":true,"href":"https:\/\/www.ifbaiano.edu.br\/unidades\/lapa\/wp-json\/wp\/v2\/comments?post=24882"}],"version-history":[{"count":9,"href":"https:\/\/www.ifbaiano.edu.br\/unidades\/lapa\/wp-json\/wp\/v2\/pages\/24882\/revisions"}],"predecessor-version":[{"id":25042,"href":"https:\/\/www.ifbaiano.edu.br\/unidades\/lapa\/wp-json\/wp\/v2\/pages\/24882\/revisions\/25042"}],"wp:attachment":[{"href":"https:\/\/www.ifbaiano.edu.br\/unidades\/lapa\/wp-json\/wp\/v2\/media?parent=24882"}],"curies":[{"name":"wp","href":"https:\/\/api.w.org\/{rel}","templated":true}]}}

EDITAL Nº 13, de 10 de março de 2023 &#8211; Processo seletivo de Vagas Remanescentes para Ingresso de Estudantes nos Cursos da Educação Profissional Técnica de Nível Médio, na Forma Subsequente ao Ensino Médio &#8211; Modalidade Presencial

<div class="wp-block-columns is-layout-flex wp-container-3">
<div class="wp-block-column is-layout-flow">
<h2>Apresentação</h2>



<p>O DIRETOR-GERAL DO INSTITUTO FEDERAL DE EDUCAÇÃO, CIÊNCIA E TECNOLOGIA BAIANO &#8211; CAMPUS BOM JESUS DA LAPA , no uso de suas atribuições legais conferidas pela Portaria nº 275, de 18/03/2022, publicada no DOU de 21/03/2022, Seção 2, página 26, e de acordo com as disposições contidas na Lei nº 11.892, de 29/12/2008, no Regimento Geral do IF Baiano e na Portaria Normativa 13/2022 &#8211; RET-GAB/RET/IFBAIANO, de 11 de março de 2022, em conformidade com a Lei nº 9.394, de 20 de dezembro de 1996, alterada pela Lei nº 12.796, de 04 de abril de 2013 e ainda considerando a Portaria MEC nº 18, de 11 de outubro de 2012, torna pública a abertura de inscrições para vagas remanescentes oriundas do Processo Seletivo de Ingresso de Estudantes em 2023, nos cursos da Educação Profissional Técnica de Nível Médio (Técnico em Informática e Técnico em Agricultura), na forma subsequente ao Ensino Médio &#8211; na modalidade presencial, por meio de manifestação de interesse na vaga, através de Edital de fluxo contínuo</p>
</div>



<div class="wp-block-column is-layout-flow">
<h2>Inscrições</h2>



<p class="has-text-align-left">Período</p>



<p><strong>15 e 16 de Março de 2023</strong></p>



<p><strong>Exclusivamente Presencial</strong></p>



<p></p>
</div>
</div>



<div class="wp-block-columns is-layout-flex wp-container-6">
<div class="wp-block-column is-layout-flow">
<h2>Editais e Documentos</h2>



<div class="wp-block-file"><a href="https://www.ifbaiano.edu.br/unidades/lapa/files/2023/03/Matriculados-da-Lista-de-Espera-do-Edital-13-2023-Agricultura-Subsequente.pdf">Matriculados da Lista de Espera do Edital 13-2023. &#8211; Publicado em 29/03/2023</a></div>



<div class="wp-block-file"><a href="https://www.ifbaiano.edu.br/unidades/lapa/files/2023/03/Resultado-Processo-Seletivo-Vagas-Remanescentes-dos-cursos-Subsequentes-2023.pdf">Resultado Processo Seletivo Vagas Remanescentes dos cursos Subsequentes 2023. &#8211; Publicado em 17/03/2023</a></div>



<div class="wp-block-file"><a href="https://www.ifbaiano.edu.br/unidades/lapa/files/2023/03/Edital-de-Retificacao-14-2023.-Retifica-o-Edital-13-2023.-Retificacao-01.pdf">Edital de Retificação 14-2023. Retifica o Edital 13-2023. Retificação 01 &#8211; Publicado em 13/03/2023</a></div>



<div class="wp-block-file"><a href="https://www.ifbaiano.edu.br/unidades/lapa/files/2023/03/Edital-13-2023_PROCESSO-SELETIVO-DE-VAGAS-REMANESCENTES-2023-MODALIDADE-PRESENCIAL.pdf">Edital 13/2023 vagas remanescentes modalidade subsequente &#8211; Publicado em 10/03/2023</a></div>



<div class="wp-block-file"><a href="https://www.ifbaiano.edu.br/unidades/lapa/files/2023/03/ANEXO-I-EDITAL-13-2023-.pdf">ANEXO I &#8211; EDITAL 13/2023
QUADRO DE VAGAS REMANESCENTES &#8211; Publicado em 11/03/2023</a></div>



<div class="wp-block-file"><a href="https://www.ifbaiano.edu.br/unidades/lapa/files/2023/03/ANEXO-II-EDITAL-13-2023.pdf">
ANEXO II &#8211; EDITAL 13/2023
FICHA DE INSCRIÇÃO Manifestação de Interesse &#8211; Curso Subsequente &#8211; 2023 &#8211; Publicado em 11/03/2023</a></div>



<div class="wp-block-file"><a href="https://www.ifbaiano.edu.br/unidades/lapa/files/2023/03/ANEXO-III-Edital-13_2023__.pdf">ANEXO III &#8211; Edital 13/2023
FORMULÁRIO PARA INTERPOSIÇÃO DE RECURSOS &#8211; Publicado em 11/03/2023</a></div>
</div>



<div class="wp-block-column is-layout-flow">
<h2>Contato</h2>



<p>prosel.lapa@ifbaiano.edu.br</p>



<p>Horário de Atendimento &#8211; 08h às 17h</p>
</div>
</div>



<p></p>

<p>Apresentação O DIRETOR-GERAL DO INSTITUTO FEDERAL DE EDUCAÇÃO, CIÊNCIA E TECNOLOGIA BAIANO &#8211; CAMPUS BOM JESUS DA LAPA , no uso de suas atribuições legais conferidas pela Portaria nº 275, de 18/03/2022, publicada no DOU de 21/03/2022, Seção 2, página 26, e de acordo com as disposições contidas na Lei nº 11.892, de 29/12/2008, no [&hellip;]</p>
