{"id":25002,"date":"2023-03-23T14:31:05","date_gmt":"2023-03-23T17:31:05","guid":{"rendered":"https:\/\/www.ifbaiano.edu.br\/unidades\/lapa\/?page_id=25002"},"modified":"2023-09-13T08:57:12","modified_gmt":"2023-09-13T11:57:12","slug":"paise-edital-17-2023","status":"publish","type":"page","link":"https:\/\/www.ifbaiano.edu.br\/unidades\/lapa\/paise-edital-17-2023\/","title":{"rendered":"PAISE &#8211; Edital 17\/2023"},"content":{"rendered":"\n<div class=\"wp-block-columns is-layout-flex wp-container-3\">\n<div class=\"wp-block-column is-layout-flow\">\n<h2 id=\"ProreitoriaMeioDireitaTitulo\" style=\"color:#00510f;text-transform:uppercase;border-top: 3px solid #00510F\" class=\"has-inline-color\">\n    Apresenta\u00e7\u00e3o\n<\/h2>\n\n<p align=\"justify\">\n    O presente edital estabelece as normas e crit\u00e9rios para sele\u00e7\u00e3o de estudantes em vulnerabilidade socioecon\u00f4mica, de cursos presenciais e a dist\u00e2ncia, com a finalidade de participa\u00e7\u00e3o nas a\u00e7\u00f5es de assist\u00eancia estudantil do IF Baiano, por meio do Programa de Assist\u00eancia e Inclus\u00e3o Social do Estudante (PAISE), no \u00e2mbito do Campus Bom Jesus da Lapa.\n<\/p>\n<\/div>\n\n\n\n<div class=\"wp-block-column is-layout-flow\">\n<h2 id=\"ProreitoriaMeioDireitaTitulo\" style=\"color:#00510f;text-transform:uppercase;border-top: 3px solid #00510F\" class=\"has-inline-color\">\n\tInscri\u00e7\u00f5es\n<\/h2>\n\n<p align=\"justify\">\n\t<strong>Per\u00edodo:<\/strong> 30\/03\/2023 a 13\/04\/2023\n<\/p>\n<\/div>\n<\/div>\n\n\n\n<div class=\"wp-block-columns is-layout-flex wp-container-6\">\n<div class=\"wp-block-column is-layout-flow\">\n<h2 id=\"ProreitoriaMeioDireitaTitulo\" style=\"color:#00510f;text-transform:uppercase;border-top: 3px solid #00510F\" class=\"has-inline-color\">\n\tEditais e Documentos\n<\/h2>\n\n\n\n<div class=\"wp-block-file\"><a href=\"https:\/\/www.ifbaiano.edu.br\/unidades\/lapa\/files\/2023\/09\/Convocacao-No-02-da-Lista-de-Espera-PAISE-Aux.-Permanencia-Edital-no-17-2023.pdf\"> Convoca\u00e7\u00e3o N\u00ba 02 da Lista de Espera PAISE Aux. Perman\u00eancia Edital n\u00ba 17-2023- publicado em 13\/09\/2023<\/a><\/div>\n\n\n\n<div class=\"wp-block-file\"><a href=\"https:\/\/www.ifbaiano.edu.br\/unidades\/lapa\/files\/2023\/07\/Convocacao-No-01-da-Lista-de-Espera-PAISE-Aux.-Permanencia-Edital-no-17-2023.pdf\"> Convoca\u00e7\u00e3o N\u00ba 01 da Lista de Espera PAISE Aux. Perman\u00eancia Edital n\u00ba 17-2023- publicado em 11\/07\/2023<\/a><\/div>\n\n\n\n<div class=\"wp-block-file\"><a href=\"https:\/\/www.ifbaiano.edu.br\/unidades\/lapa\/files\/2023\/05\/Portaria-de-Homologacao-do-Resultado-Final-PAISE.pdf\"> Portaria de Hologa\u00e7\u00e3o do Resultado Final &#8211; publicado em 31\/05\/2023<\/a><\/div>\n\n\n\n<div class=\"wp-block-file\"><a href=\"https:\/\/www.ifbaiano.edu.br\/unidades\/lapa\/files\/2023\/05\/Resultado_Final_PAISE-dos_Selecionados.pdf\">Resultado Final dos Selecionados &#8211; publicado em 10\/05\/2023<\/a><\/div>\n\n\n\n<div class=\"wp-block-file\"><a href=\"https:\/\/www.ifbaiano.edu.br\/unidades\/lapa\/files\/2023\/05\/Relacao_Final-PAISE_do_Cadastro_Reserva.pdf\">Rela\u00e7\u00e3o Final do Cadastro de Reserva- publicado em 10\/05\/2023<\/a><\/div>\n\n\n\n<div class=\"wp-block-file\"><a href=\"https:\/\/www.ifbaiano.edu.br\/unidades\/lapa\/files\/2023\/05\/Relacao_Final-PAISE_dos_Desclassificados.pdf\">Rela\u00e7\u00e3o Final dos Desclassificados- publicado em 10\/05\/2023<\/a><\/div>\n\n\n\n<div class=\"wp-block-file\"><a href=\"https:\/\/www.ifbaiano.edu.br\/unidades\/lapa\/files\/2023\/05\/PAISE-Resultado-Preliminar-dos-Selecionados-Assinado.pdf\">Resultado Preliminar dos Selecionados &#8211; publicado em 05\/05\/2023<\/a><\/div>\n\n\n\n<div class=\"wp-block-file\"><a href=\"https:\/\/www.ifbaiano.edu.br\/unidades\/lapa\/files\/2023\/05\/PAISE-Relacao-Preliminar-do-Cadastro-de-Reserva-Assinado.pdf\">Rela\u00e7\u00e3o Preliminar do Cadastro de Reserva- publicado em 05\/05\/2023<\/a><\/div>\n\n\n\n<div class=\"wp-block-file\"><a href=\"https:\/\/www.ifbaiano.edu.br\/unidades\/lapa\/files\/2023\/05\/PAISE-Relacao-Preliminar-dos-Desclassificados-Assinado.pdf\">Rela\u00e7\u00e3o Preliminar dos Desclassificados- publicado em 05\/05\/2023<\/a><\/div>\n\n\n\n<div class=\"wp-block-file\"><a href=\"https:\/\/www.ifbaiano.edu.br\/unidades\/lapa\/files\/2023\/04\/Entrevista-PAISE-2023_-PUBLICACAO.pdf\">Lista de Alunos e Agendamento de Entrevista- publicado em 17\/04\/2023<\/a><\/div>\n\n\n\n<div class=\"wp-block-file\"><a href=\"https:\/\/www.ifbaiano.edu.br\/unidades\/lapa\/files\/2023\/03\/Anexo-III-Termo-de-Compromisso.pdf\">Anexo III- Termo de Compromisso- publicado em 23\/03\/2023<\/a><\/div>\n\n\n\n<div class=\"wp-block-file\"><a href=\"https:\/\/www.ifbaiano.edu.br\/unidades\/lapa\/files\/2023\/03\/Anexo-II-Distribuicao-dos-Recursos-e-Vagas.pdf\">Anexo II- Distribui\u00e7\u00e3o dos Recursos e Vagas- publicado em 23\/03\/2023<\/a><\/div>\n\n\n\n<div class=\"wp-block-file\"><a href=\"https:\/\/www.ifbaiano.edu.br\/unidades\/lapa\/files\/2023\/03\/Anexo-I-Cronograma.pdf\">Anexo I- Cronograma- publicado em 23\/03\/2023<\/a><\/div>\n\n\n\n<div class=\"wp-block-file\"><a href=\"https:\/\/www.ifbaiano.edu.br\/unidades\/lapa\/files\/2023\/03\/Edital-17-2023-PAISE.pdf\">Edital 17\/2023 PAISE- publicado em 23\/03\/2023<\/a><\/div>\n<\/div>\n\n\n\n<div class=\"wp-block-column is-layout-flow\">\n<h2 id=\"ProreitoriaMeioDireitaTitulo\" style=\"color:#00510f;text-transform:uppercase;border-top: 3px solid #00510F\" class=\"has-inline-color\">\n\tContato\n<\/h2>\n\n<p align=\"justify\">clae@lapa.ifbaiano.edu.br<\/p>\n<\/div>\n<\/div>\n","protected":false},"excerpt":{"rendered":"<p>Apresenta\u00e7\u00e3o O presente edital estabelece as normas e crit\u00e9rios para sele\u00e7\u00e3o de estudantes em vulnerabilidade socioecon\u00f4mica, de cursos presenciais e a dist\u00e2ncia, com a finalidade de participa\u00e7\u00e3o nas a\u00e7\u00f5es de assist\u00eancia estudantil do IF Baiano, por meio do Programa de Assist\u00eancia e Inclus\u00e3o Social do Estudante (PAISE), no \u00e2mbito do Campus Bom Jesus da Lapa. [&hellip;]<\/p>\n","protected":false},"author":165,"featured_media":0,"parent":0,"menu_order":0,"comment_status":"closed","ping_status":"closed","template":"","meta":[],"_links":{"self":[{"href":"https:\/\/www.ifbaiano.edu.br\/unidades\/lapa\/wp-json\/wp\/v2\/pages\/25002"}],"collection":[{"href":"https:\/\/www.ifbaiano.edu.br\/unidades\/lapa\/wp-json\/wp\/v2\/pages"}],"about":[{"href":"https:\/\/www.ifbaiano.edu.br\/unidades\/lapa\/wp-json\/wp\/v2\/types\/page"}],"author":[{"embeddable":true,"href":"https:\/\/www.ifbaiano.edu.br\/unidades\/lapa\/wp-json\/wp\/v2\/users\/165"}],"replies":[{"embeddable":true,"href":"https:\/\/www.ifbaiano.edu.br\/unidades\/lapa\/wp-json\/wp\/v2\/comments?post=25002"}],"version-history":[{"count":13,"href":"https:\/\/www.ifbaiano.edu.br\/unidades\/lapa\/wp-json\/wp\/v2\/pages\/25002\/revisions"}],"predecessor-version":[{"id":26238,"href":"https:\/\/www.ifbaiano.edu.br\/unidades\/lapa\/wp-json\/wp\/v2\/pages\/25002\/revisions\/26238"}],"wp:attachment":[{"href":"https:\/\/www.ifbaiano.edu.br\/unidades\/lapa\/wp-json\/wp\/v2\/media?parent=25002"}],"curies":[{"name":"wp","href":"https:\/\/api.w.org\/{rel}","templated":true}]}}

<div class="wp-block-columns is-layout-flex wp-container-3">
<div class="wp-block-column is-layout-flow">
<h2 id="ProreitoriaMeioDireitaTitulo" style="color:#00510f;text-transform:uppercase;border-top: 3px solid #00510F" class="has-inline-color">
    Apresentação
</h2>

<p align="justify">
    O presente edital estabelece as normas e critérios para seleção de estudantes em vulnerabilidade socioeconômica, de cursos presenciais e a distância, com a finalidade de participação nas ações de assistência estudantil do IF Baiano, por meio do Programa de Assistência e Inclusão Social do Estudante (PAISE), no âmbito do Campus Bom Jesus da Lapa.
</p>
</div>



<div class="wp-block-column is-layout-flow">
<h2 id="ProreitoriaMeioDireitaTitulo" style="color:#00510f;text-transform:uppercase;border-top: 3px solid #00510F" class="has-inline-color">
	Inscrições
</h2>

<p align="justify">
	<strong>Período:</strong> 30/03/2023 a 13/04/2023
</p>
</div>
</div>



<div class="wp-block-columns is-layout-flex wp-container-6">
<div class="wp-block-column is-layout-flow">
<h2 id="ProreitoriaMeioDireitaTitulo" style="color:#00510f;text-transform:uppercase;border-top: 3px solid #00510F" class="has-inline-color">
	Editais e Documentos
</h2>



<div class="wp-block-file"><a href="https://www.ifbaiano.edu.br/unidades/lapa/files/2023/09/Convocacao-No-02-da-Lista-de-Espera-PAISE-Aux.-Permanencia-Edital-no-17-2023.pdf"> Convocação Nº 02 da Lista de Espera PAISE Aux. Permanência Edital nº 17-2023- publicado em 13/09/2023</a></div>



<div class="wp-block-file"><a href="https://www.ifbaiano.edu.br/unidades/lapa/files/2023/07/Convocacao-No-01-da-Lista-de-Espera-PAISE-Aux.-Permanencia-Edital-no-17-2023.pdf"> Convocação Nº 01 da Lista de Espera PAISE Aux. Permanência Edital nº 17-2023- publicado em 11/07/2023</a></div>



<div class="wp-block-file"><a href="https://www.ifbaiano.edu.br/unidades/lapa/files/2023/05/Portaria-de-Homologacao-do-Resultado-Final-PAISE.pdf"> Portaria de Hologação do Resultado Final &#8211; publicado em 31/05/2023</a></div>



<div class="wp-block-file"><a href="https://www.ifbaiano.edu.br/unidades/lapa/files/2023/05/Resultado_Final_PAISE-dos_Selecionados.pdf">Resultado Final dos Selecionados &#8211; publicado em 10/05/2023</a></div>



<div class="wp-block-file"><a href="https://www.ifbaiano.edu.br/unidades/lapa/files/2023/05/Relacao_Final-PAISE_do_Cadastro_Reserva.pdf">Relação Final do Cadastro de Reserva- publicado em 10/05/2023</a></div>



<div class="wp-block-file"><a href="https://www.ifbaiano.edu.br/unidades/lapa/files/2023/05/Relacao_Final-PAISE_dos_Desclassificados.pdf">Relação Final dos Desclassificados- publicado em 10/05/2023</a></div>



<div class="wp-block-file"><a href="https://www.ifbaiano.edu.br/unidades/lapa/files/2023/05/PAISE-Resultado-Preliminar-dos-Selecionados-Assinado.pdf">Resultado Preliminar dos Selecionados &#8211; publicado em 05/05/2023</a></div>



<div class="wp-block-file"><a href="https://www.ifbaiano.edu.br/unidades/lapa/files/2023/05/PAISE-Relacao-Preliminar-do-Cadastro-de-Reserva-Assinado.pdf">Relação Preliminar do Cadastro de Reserva- publicado em 05/05/2023</a></div>



<div class="wp-block-file"><a href="https://www.ifbaiano.edu.br/unidades/lapa/files/2023/05/PAISE-Relacao-Preliminar-dos-Desclassificados-Assinado.pdf">Relação Preliminar dos Desclassificados- publicado em 05/05/2023</a></div>



<div class="wp-block-file"><a href="https://www.ifbaiano.edu.br/unidades/lapa/files/2023/04/Entrevista-PAISE-2023_-PUBLICACAO.pdf">Lista de Alunos e Agendamento de Entrevista- publicado em 17/04/2023</a></div>



<div class="wp-block-file"><a href="https://www.ifbaiano.edu.br/unidades/lapa/files/2023/03/Anexo-III-Termo-de-Compromisso.pdf">Anexo III- Termo de Compromisso- publicado em 23/03/2023</a></div>



<div class="wp-block-file"><a href="https://www.ifbaiano.edu.br/unidades/lapa/files/2023/03/Anexo-II-Distribuicao-dos-Recursos-e-Vagas.pdf">Anexo II- Distribuição dos Recursos e Vagas- publicado em 23/03/2023</a></div>



<div class="wp-block-file"><a href="https://www.ifbaiano.edu.br/unidades/lapa/files/2023/03/Anexo-I-Cronograma.pdf">Anexo I- Cronograma- publicado em 23/03/2023</a></div>



<div class="wp-block-file"><a href="https://www.ifbaiano.edu.br/unidades/lapa/files/2023/03/Edital-17-2023-PAISE.pdf">Edital 17/2023 PAISE- publicado em 23/03/2023</a></div>
</div>



<div class="wp-block-column is-layout-flow">
<h2 id="ProreitoriaMeioDireitaTitulo" style="color:#00510f;text-transform:uppercase;border-top: 3px solid #00510F" class="has-inline-color">
	Contato
</h2>

<p align="justify">clae@lapa.ifbaiano.edu.br</p>
</div>
</div>

<p>Apresentação O presente edital estabelece as normas e critérios para seleção de estudantes em vulnerabilidade socioeconômica, de cursos presenciais e a distância, com a finalidade de participação nas ações de assistência estudantil do IF Baiano, por meio do Programa de Assistência e Inclusão Social do Estudante (PAISE), no âmbito do Campus Bom Jesus da Lapa. [&hellip;]</p>
