{"id":25327,"date":"2023-05-10T10:55:47","date_gmt":"2023-05-10T13:55:47","guid":{"rendered":"https:\/\/www.ifbaiano.edu.br\/unidades\/lapa\/?page_id=25327"},"modified":"2023-05-17T11:45:41","modified_gmt":"2023-05-17T14:45:41","slug":"doacao-de-livros","status":"publish","type":"page","link":"https:\/\/www.ifbaiano.edu.br\/unidades\/lapa\/doacao-de-livros\/","title":{"rendered":"Doa\u00e7\u00e3o de Livros"},"content":{"rendered":"\n<h2 id=\"ProreitoriaMeioDireitaTitulo\" style=\"color:#00510f;text-transform:uppercase;border-top: 3px solid #00510F\" class=\"has-inline-color\">\n    Como Doar\n<\/h2>\n<p>Os materiais bibliogr\u00e1ficos oferecidos em doa\u00e7\u00e3o para a Biblioteca do Instituto Federal de Educa\u00e7\u00e3o, Ci\u00eancia e Tecnologia Baiano \u2013 Campus Bom Jesus da Lapa dever\u00e3o ser acompanhados de Termo de Doa\u00e7\u00e3o de Materiais Informacionais e s\u00f3 ser\u00e3o aceitos com entendimento expl\u00edcito de que dever\u00e3o passar por uma sele\u00e7\u00e3o, de acordo com as diretrizes estabelecidas pela Rede de Bibliotecas do Instituto Federal Baiano para o desenvolvimento das suas cole\u00e7\u00f5es. A Biblioteca reserva-se o direito de permutar, doar ou descartar as doa\u00e7\u00f5es n\u00e3o selecionadas.\nPara maiores informa\u00e7\u00f5es, entre em contato pelo e-mail: <a href=\"https:\/\/mail.ifbaiano.edu.br\/\" target=\"_blank\" rel=\"noopener\">biblioteca@lapa.ifbaiano.edu.br<\/a><\/p>\n\n\n\n<h2 id=\"ProreitoriaMeioDireitaTitulo\" style=\"color:#00510f;text-transform:uppercase;border-top: 3px solid #00510F\" class=\"has-inline-color\">\n    Formul\u00e1rio\n<\/h2>\n<a href=\"https:\/\/www.ifbaiano.edu.br\/unidades\/lapa\/files\/2023\/05\/TERMO-DE-DOACAO-DE-MATERIAIS-INFORMACIONAIS-bjl.pdf\" target=\"_blank\" rel=\"noopener\">Termo de Doa\u00e7\u00e3o de Materiais Informacionais<\/a>\n","protected":false},"excerpt":{"rendered":"<p>Como Doar Os materiais bibliogr\u00e1ficos oferecidos em doa\u00e7\u00e3o para a Biblioteca do Instituto Federal de Educa\u00e7\u00e3o, Ci\u00eancia e Tecnologia Baiano \u2013 Campus Bom Jesus da Lapa dever\u00e3o ser acompanhados de Termo de Doa\u00e7\u00e3o de Materiais Informacionais e s\u00f3 ser\u00e3o aceitos com entendimento expl\u00edcito de que dever\u00e3o passar por uma sele\u00e7\u00e3o, de acordo com as diretrizes [&hellip;]<\/p>\n","protected":false},"author":165,"featured_media":0,"parent":0,"menu_order":0,"comment_status":"closed","ping_status":"closed","template":"","meta":[],"_links":{"self":[{"href":"https:\/\/www.ifbaiano.edu.br\/unidades\/lapa\/wp-json\/wp\/v2\/pages\/25327"}],"collection":[{"href":"https:\/\/www.ifbaiano.edu.br\/unidades\/lapa\/wp-json\/wp\/v2\/pages"}],"about":[{"href":"https:\/\/www.ifbaiano.edu.br\/unidades\/lapa\/wp-json\/wp\/v2\/types\/page"}],"author":[{"embeddable":true,"href":"https:\/\/www.ifbaiano.edu.br\/unidades\/lapa\/wp-json\/wp\/v2\/users\/165"}],"replies":[{"embeddable":true,"href":"https:\/\/www.ifbaiano.edu.br\/unidades\/lapa\/wp-json\/wp\/v2\/comments?post=25327"}],"version-history":[{"count":7,"href":"https:\/\/www.ifbaiano.edu.br\/unidades\/lapa\/wp-json\/wp\/v2\/pages\/25327\/revisions"}],"predecessor-version":[{"id":25446,"href":"https:\/\/www.ifbaiano.edu.br\/unidades\/lapa\/wp-json\/wp\/v2\/pages\/25327\/revisions\/25446"}],"wp:attachment":[{"href":"https:\/\/www.ifbaiano.edu.br\/unidades\/lapa\/wp-json\/wp\/v2\/media?parent=25327"}],"curies":[{"name":"wp","href":"https:\/\/api.w.org\/{rel}","templated":true}]}}