{"id":25989,"date":"2023-07-21T19:19:00","date_gmt":"2023-07-21T22:19:00","guid":{"rendered":"https:\/\/www.ifbaiano.edu.br\/unidades\/lapa\/?page_id=25989"},"modified":"2023-08-21T18:26:55","modified_gmt":"2023-08-21T21:26:55","slug":"edital-no-23-de-21-de-julho-de-2023","status":"publish","type":"page","link":"https:\/\/www.ifbaiano.edu.br\/unidades\/lapa\/edital-no-23-de-21-de-julho-de-2023\/","title":{"rendered":"EDITAL N\u00ba 23, de 21 DE JULHO DE 2023, DIVULGA\u00c7\u00c3O DA RELA\u00c7\u00c3O DE INSCRITOS E DO CRONOGRAMA DE CONVOCA\u00c7\u00d5ES DE CANDIDATOS(AS)EM LISTA DE ESPERA PARA INGRESSO NO 2\u00ba SEMESTRE DE 2023 POR MEIO DO SISTEMA DE SELE\u00c7\u00c3O UNIFICADA (SiSU) \u2013 CURSO DE ENGENHARIA AGRON\u00d4MICA"},"content":{"rendered":"\n<div class=\"wp-block-columns is-layout-flex wp-container-3\">\n<div class=\"wp-block-column is-layout-flow\">\n<h2>Apresenta\u00e7\u00e3o<\/h2>\n\n\n\nO DIRETOR-GERAL DO INSTITUTO FEDERAL DE EDUCA\u00c7\u00c3O, CI\u00caNCIA E TECNOLOGIA BAIANO (IF BAIANO) &#8211; CAMPUS BOM JESUS DA LAPA, no uso de suas atribui\u00e7\u00f5es delegadas pela Portaria n\u00ba 275, de 18\/03\/2022, publicada no DOU de 21\/03\/2022, Se\u00e7\u00e3o 2, p\u00e1gina 26, de acordo com as disposi\u00e7\u00f5es legais em vigor, torna p\u00fablico o Cronograma de Chamadas e a Rela\u00e7\u00e3o de Inscritos para as poss\u00edveis convoca\u00e7\u00f5es de candidatos(as) classificados(as) em Lista de Espera do Sisu 2023.2, para o curso de bacharelado em Engenharia Agron\u00f4mica, em conformidade com o Edital n\u00ba 102, de 14 de junho de 2023.\n<\/div>\n\n\n\n<div class=\"wp-block-column is-layout-flow\">\n<h2>Matr\u00edcula<\/h2>\n\n\n\n<p>A matr\u00edcula dos(as) candidatos(as) ser\u00e1 realizada de forma presencial.<\/p>\n\n\n\n<p>Chamadas ser\u00e3o realizadas atrav\u00e9s da p\u00e1gina:<\/p>\n\n\n\n<p><a href=\"https:\/\/concurso.ifbaiano.edu.br\/portal\/sisu2023-2\/\">https:\/\/concurso.ifbaiano.edu.br\/portal\/sisu2023-2\/<\/a><\/p>\n<\/div>\n<\/div>\n\n\n\n<div class=\"wp-block-columns is-layout-flex wp-container-6\">\n<div class=\"wp-block-column is-layout-flow\">\n<h2>Editais e Documentos<\/h2>\n\n\n\n<div class=\"wp-block-file\"><a href=\"https:\/\/www.ifbaiano.edu.br\/unidades\/lapa\/files\/2023\/08\/3a-CHAMADA-DE-LISTA-DE-ESPERA-ENG-.-AGRONOMICA.pdf\">3\u00ba Chamada Lista de Espera Eng. Agron\u00f4mica &#8211; Publicado em 21\/08\/2023<\/a><\/div>\n\n<div class=\"wp-block-file\"><a href=\"https:\/\/www.ifbaiano.edu.br\/unidades\/lapa\/files\/2023\/08\/RESULTADO_FINAL-BANCA-SISU-SEGUNDA-CHAMADA-ENG.-AGRONOMICA.pdf\">Resultado Final Banca SISU Segunda Chamada Eng. Agron\u00f4mica &#8211; Publicado em 15\/08\/2023<\/a><\/div>\n\n<div class=\"wp-block-file\"><a href=\"https:\/\/www.ifbaiano.edu.br\/unidades\/lapa\/files\/2023\/08\/RESULTADO-BANCA-SISU-SEGUNDA-CHAMADA.-ENG.-AGRONOMICA.pdf\">Resultado da Banca 2\u00ba Chamada Eng. Agron\u00f4mica &#8211; Publicado em 11\/08\/2023<\/a><\/div>\n\n<div class=\"wp-block-file\"><a href=\"https:\/\/www.ifbaiano.edu.br\/unidades\/lapa\/files\/2023\/08\/2a-CHAMADA-DE-LISTA-DE-ESPERA-ENG-AGRONOMICA.pdf\">2\u00ba Chamada Lista de Espera Eng. Agron\u00f4mica &#8211; Publicado em 07\/08\/2023<\/a><\/div>\n\n<div class=\"wp-block-file\"><a href=\"https:\/\/www.ifbaiano.edu.br\/unidades\/lapa\/files\/2023\/08\/RESULTADO-BANCA-SISU-PRIMEIRA-CHAMADA-ENG.-AGRONOMICA.pdf\">Resultado da Banca 1\u00ba Chamada Eng. Agron\u00f4mica &#8211; Publicado em 28\/07\/2023<\/a><\/div>\n\n<div class=\"wp-block-file\"><a href=\"https:\/\/www.ifbaiano.edu.br\/unidades\/lapa\/files\/2023\/08\/1a-CHAMADA-DE-LISTA-DE-ESPERA-ENG-AGRONOMICA.pdf\">1\u00ba Chamada Lista de Espera Eng. Agron\u00f4mica &#8211; Publicado em 07\/08\/2023<\/a><\/div>\n\n<div class=\"wp-block-file\"><a href=\"https:\/\/www.ifbaiano.edu.br\/unidades\/lapa\/files\/2023\/07\/EDITAL-No-23_2023-Lista-de-Espera-2023.2-Eng.-Agronomica.pdf\">Edital 23\/2023 Lista de Espera Eng. Agron\u00f4mica &#8211; Publicado em 21\/07\/2023<\/a><\/div>\n<\/div>\n\n\n\n<div class=\"wp-block-column is-layout-flow\"><\/div>\n<\/div>\n","protected":false},"excerpt":{"rendered":"<p>Apresenta\u00e7\u00e3o O DIRETOR-GERAL DO INSTITUTO FEDERAL DE EDUCA\u00c7\u00c3O, CI\u00caNCIA E TECNOLOGIA BAIANO (IF BAIANO) &#8211; CAMPUS BOM JESUS DA LAPA, no uso de suas atribui\u00e7\u00f5es delegadas pela Portaria n\u00ba 275, de 18\/03\/2022, publicada no DOU de 21\/03\/2022, Se\u00e7\u00e3o 2, p\u00e1gina 26, de acordo com as disposi\u00e7\u00f5es legais em vigor, torna p\u00fablico o Cronograma de Chamadas [&hellip;]<\/p>\n","protected":false},"author":165,"featured_media":0,"parent":0,"menu_order":0,"comment_status":"closed","ping_status":"closed","template":"","meta":[],"_links":{"self":[{"href":"https:\/\/www.ifbaiano.edu.br\/unidades\/lapa\/wp-json\/wp\/v2\/pages\/25989"}],"collection":[{"href":"https:\/\/www.ifbaiano.edu.br\/unidades\/lapa\/wp-json\/wp\/v2\/pages"}],"about":[{"href":"https:\/\/www.ifbaiano.edu.br\/unidades\/lapa\/wp-json\/wp\/v2\/types\/page"}],"author":[{"embeddable":true,"href":"https:\/\/www.ifbaiano.edu.br\/unidades\/lapa\/wp-json\/wp\/v2\/users\/165"}],"replies":[{"embeddable":true,"href":"https:\/\/www.ifbaiano.edu.br\/unidades\/lapa\/wp-json\/wp\/v2\/comments?post=25989"}],"version-history":[{"count":12,"href":"https:\/\/www.ifbaiano.edu.br\/unidades\/lapa\/wp-json\/wp\/v2\/pages\/25989\/revisions"}],"predecessor-version":[{"id":26098,"href":"https:\/\/www.ifbaiano.edu.br\/unidades\/lapa\/wp-json\/wp\/v2\/pages\/25989\/revisions\/26098"}],"wp:attachment":[{"href":"https:\/\/www.ifbaiano.edu.br\/unidades\/lapa\/wp-json\/wp\/v2\/media?parent=25989"}],"curies":[{"name":"wp","href":"https:\/\/api.w.org\/{rel}","templated":true}]}}

EDITAL Nº 23, de 21 DE JULHO DE 2023, DIVULGAÇÃO DA RELAÇÃO DE INSCRITOS E DO CRONOGRAMA DE CONVOCAÇÕES DE CANDIDATOS(AS)EM LISTA DE ESPERA PARA INGRESSO NO 2º SEMESTRE DE 2023 POR MEIO DO SISTEMA DE SELEÇÃO UNIFICADA (SiSU) – CURSO DE ENGENHARIA AGRONÔMICA

<div class="wp-block-columns is-layout-flex wp-container-3">
<div class="wp-block-column is-layout-flow">
<h2>Apresentação</h2>



O DIRETOR-GERAL DO INSTITUTO FEDERAL DE EDUCAÇÃO, CIÊNCIA E TECNOLOGIA BAIANO (IF BAIANO) &#8211; CAMPUS BOM JESUS DA LAPA, no uso de suas atribuições delegadas pela Portaria nº 275, de 18/03/2022, publicada no DOU de 21/03/2022, Seção 2, página 26, de acordo com as disposições legais em vigor, torna público o Cronograma de Chamadas e a Relação de Inscritos para as possíveis convocações de candidatos(as) classificados(as) em Lista de Espera do Sisu 2023.2, para o curso de bacharelado em Engenharia Agronômica, em conformidade com o Edital nº 102, de 14 de junho de 2023.
</div>



<div class="wp-block-column is-layout-flow">
<h2>Matrícula</h2>



<p>A matrícula dos(as) candidatos(as) será realizada de forma presencial.</p>



<p>Chamadas serão realizadas através da página:</p>



<p><a href="https://concurso.ifbaiano.edu.br/portal/sisu2023-2/">https://concurso.ifbaiano.edu.br/portal/sisu2023-2/</a></p>
</div>
</div>



<div class="wp-block-columns is-layout-flex wp-container-6">
<div class="wp-block-column is-layout-flow">
<h2>Editais e Documentos</h2>



<div class="wp-block-file"><a href="https://www.ifbaiano.edu.br/unidades/lapa/files/2023/08/3a-CHAMADA-DE-LISTA-DE-ESPERA-ENG-.-AGRONOMICA.pdf">3º Chamada Lista de Espera Eng. Agronômica &#8211; Publicado em 21/08/2023</a></div>

<div class="wp-block-file"><a href="https://www.ifbaiano.edu.br/unidades/lapa/files/2023/08/RESULTADO_FINAL-BANCA-SISU-SEGUNDA-CHAMADA-ENG.-AGRONOMICA.pdf">Resultado Final Banca SISU Segunda Chamada Eng. Agronômica &#8211; Publicado em 15/08/2023</a></div>

<div class="wp-block-file"><a href="https://www.ifbaiano.edu.br/unidades/lapa/files/2023/08/RESULTADO-BANCA-SISU-SEGUNDA-CHAMADA.-ENG.-AGRONOMICA.pdf">Resultado da Banca 2º Chamada Eng. Agronômica &#8211; Publicado em 11/08/2023</a></div>

<div class="wp-block-file"><a href="https://www.ifbaiano.edu.br/unidades/lapa/files/2023/08/2a-CHAMADA-DE-LISTA-DE-ESPERA-ENG-AGRONOMICA.pdf">2º Chamada Lista de Espera Eng. Agronômica &#8211; Publicado em 07/08/2023</a></div>

<div class="wp-block-file"><a href="https://www.ifbaiano.edu.br/unidades/lapa/files/2023/08/RESULTADO-BANCA-SISU-PRIMEIRA-CHAMADA-ENG.-AGRONOMICA.pdf">Resultado da Banca 1º Chamada Eng. Agronômica &#8211; Publicado em 28/07/2023</a></div>

<div class="wp-block-file"><a href="https://www.ifbaiano.edu.br/unidades/lapa/files/2023/08/1a-CHAMADA-DE-LISTA-DE-ESPERA-ENG-AGRONOMICA.pdf">1º Chamada Lista de Espera Eng. Agronômica &#8211; Publicado em 07/08/2023</a></div>

<div class="wp-block-file"><a href="https://www.ifbaiano.edu.br/unidades/lapa/files/2023/07/EDITAL-No-23_2023-Lista-de-Espera-2023.2-Eng.-Agronomica.pdf">Edital 23/2023 Lista de Espera Eng. Agronômica &#8211; Publicado em 21/07/2023</a></div>
</div>



<div class="wp-block-column is-layout-flow"></div>
</div>

<p>Apresentação O DIRETOR-GERAL DO INSTITUTO FEDERAL DE EDUCAÇÃO, CIÊNCIA E TECNOLOGIA BAIANO (IF BAIANO) &#8211; CAMPUS BOM JESUS DA LAPA, no uso de suas atribuições delegadas pela Portaria nº 275, de 18/03/2022, publicada no DOU de 21/03/2022, Seção 2, página 26, de acordo com as disposições legais em vigor, torna público o Cronograma de Chamadas [&hellip;]</p>
