{"id":26039,"date":"2023-08-07T14:53:30","date_gmt":"2023-08-07T17:53:30","guid":{"rendered":"https:\/\/www.ifbaiano.edu.br\/unidades\/lapa\/?page_id=26039"},"modified":"2023-10-16T19:20:28","modified_gmt":"2023-10-16T22:20:28","slug":"paise-edital-24-2023","status":"publish","type":"page","link":"https:\/\/www.ifbaiano.edu.br\/unidades\/lapa\/paise-edital-24-2023\/","title":{"rendered":"PAISE &#8211; Edital 24\/2023"},"content":{"rendered":"\n<div class=\"wp-block-columns is-layout-flex wp-container-3\">\n<div class=\"wp-block-column is-layout-flow\">\n<h2 id=\"ProreitoriaMeioDireitaTitulo\" style=\"color:#00510f;text-transform:uppercase;border-top: 3px solid #00510F\" class=\"has-inline-color\">\n    Apresenta\u00e7\u00e3o\n<\/h2>\n\n<p align=\"justify\">\n    O presente edital estabelece as normas e crit\u00e9rios para sele\u00e7\u00e3o de estudantes em vulnerabilidade socioecon\u00f4mica, de cursos presenciais e a dist\u00e2ncia, com a finalidade de participa\u00e7\u00e3o nas a\u00e7\u00f5es de assist\u00eancia estudantil do IF Baiano, por meio do Programa de Assist\u00eancia e Inclus\u00e3o Social do Estudante (PAISE), no \u00e2mbito do Campus Bom Jesus da Lapa.\n<\/p>\n<\/div>\n\n\n\n<div class=\"wp-block-column is-layout-flow\">\n<h2 id=\"ProreitoriaMeioDireitaTitulo\" style=\"color:#00510f;text-transform:uppercase;border-top: 3px solid #00510F\" class=\"has-inline-color\">\n\tInscri\u00e7\u00f5es\n<\/h2>\n\n<p align=\"justify\">\n\t<strong>Per\u00edodo:<\/strong> 14\/08\/2023 a 01\/09\/2023\n<\/p>\n<\/div>\n<\/div>\n\n\n\n<div class=\"wp-block-columns is-layout-flex wp-container-6\">\n<div class=\"wp-block-column is-layout-flow\">\n<h2 id=\"ProreitoriaMeioDireitaTitulo\" style=\"color:#00510f;text-transform:uppercase;border-top: 3px solid #00510F\" class=\"has-inline-color\">\n\tEditais e Documentos\n<\/h2>\n\n\n\n<div class=\"wp-block-file\"><a href=\"https:\/\/www.ifbaiano.edu.br\/unidades\/lapa\/files\/2023\/10\/Portaria-de-Homologacao-do-Resultado-Final-da-Selecao-de-Estudantes-ao-Programa-de-Assistencia-e-Inclusao-Social-do-Estudante-PAISE-do-semestre-2023.2-Edital-24-2023.pdf\">Portaria de Homologa\u00e7\u00e3o do Resultado Final  dos Selecionados PAISE 2023 Edital n\u00ba 24- publicado em 16\/10\/2023<\/a><\/div>\n\n\n\n<div class=\"wp-block-file\"><a href=\"https:\/\/www.ifbaiano.edu.br\/unidades\/lapa\/files\/2023\/10\/Resultado_Final_dos_Selecionados-PAISE-2023.pdf\">Resultado Final dos Selecionados PAISE 2023 Edital n\u00ba 24- publicado em 10\/10\/2023<\/a><\/div>\n\n<div class=\"wp-block-file\"><a href=\"https:\/\/www.ifbaiano.edu.br\/unidades\/lapa\/files\/2023\/10\/Relacao_Final_do_Cadastro_Reserva_do_Aux._Permanencia-PAISE-2023.pdf\">Resultado Final do Cadastro de Reserva PAISE 2023 Edital n\u00ba 24- publicado em 10\/10\/2023<\/a><\/div>\n\n<div class=\"wp-block-file\"><a href=\"https:\/\/www.ifbaiano.edu.br\/unidades\/lapa\/files\/2023\/10\/Relacao_Final_dos_Desclassificados-PAISE-2023.pdf\">Resultado Final dos Desclassificados PAISE 2023 Edital n\u00ba 24- publicado em 10\/10\/2023<\/a><\/div>\n\n<div class=\"wp-block-file\"><a href=\"https:\/\/www.ifbaiano.edu.br\/unidades\/lapa\/files\/2023\/10\/Resultado-Preliminar-dos-Selecionados-PAISE-2023.pdf\">Resultado Preliminar dos Selecionados PAISE 2023 Edital n\u00ba 24- publicado em 04\/10\/2023<\/a><\/div>\n\n<div class=\"wp-block-file\"><a href=\"https:\/\/www.ifbaiano.edu.br\/unidades\/lapa\/files\/2023\/10\/Relacao-Preliminar-do-Cadastro-Reservado-Aux.-Permanencia-PAISE-2023.pdf\">Relac\u00e3o Preliminar do Cadastro Reservado Aux. Perman\u00eancia PAISE 2023 Edital n\u00ba 24- publicado em 04\/10\/2023<\/a><\/div>\n\n<div class=\"wp-block-file\"><a href=\"https:\/\/www.ifbaiano.edu.br\/unidades\/lapa\/files\/2023\/10\/Relacao-Preliminar-dos-Desclassificados-PAISE-2023.pdf\">Rela\u00e7\u00e3o Preliminar dos Desclassificados PAISE Edital n\u00ba 24- publicado em 04\/10\/2023<\/a><\/div>\n\n<div class=\"wp-block-file\"><a href=\"https:\/\/www.ifbaiano.edu.br\/unidades\/lapa\/files\/2023\/09\/Lista-de-Entrevistas-PAISE-Edital-no-24.pdf\">Lista de Entrevistas PAISE Edital n\u00ba 24- publicado em 06\/09\/2023<\/a><\/div>\n\n<div class=\"wp-block-file\"><a href=\"https:\/\/www.ifbaiano.edu.br\/unidades\/lapa\/files\/2023\/08\/EDITAL-24_2023-PAISE.pdf\">Edital 24\/2023 PAISE- publicado em 07\/08\/2023<\/a><\/div>\n<\/div>\n\n\n\n<div class=\"wp-block-column is-layout-flow\">\n<h2 id=\"ProreitoriaMeioDireitaTitulo\" style=\"color:#00510f;text-transform:uppercase;border-top: 3px solid #00510F\" class=\"has-inline-color\">\n\tContato\n<\/h2>\n\n<p align=\"justify\">clae@lapa.ifbaiano.edu.br<\/p>\n<\/div>\n<\/div>\n","protected":false},"excerpt":{"rendered":"<p>Apresenta\u00e7\u00e3o O presente edital estabelece as normas e crit\u00e9rios para sele\u00e7\u00e3o de estudantes em vulnerabilidade socioecon\u00f4mica, de cursos presenciais e a dist\u00e2ncia, com a finalidade de participa\u00e7\u00e3o nas a\u00e7\u00f5es de assist\u00eancia estudantil do IF Baiano, por meio do Programa de Assist\u00eancia e Inclus\u00e3o Social do Estudante (PAISE), no \u00e2mbito do Campus Bom Jesus da Lapa. [&hellip;]<\/p>\n","protected":false},"author":165,"featured_media":0,"parent":0,"menu_order":0,"comment_status":"closed","ping_status":"closed","template":"","meta":[],"_links":{"self":[{"href":"https:\/\/www.ifbaiano.edu.br\/unidades\/lapa\/wp-json\/wp\/v2\/pages\/26039"}],"collection":[{"href":"https:\/\/www.ifbaiano.edu.br\/unidades\/lapa\/wp-json\/wp\/v2\/pages"}],"about":[{"href":"https:\/\/www.ifbaiano.edu.br\/unidades\/lapa\/wp-json\/wp\/v2\/types\/page"}],"author":[{"embeddable":true,"href":"https:\/\/www.ifbaiano.edu.br\/unidades\/lapa\/wp-json\/wp\/v2\/users\/165"}],"replies":[{"embeddable":true,"href":"https:\/\/www.ifbaiano.edu.br\/unidades\/lapa\/wp-json\/wp\/v2\/comments?post=26039"}],"version-history":[{"count":11,"href":"https:\/\/www.ifbaiano.edu.br\/unidades\/lapa\/wp-json\/wp\/v2\/pages\/26039\/revisions"}],"predecessor-version":[{"id":26414,"href":"https:\/\/www.ifbaiano.edu.br\/unidades\/lapa\/wp-json\/wp\/v2\/pages\/26039\/revisions\/26414"}],"wp:attachment":[{"href":"https:\/\/www.ifbaiano.edu.br\/unidades\/lapa\/wp-json\/wp\/v2\/media?parent=26039"}],"curies":[{"name":"wp","href":"https:\/\/api.w.org\/{rel}","templated":true}]}}

<div class="wp-block-columns is-layout-flex wp-container-3">
<div class="wp-block-column is-layout-flow">
<h2 id="ProreitoriaMeioDireitaTitulo" style="color:#00510f;text-transform:uppercase;border-top: 3px solid #00510F" class="has-inline-color">
    Apresentação
</h2>

<p align="justify">
    O presente edital estabelece as normas e critérios para seleção de estudantes em vulnerabilidade socioeconômica, de cursos presenciais e a distância, com a finalidade de participação nas ações de assistência estudantil do IF Baiano, por meio do Programa de Assistência e Inclusão Social do Estudante (PAISE), no âmbito do Campus Bom Jesus da Lapa.
</p>
</div>



<div class="wp-block-column is-layout-flow">
<h2 id="ProreitoriaMeioDireitaTitulo" style="color:#00510f;text-transform:uppercase;border-top: 3px solid #00510F" class="has-inline-color">
	Inscrições
</h2>

<p align="justify">
	<strong>Período:</strong> 14/08/2023 a 01/09/2023
</p>
</div>
</div>



<div class="wp-block-columns is-layout-flex wp-container-6">
<div class="wp-block-column is-layout-flow">
<h2 id="ProreitoriaMeioDireitaTitulo" style="color:#00510f;text-transform:uppercase;border-top: 3px solid #00510F" class="has-inline-color">
	Editais e Documentos
</h2>



<div class="wp-block-file"><a href="https://www.ifbaiano.edu.br/unidades/lapa/files/2023/10/Portaria-de-Homologacao-do-Resultado-Final-da-Selecao-de-Estudantes-ao-Programa-de-Assistencia-e-Inclusao-Social-do-Estudante-PAISE-do-semestre-2023.2-Edital-24-2023.pdf">Portaria de Homologação do Resultado Final  dos Selecionados PAISE 2023 Edital nº 24- publicado em 16/10/2023</a></div>



<div class="wp-block-file"><a href="https://www.ifbaiano.edu.br/unidades/lapa/files/2023/10/Resultado_Final_dos_Selecionados-PAISE-2023.pdf">Resultado Final dos Selecionados PAISE 2023 Edital nº 24- publicado em 10/10/2023</a></div>

<div class="wp-block-file"><a href="https://www.ifbaiano.edu.br/unidades/lapa/files/2023/10/Relacao_Final_do_Cadastro_Reserva_do_Aux._Permanencia-PAISE-2023.pdf">Resultado Final do Cadastro de Reserva PAISE 2023 Edital nº 24- publicado em 10/10/2023</a></div>

<div class="wp-block-file"><a href="https://www.ifbaiano.edu.br/unidades/lapa/files/2023/10/Relacao_Final_dos_Desclassificados-PAISE-2023.pdf">Resultado Final dos Desclassificados PAISE 2023 Edital nº 24- publicado em 10/10/2023</a></div>

<div class="wp-block-file"><a href="https://www.ifbaiano.edu.br/unidades/lapa/files/2023/10/Resultado-Preliminar-dos-Selecionados-PAISE-2023.pdf">Resultado Preliminar dos Selecionados PAISE 2023 Edital nº 24- publicado em 04/10/2023</a></div>

<div class="wp-block-file"><a href="https://www.ifbaiano.edu.br/unidades/lapa/files/2023/10/Relacao-Preliminar-do-Cadastro-Reservado-Aux.-Permanencia-PAISE-2023.pdf">Relacão Preliminar do Cadastro Reservado Aux. Permanência PAISE 2023 Edital nº 24- publicado em 04/10/2023</a></div>

<div class="wp-block-file"><a href="https://www.ifbaiano.edu.br/unidades/lapa/files/2023/10/Relacao-Preliminar-dos-Desclassificados-PAISE-2023.pdf">Relação Preliminar dos Desclassificados PAISE Edital nº 24- publicado em 04/10/2023</a></div>

<div class="wp-block-file"><a href="https://www.ifbaiano.edu.br/unidades/lapa/files/2023/09/Lista-de-Entrevistas-PAISE-Edital-no-24.pdf">Lista de Entrevistas PAISE Edital nº 24- publicado em 06/09/2023</a></div>

<div class="wp-block-file"><a href="https://www.ifbaiano.edu.br/unidades/lapa/files/2023/08/EDITAL-24_2023-PAISE.pdf">Edital 24/2023 PAISE- publicado em 07/08/2023</a></div>
</div>



<div class="wp-block-column is-layout-flow">
<h2 id="ProreitoriaMeioDireitaTitulo" style="color:#00510f;text-transform:uppercase;border-top: 3px solid #00510F" class="has-inline-color">
	Contato
</h2>

<p align="justify">clae@lapa.ifbaiano.edu.br</p>
</div>
</div>

<p>Apresentação O presente edital estabelece as normas e critérios para seleção de estudantes em vulnerabilidade socioeconômica, de cursos presenciais e a distância, com a finalidade de participação nas ações de assistência estudantil do IF Baiano, por meio do Programa de Assistência e Inclusão Social do Estudante (PAISE), no âmbito do Campus Bom Jesus da Lapa. [&hellip;]</p>
