{"id":26254,"date":"2023-09-14T19:22:30","date_gmt":"2023-09-14T22:22:30","guid":{"rendered":"https:\/\/www.ifbaiano.edu.br\/unidades\/lapa\/?page_id=26254"},"modified":"2023-10-30T13:45:23","modified_gmt":"2023-10-30T16:45:23","slug":"edital-no-26-de-14-de-setembro-de-2023processo-seletivo-de-monitores-de-ensino-dos-cursos-tecnicos-de-nivel-medio","status":"publish","type":"page","link":"https:\/\/www.ifbaiano.edu.br\/unidades\/lapa\/edital-no-26-de-14-de-setembro-de-2023processo-seletivo-de-monitores-de-ensino-dos-cursos-tecnicos-de-nivel-medio\/","title":{"rendered":"EDITAL N\u00ba 26, DE 14 DE SETEMBRO DE 2023 &#8211; PROCESSO SELETIVO DE MONITORES DE ENSINO DOS CURSOS T\u00c9CNICOS DE N\u00cdVEL M\u00c9DIO"},"content":{"rendered":"\n<div class=\"wp-block-columns is-layout-flex wp-container-3\">\n<div class=\"wp-block-column is-layout-flow\">\n<h2 id=\"ProreitoriaMeioDireitaTitulo\" style=\"color:#00510f;text-transform:uppercase;border-top: 3px solid #00510F\" class=\"has-inline-color\">\n    Apresenta\u00e7\u00e3o\n<\/h2>\n\n<p align=\"justify\">\n    O DIRETOR-GERAL SUBSTITUTO DO INSTITUTO FEDERAL DE EDUCA\u00c7\u00c3O, CI\u00caNCIA E TECNOLOGIA BAIANO &#8211; CAMPUS BOM JESUS DA LAPA, no uso de suas atribui\u00e7\u00f5es legais conferidas pela Portaria n\u00ba 1158\/2020 &#8211; RET-GAB\/RET\/IFBAIANO, de 04\/11\/2020, publicada no Boletim de Servi\u00e7o Interno n\u00ba 11, de 30\/11\/2020, p\u00e1gina 298, e de acordo com as disposi\u00e7\u00f5es contidas na Lei n\u00ba 11.892, de 29\/12\/2008, no Regimento Geral do IF Baiano e na Portaria Normativa 13\/2022 &#8211; RET-GAB\/RET\/IFBAIANO, de 11 de mar\u00e7o de 2022 , e suas altera\u00e7\u00f5es; de acordo com as disposi\u00e7\u00f5es legais em vigor, torna p\u00fablico o presente edital que estabelece as normas para sele\u00e7\u00e3o de monitores de ensino para os cursos da Educa\u00e7\u00e3o Profissional T\u00e9cnica de N\u00edvel M\u00e9dio para o ano letivo 2023 (Processo 23328.252272.2023-09), em conformidade com a Resolu\u00e7\u00e3o n\u00ba 08, de 30 de mar\u00e7o 2016, do\nCONSUP\/IF Baiano.\n<\/p>\n<\/div>\n\n\n\n<div class=\"wp-block-column is-layout-flow\">\n<h2 id=\"ProreitoriaMeioDireitaTitulo\" style=\"color:#00510f;text-transform:uppercase;border-top: 3px solid #00510F\" class=\"has-inline-color\">\n\tInscri\u00e7\u00f5es\n<\/h2>\n\n<p align=\"justify\">\n\t<strong>Per\u00edodo:<\/strong> 21\/09\/2023 a 25\/09\/2023, at\u00e9 \u00e0s 23:59h do dia 25\/09\/2023, no formul\u00e1rio eletr\u00f4nico dispon\u00edvel no link <a href=\"https:\/\/docs.google.com\/forms\/d\/e\/1FAIpQLSe1Hxu23pcx3XGNSGoqveoxGKn-1hnIcfPQaZaFXXr-\nZ25Yzw\/viewform\">https:\/\/docs.google.com\/forms\/d\/e\/1FAIpQLSe1Hxu23pcx3XGNSGoqveoxGKn-1hnIcfPQaZaFXXr-\nZ25Yzw\/viewform<\/a>\n<\/div>\n<\/div>\n\n\n\n<div class=\"wp-block-columns is-layout-flex wp-container-6\">\n<div class=\"wp-block-column is-layout-flow\">\n<h2 id=\"ProreitoriaMeioDireitaTitulo\" style=\"color:#00510f;text-transform:uppercase;border-top: 3px solid #00510F\" class=\"has-inline-color\">\n\tEditais e Documentos\n<\/h2>\n<div class=\"wp-block-file\"><a href=\"https:\/\/www.ifbaiano.edu.br\/unidades\/lapa\/files\/2023\/10\/Resultado-Final-Monitores-Cursos-Nivel-Medio.pdf\">Resultado Final Processo Seletivo Monitores de N\u00edvel M\u00e9dio. Publicado em 30\/10\/2023<\/a><\/div>\n\n<div class=\"wp-block-file\"><a href=\"https:\/\/www.ifbaiano.edu.br\/unidades\/lapa\/files\/2023\/10\/Resultado-Preliminar-Processo-Seletivo-Monitores-de-Nivel-Medio.pdf\">Resultado Preliminar Processo Seletivo Monitores de N\u00edvel M\u00e9dio. Publicado em 17\/10\/2023<\/a><\/div>\n\n\n<div class=\"wp-block-file\"><a href=\"https:\/\/www.ifbaiano.edu.br\/unidades\/lapa\/files\/2023\/10\/Horarios_Entrevistas-processo-seletivo-de-monitores-nivel-medio.pdf\">Hor\u00e1rios das entrevistas para Monitores dos Cursos T\u00e9cnicos de N\u00edvel M\u00e9dio. Publicado em 10\/10\/2023<\/a><\/div>\n\n<div class=\"wp-block-file\"><a href=\"https:\/\/www.ifbaiano.edu.br\/unidades\/lapa\/files\/2023\/10\/Retificacao_n_2-processo-seletivo-de-monitores-de-nivel-medio.pdf\">Retifica\u00e7\u00e3o n\u00ba 2 para Monitores dos Cursos T\u00e9cnicos de N\u00edvel M\u00e9dio. Publicado em 10\/10\/2023 <\/a><\/div>\n\n<div class=\"wp-block-file\"><a href=\"https:\/\/www.ifbaiano.edu.br\/unidades\/lapa\/files\/2023\/10\/Retificacao_n_1.pdf\">Retifica\u00e7\u00e3o n\u00ba 1 para Monitores dos Cursos T\u00e9cnicos de N\u00edvel M\u00e9dio. Publicado em 02\/10\/2023 <\/a><\/div>\n\n<div class=\"wp-block-file\"><a href=\"https:\/\/www.ifbaiano.edu.br\/unidades\/lapa\/files\/2023\/09\/Inscricoes-Homologadas-para-Monitores-dos-Cursos-Tecnicos-de-Nivel-Medio.pdf\">Inscri\u00e7\u00f5es Homologadas para Monitores dos Cursos T\u00e9cnicos de N\u00edvel M\u00e9dio. Publicado em 28\/09\/2023 <\/a><\/div>\n\n<div class=\"wp-block-file\"><a href=\"https:\/\/www.ifbaiano.edu.br\/unidades\/lapa\/files\/2023\/09\/Inscricoes-Preliminares-Hologadas-para-Monitores-dos-Cursos-Tecnicos-de-Nivel-Medio.pdf\">Inscri\u00e7\u00f5es Preliminares Homologadas para Monitores dos Cursos T\u00e9cnicos de N\u00edvel M\u00e9dio. Publicado em 26\/09\/2023 <\/a><\/div>\n\n<div class=\"wp-block-file\"><a href=\"https:\/\/www.ifbaiano.edu.br\/unidades\/lapa\/files\/2023\/09\/Edital-26-2023-Processo-seletivo-de-monitores-de-ensino-dos-cursos-tecnicos-de-nivel-medio-Campus-Bom-Jesus-da-Lapa.pdf\">Edital 26\/2023-Processo seletivo de monitores de ensino dos cursos t\u00e9cnicos de n\u00edvel m\u00e9dio. Publicado em 14\/09\/2023 <\/a><\/div>\n<\/div>\n\n\n\n<div class=\"wp-block-column is-layout-flow\">\n<h2 id=\"ProreitoriaMeioDireitaTitulo\" style=\"color:#00510f;text-transform:uppercase;border-top: 3px solid #00510F\" class=\"has-inline-color\">\n\tContato\n<\/h2>\n\n<p align=\"justify\">monitoria@lapa.ifbaiano.edu.br.<\/p>\n<\/div>\n<\/div>\n","protected":false},"excerpt":{"rendered":"<p>Apresenta\u00e7\u00e3o O DIRETOR-GERAL SUBSTITUTO DO INSTITUTO FEDERAL DE EDUCA\u00c7\u00c3O, CI\u00caNCIA E TECNOLOGIA BAIANO &#8211; CAMPUS BOM JESUS DA LAPA, no uso de suas atribui\u00e7\u00f5es legais conferidas pela Portaria n\u00ba 1158\/2020 &#8211; RET-GAB\/RET\/IFBAIANO, de 04\/11\/2020, publicada no Boletim de Servi\u00e7o Interno n\u00ba 11, de 30\/11\/2020, p\u00e1gina 298, e de acordo com as disposi\u00e7\u00f5es contidas na Lei [&hellip;]<\/p>\n","protected":false},"author":165,"featured_media":0,"parent":0,"menu_order":0,"comment_status":"closed","ping_status":"closed","template":"","meta":[],"_links":{"self":[{"href":"https:\/\/www.ifbaiano.edu.br\/unidades\/lapa\/wp-json\/wp\/v2\/pages\/26254"}],"collection":[{"href":"https:\/\/www.ifbaiano.edu.br\/unidades\/lapa\/wp-json\/wp\/v2\/pages"}],"about":[{"href":"https:\/\/www.ifbaiano.edu.br\/unidades\/lapa\/wp-json\/wp\/v2\/types\/page"}],"author":[{"embeddable":true,"href":"https:\/\/www.ifbaiano.edu.br\/unidades\/lapa\/wp-json\/wp\/v2\/users\/165"}],"replies":[{"embeddable":true,"href":"https:\/\/www.ifbaiano.edu.br\/unidades\/lapa\/wp-json\/wp\/v2\/comments?post=26254"}],"version-history":[{"count":17,"href":"https:\/\/www.ifbaiano.edu.br\/unidades\/lapa\/wp-json\/wp\/v2\/pages\/26254\/revisions"}],"predecessor-version":[{"id":26592,"href":"https:\/\/www.ifbaiano.edu.br\/unidades\/lapa\/wp-json\/wp\/v2\/pages\/26254\/revisions\/26592"}],"wp:attachment":[{"href":"https:\/\/www.ifbaiano.edu.br\/unidades\/lapa\/wp-json\/wp\/v2\/media?parent=26254"}],"curies":[{"name":"wp","href":"https:\/\/api.w.org\/{rel}","templated":true}]}}

EDITAL Nº 26, DE 14 DE SETEMBRO DE 2023 &#8211; PROCESSO SELETIVO DE MONITORES DE ENSINO DOS CURSOS TÉCNICOS DE NÍVEL MÉDIO

<div class="wp-block-columns is-layout-flex wp-container-3">
<div class="wp-block-column is-layout-flow">
<h2 id="ProreitoriaMeioDireitaTitulo" style="color:#00510f;text-transform:uppercase;border-top: 3px solid #00510F" class="has-inline-color">
    Apresentação
</h2>

<p align="justify">
    O DIRETOR-GERAL SUBSTITUTO DO INSTITUTO FEDERAL DE EDUCAÇÃO, CIÊNCIA E TECNOLOGIA BAIANO &#8211; CAMPUS BOM JESUS DA LAPA, no uso de suas atribuições legais conferidas pela Portaria nº 1158/2020 &#8211; RET-GAB/RET/IFBAIANO, de 04/11/2020, publicada no Boletim de Serviço Interno nº 11, de 30/11/2020, página 298, e de acordo com as disposições contidas na Lei nº 11.892, de 29/12/2008, no Regimento Geral do IF Baiano e na Portaria Normativa 13/2022 &#8211; RET-GAB/RET/IFBAIANO, de 11 de março de 2022 , e suas alterações; de acordo com as disposições legais em vigor, torna público o presente edital que estabelece as normas para seleção de monitores de ensino para os cursos da Educação Profissional Técnica de Nível Médio para o ano letivo 2023 (Processo 23328.252272.2023-09), em conformidade com a Resolução nº 08, de 30 de março 2016, do
CONSUP/IF Baiano.
</p>
</div>



<div class="wp-block-column is-layout-flow">
<h2 id="ProreitoriaMeioDireitaTitulo" style="color:#00510f;text-transform:uppercase;border-top: 3px solid #00510F" class="has-inline-color">
	Inscrições
</h2>

<p align="justify">
	<strong>Período:</strong> 21/09/2023 a 25/09/2023, até às 23:59h do dia 25/09/2023, no formulário eletrônico disponível no link <a href="https://docs.google.com/forms/d/e/1FAIpQLSe1Hxu23pcx3XGNSGoqveoxGKn-1hnIcfPQaZaFXXr-
Z25Yzw/viewform">https://docs.google.com/forms/d/e/1FAIpQLSe1Hxu23pcx3XGNSGoqveoxGKn-1hnIcfPQaZaFXXr-
Z25Yzw/viewform</a>
</div>
</div>



<div class="wp-block-columns is-layout-flex wp-container-6">
<div class="wp-block-column is-layout-flow">
<h2 id="ProreitoriaMeioDireitaTitulo" style="color:#00510f;text-transform:uppercase;border-top: 3px solid #00510F" class="has-inline-color">
	Editais e Documentos
</h2>
<div class="wp-block-file"><a href="https://www.ifbaiano.edu.br/unidades/lapa/files/2023/10/Resultado-Final-Monitores-Cursos-Nivel-Medio.pdf">Resultado Final Processo Seletivo Monitores de Nível Médio. Publicado em 30/10/2023</a></div>

<div class="wp-block-file"><a href="https://www.ifbaiano.edu.br/unidades/lapa/files/2023/10/Resultado-Preliminar-Processo-Seletivo-Monitores-de-Nivel-Medio.pdf">Resultado Preliminar Processo Seletivo Monitores de Nível Médio. Publicado em 17/10/2023</a></div>


<div class="wp-block-file"><a href="https://www.ifbaiano.edu.br/unidades/lapa/files/2023/10/Horarios_Entrevistas-processo-seletivo-de-monitores-nivel-medio.pdf">Horários das entrevistas para Monitores dos Cursos Técnicos de Nível Médio. Publicado em 10/10/2023</a></div>

<div class="wp-block-file"><a href="https://www.ifbaiano.edu.br/unidades/lapa/files/2023/10/Retificacao_n_2-processo-seletivo-de-monitores-de-nivel-medio.pdf">Retificação nº 2 para Monitores dos Cursos Técnicos de Nível Médio. Publicado em 10/10/2023 </a></div>

<div class="wp-block-file"><a href="https://www.ifbaiano.edu.br/unidades/lapa/files/2023/10/Retificacao_n_1.pdf">Retificação nº 1 para Monitores dos Cursos Técnicos de Nível Médio. Publicado em 02/10/2023 </a></div>

<div class="wp-block-file"><a href="https://www.ifbaiano.edu.br/unidades/lapa/files/2023/09/Inscricoes-Homologadas-para-Monitores-dos-Cursos-Tecnicos-de-Nivel-Medio.pdf">Inscrições Homologadas para Monitores dos Cursos Técnicos de Nível Médio. Publicado em 28/09/2023 </a></div>

<div class="wp-block-file"><a href="https://www.ifbaiano.edu.br/unidades/lapa/files/2023/09/Inscricoes-Preliminares-Hologadas-para-Monitores-dos-Cursos-Tecnicos-de-Nivel-Medio.pdf">Inscrições Preliminares Homologadas para Monitores dos Cursos Técnicos de Nível Médio. Publicado em 26/09/2023 </a></div>

<div class="wp-block-file"><a href="https://www.ifbaiano.edu.br/unidades/lapa/files/2023/09/Edital-26-2023-Processo-seletivo-de-monitores-de-ensino-dos-cursos-tecnicos-de-nivel-medio-Campus-Bom-Jesus-da-Lapa.pdf">Edital 26/2023-Processo seletivo de monitores de ensino dos cursos técnicos de nível médio. Publicado em 14/09/2023 </a></div>
</div>



<div class="wp-block-column is-layout-flow">
<h2 id="ProreitoriaMeioDireitaTitulo" style="color:#00510f;text-transform:uppercase;border-top: 3px solid #00510F" class="has-inline-color">
	Contato
</h2>

<p align="justify">monitoria@lapa.ifbaiano.edu.br.</p>
</div>
</div>

<p>Apresentação O DIRETOR-GERAL SUBSTITUTO DO INSTITUTO FEDERAL DE EDUCAÇÃO, CIÊNCIA E TECNOLOGIA BAIANO &#8211; CAMPUS BOM JESUS DA LAPA, no uso de suas atribuições legais conferidas pela Portaria nº 1158/2020 &#8211; RET-GAB/RET/IFBAIANO, de 04/11/2020, publicada no Boletim de Serviço Interno nº 11, de 30/11/2020, página 298, e de acordo com as disposições contidas na Lei [&hellip;]</p>
