{"id":26325,"date":"2023-10-04T20:01:20","date_gmt":"2023-10-04T23:01:20","guid":{"rendered":"https:\/\/www.ifbaiano.edu.br\/unidades\/lapa\/?page_id=26325"},"modified":"2024-02-29T15:39:26","modified_gmt":"2024-02-29T18:39:26","slug":"edital-27-2023","status":"publish","type":"page","link":"https:\/\/www.ifbaiano.edu.br\/unidades\/lapa\/edital-27-2023\/","title":{"rendered":"Edital 27\/2023 \u2013 Processo Seletivo para Ingresso de Estudantes 2024 nos cursos da Educa\u00e7\u00e3o Profissional T\u00e9cnica de N\u00edvel M\u00e9dio na Forma Integrada ao Ensino M\u00e9dio \u2013 Modalidade Presencial"},"content":{"rendered":"\n<div class=\"wp-block-columns is-layout-flex wp-container-15\">\n<div class=\"wp-block-column is-layout-flow\">\n<h2 class=\"wp-block-heading\">Apresenta\u00e7\u00e3o<\/h2>\n\n\n\n<div class=\"wp-block-columns is-layout-flex wp-container-6\">\n<div class=\"wp-block-column is-layout-flow\">\n<p>O DIRETOR-GERAL DO INSTITUTO FEDERAL DE EDUCA\u00c7\u00c3O, CI\u00caNCIA E TECNOLOGIA BAIANO (IF BAIANO) &#8211; Campus Bom Jesus da Lapa, no uso de suas atribui\u00e7\u00f5es delegadas pela Portaria N\u00ba 275, de 18 de mar\u00e7o de 2022, publicada no Di\u00e1rio Oficial da Uni\u00e3o do dia 21 de mar\u00e7o de 2022, Se\u00e7\u00e3o 2, p\u00e1gina 26, e de acordo com asdisposi\u00e7\u00f5es contidas na Lei N\u00ba  11.892, de 29 de dezembro de 2008, em conformidade com a Lei N\u00b0 9.394, de 20 de dezembro de 1996, e suas altera\u00e7\u00f5es e, ainda, considerando a Resolu\u00e7\u00e3o do Conselho Pleno do Conselho Nacional de Educa\u00e7\u00e3o (CNE\/CP) N\u00ba 04, de 17 de dezembro de 2018; o Decreto N\u00ba 3.298, de 20 de dezembro de 1999; a Lei N\u00ba 12.764, de 27 de dezembro de 2012; a Lei N\u00ba 12.711, de 29 de agosto de 2012, e suas regulamenta\u00e7\u00f5es; a Lei N\u00ba 13.409, de 28 de dezembro de 2016; o Decreto N\u00ba 7.824, de 11 de outubro de 2012; e a Portaria do Minist\u00e9rio da Educa\u00e7\u00e3o (MEC) N\u00ba 18, de 11 de outubro de 2012, e suas altera\u00e7\u00f5es; a Instru\u00e7\u00e3o Normativa n\u00ba 67\/2023\/RET-GAB\/RET\/IFBAIANO, de 13 de setembro de 2023, Portaria Normativa n\u00ba 19\/2023 \/RET-GAB\/RET\/IFBAIANO, de 21 de setembro de 2023, torna p\u00fablica a abertura de inscri\u00e7\u00f5es para o processo de ingresso de estudantes de 2023, dos cursos da Educa\u00e7\u00e3o Profissional T\u00e9cnica de N\u00edvel M\u00e9dio (EPTNM), na forma integrada ao ensino m\u00e9dio &#8211; modalidade presencial &#8211; para o Campus Bom Jesus da Lapa, por meio de an\u00e1lise de hist\u00f3rico escolar, conforme o n\u00famero de vagas e os cursos relacionados no Quadro 2 do subitem 2.3 e seguindo as demais condi\u00e7\u00f5es e etapas definidas neste Edital.<\/p>\n\n\n\n<div class=\"wp-block-columns is-layout-flex wp-container-4\">\n<div class=\"wp-block-column is-layout-flow\">\n<h2 class=\"wp-block-heading\">Editais e Documentos<\/h2>\n\n\n\n<div class=\"wp-block-columns is-layout-flex wp-container-2\">\n<div class=\"wp-block-column is-layout-flow\">\n<div class=\"wp-block-file\"><a href=\"https:\/\/www.ifbaiano.edu.br\/unidades\/lapa\/files\/2024\/02\/4a-CONVOCACAO-DA-LISTA-DE-ESPERA.pdf\">4\u00aa CONVOCA\u00c7\u00c3O DA LISTA DE ESPERA CURSOS INTEGRADOS. &#8211; Publicado em 29\/02\/2024<\/a><\/div>\n\n\n<div class=\"wp-block-file\"><a href=\"https:\/\/www.ifbaiano.edu.br\/unidades\/lapa\/files\/2024\/02\/EDITAL-No-01-CONSOLIDADO-DE-28-DE-DEZEMBRO-DE-2023-EDITAL-DE-MATRICULA-DOS-CURSOS-DA-EDUCACAO-PROFISSIONAL-TECNICA-DE-NIVEL-MEDIO-NA-FORMA-INTEGRADA-AO-ENSINO-MEDIO.pdf\">EDITAL N\u00ba 01 CONSOLIDADO, DE 28 DE DEZEMBRO DE 2023 &#8211; EDITAL DE MATR\u00cdCULA DOS CURSOS DA EDUCA\u00c7\u00c3O PROFISSIONAL T\u00c9CNICA DE N\u00cdVEL M\u00c9DIO, NA FORMA INTEGRADA AO ENSINO M\u00c9DIO. &#8211; Publicado em 02\/02\/2024<\/a><\/div>\n\n\n<div class=\"wp-block-file\"><a href=\"https:\/\/www.ifbaiano.edu.br\/unidades\/lapa\/files\/2024\/02\/3a-CONVOCACAO-DA-LISTA-DE-ESPERA-CURSOS-INTEGRADOS.pdf\">3\u00aa CONVOCA\u00c7\u00c3O DA LISTA DE ESPERA CURSOS INTEGRADOS. &#8211; Publicado em 30\/01\/2024<\/a><\/div>\n\n<div class=\"wp-block-file\"><a href=\"https:\/\/www.ifbaiano.edu.br\/unidades\/lapa\/files\/2024\/01\/Retificacao-no-1-do-Edital-de-Matricula-no-35-2023-de-29-de-dezembro-de-2023.pdf\">Retifica\u00e7\u00e3o n\u00ba 1 do Edital de Matr\u00edcula n\u00ba 35-2023, de 29 de dezembro de 2023. &#8211; Publicado em 30\/01\/2024<\/a><\/div>\n\n<div class=\"wp-block-file\"><a href=\"https:\/\/www.ifbaiano.edu.br\/unidades\/lapa\/files\/2024\/01\/RETIFICACAO-DA-2a-CONVOCACAO-DA-LISTA-DE-ESPERA.pdf\">Retifica\u00e7\u00e3o 2\u00aa CONVOCA\u00c7\u00c3O DA LISTA DE ESPERA &#8211; Publicado em 24\/01\/2024<\/a><\/div>\n\n<div class=\"wp-block-file\"><a href=\"https:\/\/www.ifbaiano.edu.br\/unidades\/lapa\/files\/2024\/01\/2a-Convocacao-da-lista-de-espera.pdf\">2\u00aa CONVOCA\u00c7\u00c3O DA LISTA DE ESPERA &#8211; Publicado em 23\/01\/2024<\/a><\/div>\n\n<div class=\"wp-block-file\"><a href=\"https:\/\/www.ifbaiano.edu.br\/unidades\/lapa\/files\/2024\/01\/Edital-27_2023-consolidado-com-a-Retificacao-no-02-conforme-Edital-de-Retificacao-n\u00b0-34-de-29-de-dezembro-de-2023.pdf\">Edital 27_2023 consolidado com a Retifica\u00e7\u00e3o n\u00ba 02 conforme Edital de Retifica\u00e7\u00e3o n\u00b0 34 de 29 de dezembro de 2023 &#8211; Publicado em 17\/01\/2024<\/a><\/div>\n\n<div class=\"wp-block-file\"><a href=\"https:\/\/www.ifbaiano.edu.br\/unidades\/lapa\/files\/2024\/01\/1a-CONVOCACAO-DA-LISTA-DE-ESPERA.pdf\">1\u00aa CONVOCA\u00c7\u00c3O DA LISTA DE ESPERA &#8211; Publicado em 15\/01\/2024<\/a><\/div>\n\n<div class=\"wp-block-file\"><a href=\"https:\/\/www.ifbaiano.edu.br\/unidades\/lapa\/files\/2024\/01\/Edital-35-2023_Convocacao-para-matricula-dos-aprovados-no-Processo-Seletivo-para-Ingresso-de-Estudantes-2024-nos-cursos-da-Educacao-Profissional-Tecnica-de-Nivel-Medio-ingresso-no-ano-letivo-2024.pdf\">Edital-35-2023_Convocacao-para-matricula-dos-aprovados-no-Processo-Seletivo-para-Ingresso-de-Estudantes-2024-nos-cursos-da-Educacao-Profissional-Tecnica-de-Nivel-Medio &#8211; Publicado em 29\/12\/2023<\/a><\/div>\n\n<div class=\"wp-block-file\"><a href=\"https:\/\/www.ifbaiano.edu.br\/unidades\/lapa\/files\/2023\/12\/Edital-de-Retificacao-34-2023.pdf\">Edital de Retifica\u00e7\u00e3o n\u00ba 34\/2023 &#8211; Retifica o Edital n\u00ba 27\/2023 &#8211; Processo Seletivo 2023 &#8211; Cursos T\u00e9cnicos em Agricultura, Agroecologia e Inform\u00e1tica Integrado ao Ensino M\u00e9dio Modalidade Presencial &#8211; Publicado em 30\/12\/2023<\/a><\/div>\n\n<div class=\"wp-block-file\"><a href=\"https:\/\/www.ifbaiano.edu.br\/unidades\/lapa\/files\/2023\/12\/RESULTADO-FINAL-DO-PROCESSO-SELETIVO-2023-CURSOS-TECNICOS-EM-AGRICULTURA-AGROECOLOGIA-E-INFORMATICA-INTEGRADO-AO-ENSINO-MEDIO.pdf\">Resultado Final do Processo Seletivo 2023 &#8211; Publicado em 20\/12\/2023<\/a><\/div>\n\n<div class=\"wp-block-file\"><a href=\"https:\/\/www.ifbaiano.edu.br\/unidades\/lapa\/files\/2023\/12\/RESULTADO_FINAL_DA_BANCA_DE_HETEROIDENTIFICACAO_ETNICO-RACIAL_POS-RECURSO_-_CURSO_INFORMATICA_assinado.pdf\">Resultado Final da Banca de Heteroidentifica\u00e7\u00e3o \u00c9tnico-Racial P\u00f3s-Recurso &#8211; Curso Inform\u00e1tica Integrado ao Ensino M\u00e9dio &#8211; Publicado em 20\/12\/2023<\/a><\/div>\n\n\n<div class=\"wp-block-file\"><a href=\"https:\/\/www.ifbaiano.edu.br\/unidades\/lapa\/files\/2023\/12\/RESULTADO_FINAL_DA_BANCA_DE_HETEROIDENTIFICACAO_ETNICO-RACIAL_POS-RECURSO_-_CURSO_AGROECOLOGIA_assinado.pdf\">Resultado Final da Banca de Heteroidentifica\u00e7\u00e3o \u00c9tnico-Racial P\u00f3s-Recurso &#8211; Curso Agroecologia Integrado ao Ensino M\u00e9dio &#8211; Publicado em 20\/12\/2023<\/a><\/div>\n\n\n<div class=\"wp-block-file\"><a href=\"https:\/\/www.ifbaiano.edu.br\/unidades\/lapa\/files\/2023\/12\/RESULTADO_FINAL_DA_BANCA_DE_HETEROIDENTIFICACAO_ETNICO-RACIAL_POS-RECURSO_-_CURSO_AGRICULTURA_assinado.pdf\">Resultado Final da Banca de Heteroidentifica\u00e7\u00e3o \u00c9tnico-Racial P\u00f3s-Recurso &#8211; Curso Agricultura Integrado ao Ensino M\u00e9dio &#8211; Publicado em 20\/12\/2023<\/a><\/div>\n\n\n<div class=\"wp-block-file\"><a href=\"https:\/\/www.ifbaiano.edu.br\/unidades\/lapa\/files\/2023\/12\/RESULTADO_DOS_RECURSO_A_BANCA_DE_HETEROIDENTIFICACAO_ETNICO-RACIAL_assinado.pdf\">Resultado dos Recursos \u00e0 Banca de Heteroidentifica\u00e7\u00e3o \u00c9tnico-Racial &#8211; Publicado em 20\/12\/2023<\/a><\/div>\n\n\n<div class=\"wp-block-file\"><a href=\"https:\/\/www.ifbaiano.edu.br\/unidades\/lapa\/files\/2023\/12\/RESULTADO_PRELIMINAR_DA_BANCA_DE_HETEROIDENTIFICACAO_ETNICO-RACIAL_-_CURSO_INFORMATICA_assinado.pdf\">Resultado Preliminar da Banca de Heteroidentifica\u00e7\u00e3o \u00c9tnico-Racial &#8211; Curso de Inform\u00e1tica- Publicado em 12\/12\/2023<\/a><\/div>\n\n<div class=\"wp-block-file\"><a href=\"https:\/\/www.ifbaiano.edu.br\/unidades\/lapa\/files\/2023\/12\/RESULTADO_PRELIMINAR_DA_BANCA_DE_HETEROIDENTIFICACAO_ETNICO-RACIAL_-_CURSO_AGROECOLOGIA_assinado.pdf\">Resultado Preliminar da Banca de Heteroidentifica\u00e7\u00e3o \u00c9tnico-Racial &#8211; Curso de Agroecologia- Publicado em 12\/12\/2023<\/a><\/div>\n\n<div class=\"wp-block-file\"><a href=\"https:\/\/www.ifbaiano.edu.br\/unidades\/lapa\/files\/2023\/12\/RESULTADO_PRELIMINAR_DA_BANCA_DE_HETEROIDENTIFICACAO_ETNICO-RACIAL_-_CURSO_AGRICULTURA_assinado.pdf\">Resultado Preliminar da Banca de Heteroidentifica\u00e7\u00e3o \u00c9tnico-Racial &#8211; Curso de Agricultura &#8211; Publicado em 12\/12\/2023<\/a><\/div>\n\n\n<div class=\"wp-block-file\"><a href=\"https:\/\/www.ifbaiano.edu.br\/unidades\/lapa\/files\/2023\/12\/BANCA-DE-EXAMINADORES-DA-BANCA-DE-HETEROIDENTIFICACAO-PROSEL-2024-INTEGRADO.pdf\">Examinadores da Banca de Heteroidentifica\u00e7\u00e3o Prosel 2024 Integrado &#8211; Publicado em 07\/12\/2023<\/a><\/div>\n\n\n<div class=\"wp-block-file\"><a href=\"https:\/\/www.ifbaiano.edu.br\/unidades\/lapa\/files\/2023\/12\/Convocacao-para-banca-de-heteroidentificacao-etnico-racial-curso-Informatica.pdf\">Convoca\u00e7\u00e3o para banca de heteroidentifica\u00e7\u00e3o \u00e9tnico racial curso Inform\u00e1tica &#8211; Publicado em 04\/12\/2023<\/a><\/div>\n\n<div class=\"wp-block-file\"><a href=\"https:\/\/www.ifbaiano.edu.br\/unidades\/lapa\/files\/2023\/12\/Convocacao-para-a-banca-de-heteroidentificacao-etnico-racial-curso-Agroecologia.pdf\">Convoca\u00e7\u00e3o para banca de heteroidentifica\u00e7\u00e3o \u00e9tnico racial curso Agroecologia &#8211; Publicado em 04\/12\/2023<\/a><\/div>\n\n\n<div class=\"wp-block-file\"><a href=\"https:\/\/www.ifbaiano.edu.br\/unidades\/lapa\/files\/2023\/12\/Convocacao-para-a-banca-de-heteroidentificacao-etnico-racial-curso-Agricultura.pdf\">Convoca\u00e7\u00e3o para banca de heteroidentifica\u00e7\u00e3o \u00e9tnico racial curso Agricultura &#8211; Publicado em 04\/12\/2023<\/a><\/div>\n\n\n\n<div class=\"wp-block-file\"><a href=\"https:\/\/www.ifbaiano.edu.br\/unidades\/lapa\/files\/2023\/12\/Resultado-Final-da-Analise-do-Historico-Escolar-INFORMATICA-INTEGRADO.pdf\">Resultado Final da An\u00e1lise do Hist\u00f3rico Escolar &#8211; INFORM\u00c1TICA INTEGRADO &#8211; Publicado em 01\/12\/2023<\/a><\/div>\n\n\n\n<div class=\"wp-block-file\"><a href=\"https:\/\/www.ifbaiano.edu.br\/unidades\/lapa\/files\/2023\/12\/Resultado-Final-da-Analise-do-Historico-Escolar-AGROECOLOGIA-INTEGRADO.pdf\">Resultado Final da An\u00e1lise do Hist\u00f3rico Escolar &#8211; AGROECOLOGIA INTEGRADO &#8211; Publicado em 01\/12\/2023<\/a><\/div>\n\n\n<div class=\"wp-block-file\"><a href=\"https:\/\/www.ifbaiano.edu.br\/unidades\/lapa\/files\/2023\/12\/Resultado-Final-da-Analise-do-Historico-Escolar-AGRICULTURA-INTEGRADO.pdf\">Resultado Final da An\u00e1lise do Hist\u00f3rico Escolar &#8211; AGRICULTURA INTEGRADO &#8211; Publicado em 01\/12\/2023<\/a><\/div>\n\n\n\n<div class=\"wp-block-file\"><a href=\"https:\/\/www.ifbaiano.edu.br\/unidades\/lapa\/files\/2023\/12\/Resultado-dos-Recursos-a-analise-do-historico-escolar.pdf\">Resultado dos Recursos a an\u00e1lise do hist\u00f3rico escolar &#8211; Publicado em 01\/12\/2023<\/a><\/div>\n\n\n<div class=\"wp-block-file\"><a href=\"https:\/\/www.ifbaiano.edu.br\/unidades\/lapa\/files\/2023\/12\/Homologacao-Final-Retificada.pdf\">Homologac\u00e3o Final &#8211; Retificada &#8211; Publicado em 01\/12\/2023<\/a><\/div>\n\n\n<div class=\"wp-block-file\"><a href=\"https:\/\/www.ifbaiano.edu.br\/unidades\/lapa\/files\/2023\/11\/Resultado-preliminar-da-analise-do-historico-escolar-curso-Informatica.pdf\">Resultado preliminar da an\u00e1lise do hist\u00f3rico escolar &#8211; curso Inform\u00e1tica- Publicado em 28\/11\/2023<\/a><\/div>\n\n\n<div class=\"wp-block-file\"><a href=\"https:\/\/www.ifbaiano.edu.br\/unidades\/lapa\/files\/2023\/11\/Resultado-preliminar-da-analise-do-historico-escolar-curso-Agroecologia.pdf\">Resultado preliminar da an\u00e1lise do hist\u00f3rico escolar &#8211; curso Agroecologia- Publicado em 28\/11\/2023<\/a><\/div>\n\n\n<div class=\"wp-block-file\"><a href=\"https:\/\/www.ifbaiano.edu.br\/unidades\/lapa\/files\/2023\/11\/Resultado-preliminar-da-analise-do-historico-escolar-curso-Agricultura.pdf\">Resultado preliminar da an\u00e1lise do hist\u00f3rico escolar &#8211; curso Agricultura- Publicado em 28\/11\/2023<\/a><\/div>\n\n\n<div class=\"wp-block-file\"><a href=\"https:\/\/www.ifbaiano.edu.br\/unidades\/lapa\/files\/2023\/11\/Resultado-final-das-inscricoes-homologadas.pdf\">Resultado final das inscri\u00e7\u00f5es homologadas- Publicado em 28\/11\/2023<\/a><\/div>\n\n\n<div class=\"wp-block-file\"><a href=\"https:\/\/www.ifbaiano.edu.br\/unidades\/lapa\/files\/2023\/11\/Resultado-dos-recursos-das-inscricoes-homologadas.pdf\">Resultado dos recursos das inscri\u00e7\u00f5es homologadas- Publicado em 28\/11\/2023<\/a><\/div>\n\n\n<div class=\"wp-block-file\"><a href=\"https:\/\/www.ifbaiano.edu.br\/unidades\/lapa\/files\/2023\/11\/Lista-Preliminar-de-Homologacao-das-Inscricoes-Prosel-2024.pdf\">Lista Preliminar de Homologa\u00e7\u00e3o das  Inscri\u00e7\u00f5es Prosel 2024- Publicado em 23\/11\/2023<\/a><\/div>\n\n<div class=\"wp-block-file\"><a href=\"https:\/\/www.ifbaiano.edu.br\/unidades\/lapa\/files\/2023\/10\/Edital-27-2023-consolidado-com-a-Retificacao-01.pdf\">Edital 27-2023 consolidado com a Retifica\u00e7\u00e3o 01- Publicado em 10\/10\/2023<\/a><\/div>\n\n<div class=\"wp-block-file\"><a href=\"https:\/\/www.ifbaiano.edu.br\/unidades\/lapa\/files\/2023\/10\/Retificacao-01-do-Edital-27-2023.pdf\">RETIFICA\u00c7\u00c3O N\u00ba 01 DO EDITAL 27\/2023- Publicado em 10\/10\/2023<\/a><\/div>\n\n<div class=\"wp-block-file\"><a href=\"https:\/\/www.ifbaiano.edu.br\/unidades\/lapa\/files\/2023\/10\/Edital-27-2023_Processo-Seletivo-de-Ingresso-de-Estudantes-nos-Cursos-Integrados-em-2024.pdf\">Edital 27\/2023 \u2013 Processo Seletivo para Ingresso de Estudantes 2024 nos cursos da Educa\u00e7\u00e3o Profissional T\u00e9cnica de N\u00edvel M\u00e9dio na Forma Integrada ao Ensino M\u00e9dio \u2013 Modalidade Presencial &#8211; Publicado em 04\/10\/2023<\/a><\/div>\n\n<div class=\"wp-block-file\"><a href=\"https:\/\/www.ifbaiano.edu.br\/unidades\/lapa\/files\/2023\/10\/ANEXO-V-FORMULARIO-PARA-RECURSO.pdf\">ANEXO V &#8211; FORMUL\u00c1RIO PARA RECURSO- Publicado em 10\/10\/2023<\/a><\/div>\n\n\n<div class=\"wp-block-file\"><a href=\"https:\/\/www.ifbaiano.edu.br\/unidades\/lapa\/files\/2023\/10\/ANEXO-IV-AUTODECLARACAO-DE-RENDA.pdf\">ANEXO IV &#8211; AUTODECLARA\u00c7\u00c3O DE RENDA &#8211; Publicado em 10\/10\/2023<\/a><\/div>\n\n<div class=\"wp-block-file\"><a href=\"https:\/\/www.ifbaiano.edu.br\/unidades\/lapa\/files\/2023\/10\/ANEXO-III-DECLARACAO-ESCOLAR-DE-ENSINO-FUNDAMENTAL.pdf\">ANEXO III -DECLARA\u00c7\u00c3O ESCOLAR DE ENSINO FUNDAMENTAL &#8211; Publicado em 10\/10\/2023<\/a><\/div>\n\n<div class=\"wp-block-file\"><a href=\"https:\/\/www.ifbaiano.edu.br\/unidades\/lapa\/files\/2023\/10\/ANEXO-II-CONSOLIDACAO-DE-RENDA-FAMILIAR-.pdf\">ANEXO II -CONSOLIDA\u00c7\u00c3O DE RENDA FAMILIAR &#8211; Publicado em 10\/10\/2023<\/a><\/div>\n\n<div class=\"wp-block-file\"><a href=\"https:\/\/www.ifbaiano.edu.br\/unidades\/lapa\/files\/2023\/10\/ANEXO-I-EQUIVALENCIA-DE-CONCEITOS-E-NOTAS.pdf\">ANEXO I &#8211; EQUIVAL\u00caNCIA DE CONCEITOS E NOTAS &#8211; Publicado em 10\/10\/2023<\/a><\/div>\n<\/div>\n<\/div>\n<\/div>\n<\/div>\n<\/div>\n<\/div>\n<\/div>\n\n\n\n<div class=\"wp-block-column is-layout-flow\">\n<h2 class=\"wp-block-heading\">Inscri\u00e7\u00f5es<\/h2>\n\n\n\n<div class=\"wp-block-columns is-layout-flex wp-container-9\">\n<div class=\"wp-block-column is-layout-flow\">\n<p>10\/10\/2023 a 10\/11\/2023 <br> \nP\u00e1gina de Acompanhamento <br>\n<a href=\"https:\/\/www.ifbaiano.edu.br\/unidades\/lapa\/ingresso\/\" target=\"_blank\" rel=\"noopener noreferrer\">https:\/\/www.ifbaiano.edu.br\/unidades\/lapa\/ingresso\/<\/a> <\/p>\n\n<p>INSCRI\u00c7\u00d5ES<br> \n<br>\n<a href=\"http:\/\/opinanovo.ifbaiano.edu.br\/index.php\/454517?lang=pt-BR\" target=\"_blank\" rel=\"noopener noreferrer\">INSCREVA-SE AQUI<\/a> <\/p>\n<\/div>\n<\/div>\n\n\n\n<div class=\"wp-block-columns is-layout-flex wp-container-13\">\n<div class=\"wp-block-column is-layout-flow\">\n<h2 class=\"wp-block-heading\">Contato<\/h2>\n\n\n\n<div class=\"wp-block-columns is-layout-flex wp-container-11\">\n<div class=\"wp-block-column is-layout-flow\">\n<p>prosel.lapa@ifbaiano.edu.br<\/p>\n\n<p>\n<img decoding=\"async\" loading=\"lazy\" src=\"https:\/\/www.ifbaiano.edu.br\/unidades\/lapa\/files\/2023\/10\/whatsapp.png\" alt=\"Icone WhatsApp\" width=\"30\" height=\"30\" style=\"vertical-align: bottom\">&nbsp;<strong>(77) 2102-9545<\/strong>\n<\/p>\n<\/div>\n<\/div>\n<\/div>\n<\/div>\n<\/div>\n<\/div>\n","protected":false},"excerpt":{"rendered":"<p>Apresenta\u00e7\u00e3o O DIRETOR-GERAL DO INSTITUTO FEDERAL DE EDUCA\u00c7\u00c3O, CI\u00caNCIA E TECNOLOGIA BAIANO (IF BAIANO) &#8211; Campus Bom Jesus da Lapa, no uso de suas atribui\u00e7\u00f5es delegadas pela Portaria N\u00ba 275, de 18 de mar\u00e7o de 2022, publicada no Di\u00e1rio Oficial da Uni\u00e3o do dia 21 de mar\u00e7o de 2022, Se\u00e7\u00e3o 2, p\u00e1gina 26, e de [&hellip;]<\/p>\n","protected":false},"author":165,"featured_media":0,"parent":0,"menu_order":0,"comment_status":"closed","ping_status":"closed","template":"","meta":[],"_links":{"self":[{"href":"https:\/\/www.ifbaiano.edu.br\/unidades\/lapa\/wp-json\/wp\/v2\/pages\/26325"}],"collection":[{"href":"https:\/\/www.ifbaiano.edu.br\/unidades\/lapa\/wp-json\/wp\/v2\/pages"}],"about":[{"href":"https:\/\/www.ifbaiano.edu.br\/unidades\/lapa\/wp-json\/wp\/v2\/types\/page"}],"author":[{"embeddable":true,"href":"https:\/\/www.ifbaiano.edu.br\/unidades\/lapa\/wp-json\/wp\/v2\/users\/165"}],"replies":[{"embeddable":true,"href":"https:\/\/www.ifbaiano.edu.br\/unidades\/lapa\/wp-json\/wp\/v2\/comments?post=26325"}],"version-history":[{"count":70,"href":"https:\/\/www.ifbaiano.edu.br\/unidades\/lapa\/wp-json\/wp\/v2\/pages\/26325\/revisions"}],"predecessor-version":[{"id":27499,"href":"https:\/\/www.ifbaiano.edu.br\/unidades\/lapa\/wp-json\/wp\/v2\/pages\/26325\/revisions\/27499"}],"wp:attachment":[{"href":"https:\/\/www.ifbaiano.edu.br\/unidades\/lapa\/wp-json\/wp\/v2\/media?parent=26325"}],"curies":[{"name":"wp","href":"https:\/\/api.w.org\/{rel}","templated":true}]}}