{"id":26433,"date":"2023-10-20T18:00:34","date_gmt":"2023-10-20T21:00:34","guid":{"rendered":"https:\/\/www.ifbaiano.edu.br\/unidades\/lapa\/?page_id=26433"},"modified":"2024-02-09T17:14:10","modified_gmt":"2024-02-09T20:14:10","slug":"edital-29-2023","status":"publish","type":"page","link":"https:\/\/www.ifbaiano.edu.br\/unidades\/lapa\/edital-29-2023\/","title":{"rendered":"Edital 29\/2023 \u2013 Sele\u00e7\u00e3o de candidatos(as) para preenchimento de vagas no curso superior de Bacharelado em Engenharia Agron\u00f4mica"},"content":{"rendered":"\n<div class=\"wp-block-columns is-layout-flex wp-container-3\">\n<div class=\"wp-block-column is-layout-flow\">\n<h2 class=\"wp-block-heading\">Apresenta\u00e7\u00e3o<\/h2>\n<\/div>\n\n\n\n<div class=\"wp-block-column is-layout-flow\">\n<h2 class=\"wp-block-heading\">Inscri\u00e7\u00f5es<\/h2>\n<\/div>\n<\/div>\n\n\n\n<div class=\"wp-block-columns is-layout-flex wp-container-6\">\n<div class=\"wp-block-column is-layout-flow\">\n<p>O DIRETOR-GERAL DO INSTITUTO FEDERAL DE EDUCA\u00c7\u00c3O, CI\u00caNCIA E TECNOLOGIA BAIANO (IF BAIANO) &#8211; CAMPUS BOM JESUS DA LAPA, no uso de suas atribui\u00e7\u00f5es legais conferidas pela Portaria de Pessoal n\u00b0 275, de 18\/03\/2022 Publicada no DOU de 21\/03\/2022, e de acordo com as disposi\u00e7\u00f5es contidas na Lei n\u00ba 11.892, de 29\/12\/2008, e na Lei n\u00ba 8.112, de 11\/12\/1990, em conformidade com a Lei N\u00b0. 9.394, de 20 de dezembro de 1996, alterada pela Lei n\u00ba 12.796, de 04 de abril de 2013 e ainda considerando a Portaria MEC n\u00ba 18, de 11 de outubro de 2012, torna p\u00fablico o presente Edital, para preenchimento de vagas no curso de gradua\u00e7\u00e3o em Engenharia Agron\u00f4mica, ofertado pelo IF Baiano Campus Bom Jesus da Lapa, para ingresso no\nsemestre letivo 2023.2, por meio de nota do ENEM, considerando uma das cinco edi\u00e7\u00f5es anteriores (2018 a 2022).<\/P>\n<\/div>\n\n\n\n<div class=\"wp-block-column is-layout-flow\">\n<p><strong>25 de outubro a 19 de novembro de 2023<\/strong> <br> \nP\u00e1gina de Acompanhamento <br>\n<a href=\"https:\/\/www.ifbaiano.edu.br\/unidades\/lapa\/ingresso\/\" target=\"_blank\" rel=\"noopener noreferrer\">https:\/\/www.ifbaiano.edu.br\/unidades\/lapa\/ingresso\/<\/a> <\/p>\n<br>\n<p><strong> LINK INSCRI\u00c7OES\n<a href=\"http:\/\/opinanovo.ifbaiano.edu.br\/index.php\/482588?lang=pt-BR\" target=\"_blank\" rel=\"noopener noreferrer\">FA\u00c7A AQUI SUA INSCRI\u00c7\u00c3O<\/a> <\/p>\n<\/div>\n<\/div>\n\n\n\n<div class=\"wp-block-columns is-layout-flex wp-container-9\">\n<div class=\"wp-block-column is-layout-flow\">\n<h2 class=\"wp-block-heading\">Editais e Documentos<\/h2>\n<\/div>\n\n\n\n<div class=\"wp-block-column is-layout-flow\">\n<h2 class=\"wp-block-heading\">Contato<\/h2>\n<\/div>\n<\/div>\n\n\n\n<div class=\"wp-block-columns is-layout-flex wp-container-12\">\n<div class=\"wp-block-column is-layout-flow\">\n<div class=\"wp-block-file\"><a href=\"https:\/\/www.ifbaiano.edu.br\/unidades\/lapa\/files\/2024\/02\/QUARTA-CHAMADA-PARA-MATRICULA-ENG.-AGRONOMICA-EDITAL-29_2023-1.pdf\">QUARTA CHAMADA PARA MATR\u00cdCULA  ENG. AGRON\u00d4MICA EDITAL 29_2023-1- Publicado em 09\/02\/2024<\/a><\/div>\n\n<div class=\"wp-block-file\"><a href=\"https:\/\/www.ifbaiano.edu.br\/unidades\/lapa\/files\/2024\/02\/TERCEIRA-CHAMADA-PARA-MATRICULA-ENG.-AGRONOMICA-EDITAL-29_2023-1.pdf\">TERCEIRA CHAMADA PARA MATR\u00cdCULA  ENG. AGRON\u00d4MICA EDITAL 29_2023-1- Publicado em 05\/02\/2024<\/a><\/div>\n\n\n<div class=\"wp-block-file\"><a href=\"https:\/\/www.ifbaiano.edu.br\/unidades\/lapa\/files\/2024\/02\/SEGUNDA-CHAMADA-PARA-MATRICULA-ENG.-AGRONOMICA-EDITAL-29_2023-1.pdf\">SEGUNDA CHAMADA PARA MATR\u00cdCULA  ENG. AGRON\u00d4MICA EDITAL 29_2023-1- Publicado em 02\/02\/2024<\/a><\/div>\n\n\n\n<div class=\"wp-block-file\"><a href=\"https:\/\/www.ifbaiano.edu.br\/unidades\/lapa\/files\/2024\/02\/PRIMEIRA-CHAMADA-PARA-MATRICULA-ENG.-AGRONOMICA-EDITAL-29_2023-1.pdf\">PRIMEIRA CHAMADA PARA MATR\u00cdCULA  ENG. AGRON\u00d4MICA EDITAL 29_2023-1- Publicado em 29\/01\/2024<\/a><\/div>\n\n\n<div class=\"wp-block-file\"><a href=\"https:\/\/www.ifbaiano.edu.br\/unidades\/lapa\/files\/2024\/01\/Retificacao-no-1-do-Edital-34_2023-Eng.-Agronomica.pdf\">Retifica\u00e7\u00e3o n\u00ba 1 do Edital 34_2023 Eng. Agron\u00f4mica- Publicado em 10\/01\/2024<\/a><\/div>\n\n<div class=\"wp-block-file\"><a href=\"https:\/\/www.ifbaiano.edu.br\/unidades\/lapa\/files\/2023\/12\/Edital-34-2023_Convocacao-para-matricula-dos-aprovados-no-Processo-Seletivo-regido-pelo-Edital-29-2023-para-preenchimento-de-vagas-no-curso-de-Engenharia-Agronomica-ingresso-no-semestre-2023.2.pdf\">Edital de convoca\u00e7\u00e3o n\u00ba 34 para matr\u00edcula dos aprovados no PROSEL regido pelo Edital 29\/2023 &#8211; Curso Superior Bacharelado em Engenharia Agron\u00f4mica. Publicado em 29\/12\/2023<\/a><\/div>\n\n<div class=\"wp-block-file\"><a href=\"https:\/\/www.ifbaiano.edu.br\/unidades\/lapa\/files\/2023\/12\/RESULTADO_FINAL_DO_PROCESSO_SELETIVO_ENG._AGRONOMICA_EDITAL_29-2023-1_assinado.pdf\">Resultado Final do Processo Seletivo &#8211; Edital 29\/2023 &#8211; Engenharia Agron\u00f4mica. Publicado em 22\/12\/2023<\/a><\/div>\n\n<div class=\"wp-block-file\"><a href=\"https:\/\/www.ifbaiano.edu.br\/unidades\/lapa\/files\/2023\/12\/RESULTADO_FINAL_DO_PROCEDIMENTO_DE_HETEROIDENTIFICACAO_EDITAL_29_2023_ENGENHARIA_AGRONOMICA.docx_assinado.pdf\">Resultado Final do Procedimento de Heteroidentifica\u00e7\u00e3o &#8211; Edital 29\/2023 &#8211; Engenharia Agron\u00f4mica. Publicado em 21\/12\/2023<\/a><\/div>\n\n<div class=\"wp-block-file\"><a href=\"https:\/\/www.ifbaiano.edu.br\/unidades\/lapa\/files\/2023\/12\/RESULTADO_FINAL_DO_PROCEDIMENTO_DE_HETEROIDENTIFICACAO_EDITAL_29_2023_ENGENHARIA_AGRONOMICA_LISTA_SUPLEMENTAR.docx_assinado-2.pdf\">Resultado Final do Procedimento de Heteroidentifica\u00e7\u00e3o &#8211; Edital 29\/2023 &#8211; Engenharia Agron\u00f4mica Lista Suplementar. Publicado em 21\/12\/2023<\/a><\/div>\n\n<div class=\"wp-block-file\"><a href=\"https:\/\/www.ifbaiano.edu.br\/unidades\/lapa\/files\/2023\/12\/RESULTADO_PROCESSO_DE_HETEROIDENTIFICACAO_AGRONOMIA_EDITAL_29_2023.docx_28329_assinado.pdf\">Resultado Preliminar do Procedimento de Heteroidentifica\u00e7\u00e3o &#8211; Edital 29\/2023 &#8211; Engenharia Agron\u00f4mica. Publicado em 15\/12\/2023<\/a><\/div>\n\n\n<div class=\"wp-block-file\"><a href=\"https:\/\/www.ifbaiano.edu.br\/unidades\/lapa\/files\/2023\/12\/Resultado_da_banca_de_heteroidentificacao_da_lista_suplementar_edital_29_2023.docx_assinado.pdf\">Resultado Preliminar do Procedimento de Heteroidentifica\u00e7\u00e3o &#8211; Edital 29\/2023 &#8211; Engenharia Agron\u00f4mica &#8211; Lista Suplementar. Publicado em 15\/12\/2023<\/a><\/div>\n\n\n<div class=\"wp-block-file\"><a href=\"https:\/\/www.ifbaiano.edu.br\/unidades\/lapa\/files\/2023\/12\/Retificacao-04-do-Edital-29-2023-Processo-Seletivo-de-Ingresso-de-Estudantes-no-semestre-letivo-2023.2-no-curso-Bacharelado-em-Engenharia-Agronomica-Campus-Bom-Jesus-da-Lapa.pdf\">Retifica\u00e7\u00e3o 04 do Edital do 29\/2023 &#8211; Processo Seletivo de Ingresso de Estudantes no semestre letivo 2023.2 no curso Bacharelado em Engenharia Agron\u00f4mica &#8211; Campus Bom Jesus da Lapa. Publicado em 13\/12\/2023<\/a><\/div>\n\n\n<div class=\"wp-block-file\"><a href=\"https:\/\/www.ifbaiano.edu.br\/unidades\/lapa\/files\/2023\/12\/CONVOCACAO_PARA_BANCA_DE_HETEROIDENTIFICACAO_AGRONOMIA_LISTA_SUPLEMENTAR__EDITAL_29_2023.docx_assinado-2.pdf\">Lista suplementar para realiza\u00e7\u00e3o da banca de  heteroidentifica\u00e7\u00e3o do edital 29\/2023. Publicado em 13\/12\/2023<\/a><\/div>\n\n<div class=\"wp-block-file\"><a href=\"https:\/\/www.ifbaiano.edu.br\/unidades\/lapa\/files\/2023\/12\/Convocacao-para-banca-de-heteroidentificacao-etnico-racial-Bacharelado-em-Eng.-Agronomica.pdf\">Convoca\u00e7\u00e3o para banca de heteroidentificac\u00e3o etnico racial Bacharelado em Eng. Agron\u00f4mica. Publicado em 30\/11\/2023<\/a><\/div>\n\n\n<div class=\"wp-block-file\"><a href=\"https:\/\/www.ifbaiano.edu.br\/unidades\/lapa\/files\/2023\/11\/Resultado-Preliminar-Processo-Seletivo-Eng.-Agronomica.pdf\">Resultado Preliminar Processo Seletivo Eng. Agron\u00f4mica. Publicado em 30\/11\/2023<\/a><\/div>\n\n\n<div class=\"wp-block-file\"><a href=\"https:\/\/www.ifbaiano.edu.br\/unidades\/lapa\/files\/2023\/11\/Homologacao-Final-da-Inscricoes-Eng.-Agronomica-1.pdf\">Homologa\u00e7\u00e3o Final da Inscri\u00e7\u00f5es Eng. Agron\u00f4mica. Publicado em 28\/11\/2023<\/a><\/div>\n\n\n<div class=\"wp-block-file\"><a href=\"https:\/\/www.ifbaiano.edu.br\/unidades\/lapa\/files\/2023\/11\/Homologacao-Preliminar-da-Inscricoes-Eng.-Agronomica.pdf\">Homologa\u00e7\u00e3o Preliminar da Inscri\u00e7\u00f5es Eng. Agron\u00f4mica. Publicado em 23\/11\/2023<\/a><\/div>\n\n\n<div class=\"wp-block-file\"><a href=\"https:\/\/www.ifbaiano.edu.br\/unidades\/lapa\/files\/2023\/11\/Retificacao-03-do-Edital-29-2023-Processo-Seletivo-de-Ingresso-de-Estudantes-no-curso-Bacharelado-em-Eng.-Agronomica.pdf\">Retifica\u00e7\u00e3o 03 do Edital 29-2023 &#8211; Processo Seletivo de Ingresso de Estudantes no curso Bacharelado em Eng. Agron\u00f4mica. Publicado em 08\/11\/2023<\/a><\/div>\n\n\n<div class=\"wp-block-file\"><a href=\"https:\/\/www.ifbaiano.edu.br\/unidades\/lapa\/files\/2023\/10\/Edital-29-2023_Atualizado-com-as-retificacoes.pdf\">Edital 29\/2023 atualizado com as retifica\u00e7\u00f5es. Publicado em 26\/10\/2023<\/a><\/div>\n\n\n<div class=\"wp-block-file\"><a href=\"https:\/\/www.ifbaiano.edu.br\/unidades\/lapa\/files\/2023\/10\/Retificacao-02-do-Edital-29-2023-Processo-Seletivo-de-Ingresso-de-Estudantes-no-curso-Bacharelado-em-Eng.-Agronomica.pdf\"> Retifica\u00e7\u00e3o 02 Edital 29-2023 Sele\u00e7\u00e3o de candidatos(as) para preenchimento de vagas no curso superior de Bacharelado em Engenharia Agron\u00f4mica Publicado em 26\/10\/2023<\/a><\/div>\n\n\n<div class=\"wp-block-file\"><a href=\"https:\/\/www.ifbaiano.edu.br\/unidades\/lapa\/files\/2023\/10\/PORTARIA-101-2023-BJL-GAB-BJL-de-24-de-outubro-homologa-o-Edital-no-29-2023.pdf\">PORTARIA 101\/2023 &#8211; Homologa\u00e7\u00e3o do Edital Edital-29-2023 para preenchimento de vagas no curso superior de Bacharelado em Engenharia Agron\u00f4mica- Publicado em 24\/10\/2023<\/a><\/div>\n\n\n<div class=\"wp-block-file\"><a href=\"https:\/\/www.ifbaiano.edu.br\/unidades\/lapa\/files\/2023\/10\/Retificacao-01-do-Edital-29-2023-Processo-Seletivo-de-Ingresso-de-Estudantes-no-curso-de-Engenharia-Agronomica.pdf\">Retifica\u00e7\u00e3o 01 Edital 29-2023 Sele\u00e7\u00e3o de candidatos(as) para preenchimento de vagas no curso superior de Bacharelado em Engenharia Agron\u00f4mica- Publicado em 23\/10\/2023<\/a><\/div>\n\n<div class=\"wp-block-file\"><a href=\"https:\/\/www.ifbaiano.edu.br\/unidades\/lapa\/files\/2023\/10\/Edital-29-2023-Processo-Seletivo-de-Ingresso-de-Estudantes-no-curso-Bacharelado-em-Eng.-Agronomica.pdf\">Edital 29-2023 Sele\u00e7\u00e3o de candidatos(as) para preenchimento de vagas no curso superior de Bacharelado em Engenharia Agron\u00f4mica- Publicado em 20\/10\/2023<\/a><\/div>\n<\/div>\n\n\n\n<div class=\"wp-block-column is-layout-flow\">\n<p>prosel.sisu@lapa.ifbaiano.edu.br.<\/p>\n<\/div>\n<\/div>\n","protected":false},"excerpt":{"rendered":"<p>Apresenta\u00e7\u00e3o Inscri\u00e7\u00f5es O DIRETOR-GERAL DO INSTITUTO FEDERAL DE EDUCA\u00c7\u00c3O, CI\u00caNCIA E TECNOLOGIA BAIANO (IF BAIANO) &#8211; CAMPUS BOM JESUS DA LAPA, no uso de suas atribui\u00e7\u00f5es legais conferidas pela Portaria de Pessoal n\u00b0 275, de 18\/03\/2022 Publicada no DOU de 21\/03\/2022, e de acordo com as disposi\u00e7\u00f5es contidas na Lei n\u00ba 11.892, de 29\/12\/2008, e [&hellip;]<\/p>\n","protected":false},"author":165,"featured_media":0,"parent":0,"menu_order":0,"comment_status":"closed","ping_status":"closed","template":"","meta":[],"_links":{"self":[{"href":"https:\/\/www.ifbaiano.edu.br\/unidades\/lapa\/wp-json\/wp\/v2\/pages\/26433"}],"collection":[{"href":"https:\/\/www.ifbaiano.edu.br\/unidades\/lapa\/wp-json\/wp\/v2\/pages"}],"about":[{"href":"https:\/\/www.ifbaiano.edu.br\/unidades\/lapa\/wp-json\/wp\/v2\/types\/page"}],"author":[{"embeddable":true,"href":"https:\/\/www.ifbaiano.edu.br\/unidades\/lapa\/wp-json\/wp\/v2\/users\/165"}],"replies":[{"embeddable":true,"href":"https:\/\/www.ifbaiano.edu.br\/unidades\/lapa\/wp-json\/wp\/v2\/comments?post=26433"}],"version-history":[{"count":54,"href":"https:\/\/www.ifbaiano.edu.br\/unidades\/lapa\/wp-json\/wp\/v2\/pages\/26433\/revisions"}],"predecessor-version":[{"id":27058,"href":"https:\/\/www.ifbaiano.edu.br\/unidades\/lapa\/wp-json\/wp\/v2\/pages\/26433\/revisions\/27058"}],"wp:attachment":[{"href":"https:\/\/www.ifbaiano.edu.br\/unidades\/lapa\/wp-json\/wp\/v2\/media?parent=26433"}],"curies":[{"name":"wp","href":"https:\/\/api.w.org\/{rel}","templated":true}]}}