{"id":26533,"date":"2023-10-26T19:07:11","date_gmt":"2023-10-26T22:07:11","guid":{"rendered":"https:\/\/www.ifbaiano.edu.br\/unidades\/lapa\/?page_id=26533"},"modified":"2023-11-20T13:55:53","modified_gmt":"2023-11-20T16:55:53","slug":"edital-215-2023-cursos-fic","status":"publish","type":"page","link":"https:\/\/www.ifbaiano.edu.br\/unidades\/lapa\/edital-215-2023-cursos-fic\/","title":{"rendered":"Edital 215\/2023 \u2013 Processo Seletivo para Ingresso de Estudantes nos Cursos de Qualifica\u00e7\u00e3o Profissional, na Modalidade de Forma\u00e7\u00e3o Continuada"},"content":{"rendered":"\n<div class=\"wp-block-columns is-layout-flex wp-container-3\">\n<div class=\"wp-block-column is-layout-flow\">\n<h2 class=\"wp-block-heading\">Apresenta\u00e7\u00e3o<\/h2>\n<\/div>\n\n\n\n<div class=\"wp-block-column is-layout-flow\">\n<h2 class=\"wp-block-heading\">Inscri\u00e7\u00f5es<\/h2>\n<\/div>\n<\/div>\n\n\n\n<div class=\"wp-block-columns is-layout-flex wp-container-6\">\n<div class=\"wp-block-column is-layout-flow\">\n<p>A Pr\u00f3-reitora de Extens\u00e3o do Instituto Federal de Educa\u00e7\u00e3o, Ci\u00eancia e Tecnologia Baiano, no uso das suas atribui\u00e7\u00f5es delegadas pela n\u00ba Portaria n\u00ba 883 de 31\/05\/2022, publicada no DOU 01\/06\/2022, torna p\u00fablica a abertura de inscri\u00e7\u00f5es no per\u00edodo estabelecido no cronograma deste edital, para provimento de vagas nos cursos de Qualifica\u00e7\u00e3o Profissional, a modalidade de Forma\u00e7\u00e3o Continuada \u2013 FIC que ser\u00e3o ofertados no Campus Bom Jesus da Lapa.<\/P>\n<\/div>\n\n\n\n<div class=\"wp-block-column is-layout-flow\">\n<p><strong>25\/10 a 10\/11\/2023<\/strong> <br> \nP\u00e1gina de Acompanhamento <br>\n<a href=\"https:\/\/www.ifbaiano.edu.br\/unidades\/lapa\/ingresso\/\" target=\"_blank\" rel=\"noopener noreferrer\">https:\/\/www.ifbaiano.edu.br\/unidades\/lapa\/ingresso\/<\/a> <\/p>\n<br>\n<p><strong> LINK INSCRI\u00c7\u00d5ES\n<a href=\"https:\/\/forms.gle\/69dHYtwemHr4EUc1A\" target=\"_blank\" rel=\"noopener noreferrer\">FA\u00c7A AQUI SUA INSCRI\u00c7\u00c3O<\/a> <\/p>\n<\/div>\n<\/div>\n\n\n\n<div class=\"wp-block-columns is-layout-flex wp-container-9\">\n<div class=\"wp-block-column is-layout-flow\">\n<h2 class=\"wp-block-heading\">Editais e Documentos<\/h2>\n<\/div>\n\n\n\n<div class=\"wp-block-column is-layout-flow\">\n<h2 class=\"wp-block-heading\">Contato<\/h2>\n<\/div>\n<\/div>\n\n\n\n<div class=\"wp-block-columns is-layout-flex wp-container-12\">\n<div class=\"wp-block-column is-layout-flow\">\n<div class=\"wp-block-file\"><a href=\"https:\/\/www.ifbaiano.edu.br\/unidades\/lapa\/files\/2023\/11\/PLANILHA-RESULTADO-FINAL-CURSO-FIC.pdf\">Resultado Final EDITAL 215-2023 Curso FIC Canto Coral. Publicado em 20\/11\/2023<\/a><\/div>\n\n<div class=\"wp-block-file\"><a href=\"https:\/\/www.ifbaiano.edu.br\/unidades\/lapa\/files\/2023\/11\/Resultado-Preliminar-EDITAL-215-2023-Curso-FIC-Canto-Coral.pdf\">Resultado Preliminar EDITAL 215-2023 Curso FIC Canto Coral. Publicado em 13\/11\/2023<\/a><\/div>\n\n<div class=\"wp-block-file\"><a href=\"https:\/\/www.ifbaiano.edu.br\/unidades\/lapa\/files\/2023\/11\/Retificacao-no-01-EDITAL-N\u00b0-215-Curso-FIC-Canto-e-Coral-1.pdf\">Retifica\u00e7\u00e3o n\u00ba 01 EDITAL N\u00b0 215 Curso FIC Canto e Coral. Publicado em 10\/11\/2023<\/a><\/div>\n\n<div class=\"wp-block-file\"><a href=\"https:\/\/www.ifbaiano.edu.br\/unidades\/lapa\/files\/2023\/10\/Edital-215-2023-Processo-Seletivo-Cursos-de-Formcao-Continuada.pdf\">Edital 215\/2023 Processo Seletivo Cursos FIC. Publicado em 26\/10\/2023<\/a><\/div>\n<\/div>\n\n\n\n<div class=\"wp-block-column is-layout-flow\">\n<p>extensao@lapa.ifbaiano.edu.br.<\/p>\n<\/div>\n<\/div>\n","protected":false},"excerpt":{"rendered":"<p>Apresenta\u00e7\u00e3o Inscri\u00e7\u00f5es A Pr\u00f3-reitora de Extens\u00e3o do Instituto Federal de Educa\u00e7\u00e3o, Ci\u00eancia e Tecnologia Baiano, no uso das suas atribui\u00e7\u00f5es delegadas pela n\u00ba Portaria n\u00ba 883 de 31\/05\/2022, publicada no DOU 01\/06\/2022, torna p\u00fablica a abertura de inscri\u00e7\u00f5es no per\u00edodo estabelecido no cronograma deste edital, para provimento de vagas nos cursos de Qualifica\u00e7\u00e3o Profissional, a [&hellip;]<\/p>\n","protected":false},"author":165,"featured_media":0,"parent":0,"menu_order":0,"comment_status":"closed","ping_status":"closed","template":"","meta":[],"_links":{"self":[{"href":"https:\/\/www.ifbaiano.edu.br\/unidades\/lapa\/wp-json\/wp\/v2\/pages\/26533"}],"collection":[{"href":"https:\/\/www.ifbaiano.edu.br\/unidades\/lapa\/wp-json\/wp\/v2\/pages"}],"about":[{"href":"https:\/\/www.ifbaiano.edu.br\/unidades\/lapa\/wp-json\/wp\/v2\/types\/page"}],"author":[{"embeddable":true,"href":"https:\/\/www.ifbaiano.edu.br\/unidades\/lapa\/wp-json\/wp\/v2\/users\/165"}],"replies":[{"embeddable":true,"href":"https:\/\/www.ifbaiano.edu.br\/unidades\/lapa\/wp-json\/wp\/v2\/comments?post=26533"}],"version-history":[{"count":14,"href":"https:\/\/www.ifbaiano.edu.br\/unidades\/lapa\/wp-json\/wp\/v2\/pages\/26533\/revisions"}],"predecessor-version":[{"id":26651,"href":"https:\/\/www.ifbaiano.edu.br\/unidades\/lapa\/wp-json\/wp\/v2\/pages\/26533\/revisions\/26651"}],"wp:attachment":[{"href":"https:\/\/www.ifbaiano.edu.br\/unidades\/lapa\/wp-json\/wp\/v2\/media?parent=26533"}],"curies":[{"name":"wp","href":"https:\/\/api.w.org\/{rel}","templated":true}]}}

Edital 215/2023 – Processo Seletivo para Ingresso de Estudantes nos Cursos de Qualificação Profissional, na Modalidade de Formação Continuada

<div class="wp-block-columns is-layout-flex wp-container-3">
<div class="wp-block-column is-layout-flow">
<h2 class="wp-block-heading">Apresentação</h2>
</div>



<div class="wp-block-column is-layout-flow">
<h2 class="wp-block-heading">Inscrições</h2>
</div>
</div>



<div class="wp-block-columns is-layout-flex wp-container-6">
<div class="wp-block-column is-layout-flow">
<p>A Pró-reitora de Extensão do Instituto Federal de Educação, Ciência e Tecnologia Baiano, no uso das suas atribuições delegadas pela nº Portaria nº 883 de 31/05/2022, publicada no DOU 01/06/2022, torna pública a abertura de inscrições no período estabelecido no cronograma deste edital, para provimento de vagas nos cursos de Qualificação Profissional, a modalidade de Formação Continuada – FIC que serão ofertados no Campus Bom Jesus da Lapa.</P>
</div>



<div class="wp-block-column is-layout-flow">
<p><strong>25/10 a 10/11/2023</strong> <br> 
Página de Acompanhamento <br>
<a href="https://www.ifbaiano.edu.br/unidades/lapa/ingresso/" target="_blank" rel="noopener noreferrer">https://www.ifbaiano.edu.br/unidades/lapa/ingresso/</a> </p>
<br>
<p><strong> LINK INSCRIÇÕES
<a href="https://forms.gle/69dHYtwemHr4EUc1A" target="_blank" rel="noopener noreferrer">FAÇA AQUI SUA INSCRIÇÃO</a> </p>
</div>
</div>



<div class="wp-block-columns is-layout-flex wp-container-9">
<div class="wp-block-column is-layout-flow">
<h2 class="wp-block-heading">Editais e Documentos</h2>
</div>



<div class="wp-block-column is-layout-flow">
<h2 class="wp-block-heading">Contato</h2>
</div>
</div>



<div class="wp-block-columns is-layout-flex wp-container-12">
<div class="wp-block-column is-layout-flow">
<div class="wp-block-file"><a href="https://www.ifbaiano.edu.br/unidades/lapa/files/2023/11/PLANILHA-RESULTADO-FINAL-CURSO-FIC.pdf">Resultado Final EDITAL 215-2023 Curso FIC Canto Coral. Publicado em 20/11/2023</a></div>

<div class="wp-block-file"><a href="https://www.ifbaiano.edu.br/unidades/lapa/files/2023/11/Resultado-Preliminar-EDITAL-215-2023-Curso-FIC-Canto-Coral.pdf">Resultado Preliminar EDITAL 215-2023 Curso FIC Canto Coral. Publicado em 13/11/2023</a></div>

<div class="wp-block-file"><a href="https://www.ifbaiano.edu.br/unidades/lapa/files/2023/11/Retificacao-no-01-EDITAL-N°-215-Curso-FIC-Canto-e-Coral-1.pdf">Retificação nº 01 EDITAL N° 215 Curso FIC Canto e Coral. Publicado em 10/11/2023</a></div>

<div class="wp-block-file"><a href="https://www.ifbaiano.edu.br/unidades/lapa/files/2023/10/Edital-215-2023-Processo-Seletivo-Cursos-de-Formcao-Continuada.pdf">Edital 215/2023 Processo Seletivo Cursos FIC. Publicado em 26/10/2023</a></div>
</div>



<div class="wp-block-column is-layout-flow">
<p>extensao@lapa.ifbaiano.edu.br.</p>
</div>
</div>

<p>Apresentação Inscrições A Pró-reitora de Extensão do Instituto Federal de Educação, Ciência e Tecnologia Baiano, no uso das suas atribuições delegadas pela nº Portaria nº 883 de 31/05/2022, publicada no DOU 01/06/2022, torna pública a abertura de inscrições no período estabelecido no cronograma deste edital, para provimento de vagas nos cursos de Qualificação Profissional, a [&hellip;]</p>
