{"id":26959,"date":"2024-01-24T20:41:20","date_gmt":"2024-01-24T23:41:20","guid":{"rendered":"https:\/\/www.ifbaiano.edu.br\/unidades\/lapa\/?page_id=26959"},"modified":"2024-03-28T12:33:34","modified_gmt":"2024-03-28T15:33:34","slug":"edital-no-3-2024","status":"publish","type":"page","link":"https:\/\/www.ifbaiano.edu.br\/unidades\/lapa\/edital-no-3-2024\/","title":{"rendered":"EDITAL N\u00ba 3\/2024, PROCESSO SELETIVO PARA INGRESSO DE ESTUDANTES NOS CURSOS DA EDUCA\u00c7\u00c3O PROFISSIONAL T\u00c9CNICA DE N\u00cdVEL M\u00c9DIO NA FORMA SUBSEQUENTE AO ENSINO M\u00c9DIO &#8211; MODALIDADE DE EDUCA\u00c7\u00c3O A DIST\u00c2NCIA (EaD)"},"content":{"rendered":"\n<div class=\"wp-block-columns is-layout-flex wp-container-3\">\n<div class=\"wp-block-column is-layout-flow\">\n<h2 id=\"ProreitoriaMeioDireitaTitulo\" style=\"color:#00510f;text-transform:uppercase;border-top: 3px solid #00510F\" class=\"has-inline-color\">\n    Apresenta\u00e7\u00e3o\n<\/h2>\n<\/div>\n\n\n\n<div class=\"wp-block-column is-layout-flow\">\n<h2 id=\"ProreitoriaMeioDireitaTitulo\" style=\"color:#00510f;text-transform:uppercase;border-top: 3px solid #00510F\" class=\"has-inline-color\">\n\tInscri\u00e7\u00f5es\n<\/h2>\n<\/div>\n<\/div>\n\n\n\n<div class=\"wp-block-columns is-layout-flex wp-container-6\">\n<div class=\"wp-block-column is-layout-flow\">\n<p> O DIRETOR-GERAL DO INSTITUTO FEDERAL DE EDUCA\u00c7\u00c3O, CI\u00caNCIA E TECNOLOGIA BAIANO (IF\nBAIANO) &#8211; Campus Bom Jesus da Lapa, no uso de suas atribui\u00e7\u00f5es delegadas pela Portaria N\u00ba 275, de 18 de\nmar\u00e7o de 2022, publicada no Di\u00e1rio Oficial da Uni\u00e3o do dia 21 de mar\u00e7o de 2022, Se\u00e7\u00e3o 2, p\u00e1gina 26, e de\nacordo com as disposi\u00e7\u00f5es con&amp;das na Lei N\u00ba 11.892, de 29 de dezembro de 2008, em conformidade com a\nLei N\u00b0 9.394, de 20 de dezembro de 1996, e suas altera\u00e7\u00f5es e, ainda, considerando a Resolu\u00e7\u00e3o do Conselho\nPleno do Conselho Nacional de Educa\u00e7\u00e3o (CNE\/CP) N\u00ba 04, de 17 de dezembro de 2018; o Decreto N\u00ba 3.298,\nde 20 de dezembro de 1999; a Lei N\u00ba 12.764, de 27 de dezembro de 2012; a Lei N\u00ba 12.711, de 29 de agosto\nde 2012, e suas regulamenta\u00e7\u00f5es; a Lei N\u00ba 13.409, de 28 de dezembro de 2016; o Decreto N\u00ba 7.824, de 11 de\noutubro de 2012; Portaria Norma&amp;va MEC n\u00ba 18, de 11 de outubro de 2012 e suas altera\u00e7\u00f5es, torna p\u00fablica a\nabertura de inscri\u00e7\u00f5es para o processo de ingresso de estudantes, em 2024, nos cursos da Educa\u00e7\u00e3o\nProfissional T\u00e9cnica de N\u00edvel M\u00e9dio (EPTNM), na forma subsequente ao ensino m\u00e9dio &#8211; modalidade\nEduca\u00e7\u00e3o a Dist\u00e2ncia (EAD) &#8211; para o Campus Bom Jesus da Lapa, por meio de MANIFESTA\u00c7\u00c3O DE\nINTERESSE, conforme o n\u00famero de vagas e cursos relacionados no Quadro &#8211; 2 do subitem 2.1 do Edital e\nseguindo as demais condi\u00e7\u00f5es e as etapas definidas neste Edital.<p \/>\n<\/div>\n\n\n\n<div class=\"wp-block-column is-layout-flow\">\n<p>O per\u00edodo de inscri\u00e7\u00f5es ser\u00e1 de 26 a 31 de janeiro de 2024 , exclusivamente de forma online, atrav\u00e9s do link:<br><br>\n<strong>P\u00c1GINA DE ACOMPANHAMENTO<\/strong> <br>\n<a href=\"https:\/\/www.ifbaiano.edu.br\/unidades\/lapa\/ingresso\/\" target=\"_blank\" rel=\"noopener noreferrer\">https:\/\/www.ifbaiano.edu.br\/unidades\/lapa\/ingresso\/<\/a> <\/p>\n\n<p><strong><\/strong><br> \n<br>\n<a href=\"\" target=\"_blank\" rel=\"noopener noreferrer\"><\/a> <\/p>\n<\/div>\n<\/div>\n\n\n\n<div class=\"wp-block-columns is-layout-flex wp-container-9\">\n<div class=\"wp-block-column is-layout-flow\">\n<h2 id=\"ProreitoriaMeioDireitaTitulo\" style=\"color:#00510f;text-transform:uppercase;border-top: 3px solid #00510F\" class=\"has-inline-color\">\n\tEditais e Documentos\n<\/h2>\n<\/div>\n\n\n\n<div class=\"wp-block-column is-layout-flow\">\n<h2 id=\"ProreitoriaMeioDireitaTitulo\" style=\"color:#00510f;text-transform:uppercase;border-top: 3px solid #00510F\" class=\"has-inline-color\">\n\tContato\n<\/h2>\n<\/div>\n<\/div>\n\n\n\n<div class=\"wp-block-columns is-layout-flex wp-container-12\">\n<div class=\"wp-block-column is-layout-flow\">\n<div class=\"wp-block-file\"><a href=\"https:\/\/www.ifbaiano.edu.br\/unidades\/lapa\/files\/2024\/03\/Edital-no-18-2024-Versao-atualizada-com-a-retificacao-no-1.pdf\">Edital n\u00ba 18-2024 &#8211; Vers\u00e3o atualizada com a retifica\u00e7\u00e3o n\u00ba 1. &#8211; Publicado em 26\/03\/2024<\/a><\/div>\n\n<div class=\"wp-block-file\"><a href=\"https:\/\/www.ifbaiano.edu.br\/unidades\/lapa\/files\/2024\/03\/Edital-20-2024-Retificacao-no1-do-Edital-no-18-2024-Convocacao-de-candidatos-da-lista-de-espera-e-publico-geral-Prosel-EaD.pdf\">Edital 20-2024 &#8211; Retifica\u00e7\u00e3o n\u00ba1 do Edital n\u00ba 18-2024 &#8211; Convoca\u00e7\u00e3o de candidatos da lista de espera e p\u00fablico geral Prosel EaD. &#8211; Publicado em 26\/03\/2024<\/a><\/div>\n\n<div class=\"wp-block-file\"><a href=\"https:\/\/www.ifbaiano.edu.br\/unidades\/lapa\/files\/2024\/03\/Edital-no-18-2024-Convocacao-de-candidatos-da-lista-de-espera-e-publico-geral-para-o-preenchimento-de-vagas-remanescentes-dos-cursos-tecnicos-subsequentes-modalidade-EaD.pdf\">Edital n\u00ba 18-2024 &#8211; Convoca\u00e7\u00e3o de candidatos da lista de espera e p\u00fablico geral para o preenchimento de vagas remanescentes dos cursos t\u00e9cnicos subsequentes, modalidade EaD. &#8211; Publicado em 21\/2024<\/a><\/div>\n\n<div class=\"wp-block-file\"><a href=\"https:\/\/www.ifbaiano.edu.br\/unidades\/lapa\/files\/2024\/03\/Segunda-Chamada-da-Lista-de-Espera-Processo-Seletivo-Modalidade-a-Distancia-EaD-2024.pdf\">Segunda Chamada da Lista de Espera Processo Seletivo Modalidade a Dist\u00e2ncia (EaD) &#8211; 2024. &#8211; Publicado em 15\/03\/2024<\/a><\/div>\n\n<div class=\"wp-block-file\"><a href=\"https:\/\/www.ifbaiano.edu.br\/unidades\/lapa\/files\/2024\/03\/Primeira-Chamada-da-Lista-de-Espera-Processo-Seletivo-Modalidade-a-Distancia-EaD-2024.pdf\">Primeira Chamada da Lista de Espera Processo Seletivo Modalidade a Dist\u00e2ncia (EaD) &#8211; 2024. &#8211; Publicado em 11\/03\/2024<\/a><\/div>\n\n\n<div class=\"wp-block-file\"><a href=\"https:\/\/www.ifbaiano.edu.br\/unidades\/lapa\/files\/2024\/03\/Edital-13-2024-Versao-atualizada-com-as-retificacoes-1-2-e-3.pdf\">Edital 13-2024 &#8211; Vers\u00e3o atualizada com as retifica\u00e7\u00f5es 1, 2 e 3. &#8211; Publicado em 05\/03\/2024<\/a><\/div>\n\n<div class=\"wp-block-file\"><a href=\"https:\/\/www.ifbaiano.edu.br\/unidades\/lapa\/files\/2024\/03\/Retificacao-no-3-do-Edital-13-2024.pdf\">RETIFICAC\u0327A\u0303O N\u00ba 3 DO EDITAL 13\/2024 PROSEL EAD. &#8211; Publicado em 05\/03\/2024<\/a><\/div>\n\n<div class=\"wp-block-file\"><a href=\"https:\/\/www.ifbaiano.edu.br\/unidades\/lapa\/files\/2024\/03\/Retificacao-no-2-do-Edital-13-2024.pdf\">RETIFICAC\u0327A\u0303O N\u00ba 2 DO EDITAL 13\/2024 PROSEL EAD. &#8211; Publicado em 05\/03\/2024<\/a><\/div>\n\n<div class=\"wp-block-file\"><a href=\"https:\/\/www.ifbaiano.edu.br\/unidades\/lapa\/files\/2024\/03\/RETIFICACAO-No-1-DO-EDITAL-13_2024-PROSEL-EAD.pdf\">RETIFICAC\u0327A\u0303O N\u00ba 1 DO EDITAL 13\/2024 PROSEL EAD. &#8211; Publicado em 05\/03\/2024<\/a><\/div>\n\n\n<div class=\"wp-block-file\"><a href=\"https:\/\/www.ifbaiano.edu.br\/unidades\/lapa\/files\/2024\/02\/Edital-13_2024-Convocacao-para-matricula-dos-aprovados-no-Processo-Seletivo-para-Ingresso-de-Estudantes-2024-nos-cursos-subsequentes-na-modalidade-EaD-Polo-Campus-Bom.pdf\">Edital 13\/2024 &#8211; Convoca\u00e7\u00e3o para matr\u00edcula dos aprovados no Processo Seletivo para Ingresso de Estudantes 2024 nos cursos da Educa\u00e7\u00e3o Profissional T\u00e9cnica de N\u00edvel M\u00e9dio, na forma subsequente, modalidade EaD, Polo Campus Bom Jesus da Lapa e Polo Samavi. &#8211; Publicado em 27\/02\/2024<\/a><\/div>\n\n\n<div class=\"wp-block-file\"><a href=\"https:\/\/www.ifbaiano.edu.br\/unidades\/lapa\/files\/2024\/02\/Resultado-Final-do-Processo-Seletivo-de-ingresso-de-estudantes-nos-cursos-subsequentes-EaD-Polo-IF-Baiano-Campus-Bom-Jesus-da-Lapa-e-Polo-Santa-Maria-da-Vitoria-Samavi.pdf\">Resultado Final do Processo Seletivo de ingresso de estudantes nos cursos subsequentes EaD, Polo IF Baiano &#8211; Campus Bom Jesus da Lapa e Polo Santa Maria da Vit\u00f3ria (Samavi). &#8211; Publicado em 26\/02\/2024<\/a><\/div>\n\n\n<div class=\"wp-block-file\"><a href=\"https:\/\/www.ifbaiano.edu.br\/unidades\/lapa\/files\/2024\/02\/Resultado-Final-da-Banca-de-Heteroidentificacao-Etnico-Racial-dos-candidatos-do-processo-seletivo-dos-cursos-EaD-regido-pelo-Edital-3-2024.pdf.pdf\">Resultado Final da Banca de Heteroidentifica\u00e7\u00e3o \u00c9tnico-Racial dos candidatos do processo seletivo dos cursos EaD regido pelo Edital 3-2024. &#8211; Publicado em 26\/02\/2024<\/a><\/div>\n\n\n<div class=\"wp-block-file\"><a href=\"https:\/\/www.ifbaiano.edu.br\/unidades\/lapa\/files\/2024\/02\/Resultado-dos-Recursos-a-Banca-de-Heteroidentificacao-Etnico-Racial-dos-candidatos-dos-cursos-EaD-regido-pelo-Edital-3-2024.pdf\">Resultado dos Recursos \u00e0 Banca de Heteroidentifica\u00e7\u00e3o \u00c9tnico-Racial dos candidatos dos cursos EaD regido pelo Edital 3-2024]. &#8211; Publicado em 23\/02\/2024<\/a><\/div>\n\n\n\n<div class=\"wp-block-file\"><a href=\"https:\/\/www.ifbaiano.edu.br\/unidades\/lapa\/files\/2024\/02\/Resultado-Preliminar-da-Banca-de-Heteroidentificacao-Etnico-Racial-dos-candidatos-dos-cursos-EaD-regido-pelo-Edital-3-2024.pdf\">Resultado Preliminar da Banca de Heteroidentifica\u00e7\u00e3o \u00c9tnico-Racial dos candidatos dos cursos EaD regido pelo Edital 3-2024. &#8211; Publicado em 21\/02\/2024<\/a><\/div>\n\n\n<div class=\"wp-block-file\"><a href=\"https:\/\/www.ifbaiano.edu.br\/unidades\/lapa\/files\/2024\/02\/CONVOCACAO-PARA-A-BANCA-DE-HETEROIDENTIFICACAO-ETNICO-RACIAL-PROSEL-EAD.pdf\">CONVOCA\u00c7\u00c3O PARA A BANCA DE HETEROIDENTIFICA\u00c7\u00c3O \u00c9TNICO-RACIAL PROSEL EAD. &#8211; Publicado em 15\/02\/2024<\/a><\/div>\n\n\n<div class=\"wp-block-file\"><a href=\"https:\/\/www.ifbaiano.edu.br\/unidades\/lapa\/files\/2024\/02\/LISTA-DE-CLASSIFICACAO-PRELIMINAR-PROSEL-EAD.pdf\">LISTA DE CLASSIFICA\u00c7\u00c3O PRELIMINAR PROSEL EAD. &#8211; Publicado em 15\/02\/2024<\/a><\/div>\n\n\n<div class=\"wp-block-file\"><a href=\"https:\/\/www.ifbaiano.edu.br\/unidades\/lapa\/files\/2024\/02\/LISTA_PRELIMINAR_DE_INSCRICOES_HOMOLOGADA-EAD.pdf\">LISTA_PRELIMINAR_DE_INSCRICOES_HOMOLOGADA EAD. &#8211; Publicado em 09\/02\/2024<\/a><\/div>\n\n\n<div class=\"wp-block-file\"><a href=\"https:\/\/www.ifbaiano.edu.br\/unidades\/lapa\/files\/2024\/02\/Versao-consolidada-do-Edital-no-3-2024-de-24-de-janeiro-de-2024-com-as-Retificacoes-1-e-2.pdf\">Vers\u00e3o consolidada do Edital n\u00ba 3-2024, de 24 de janeiro de 2024, com as Retifica\u00e7\u00f5es 1 e 2. &#8211; Publicado em 07\/02\/2024<\/a><\/div>\n\n\n<div class=\"wp-block-file\"><a href=\"https:\/\/www.ifbaiano.edu.br\/unidades\/lapa\/files\/2024\/02\/Retificacao-no-2-do-Edital-3-2024-Processo-seletivo-para-ingresso-de-estudantes-nos-cursos-subsequentes-EaD-Polo-IF-Baiano-Campus-Bom-Jesus-da-Lapa-e-Santa-Maria-da-Vitoria-Samavi.pdf\">Retifica\u00e7\u00e3o n\u00ba 2 do Edital 3-2024 &#8211; Processo seletivo para ingresso de estudantes nos cursos subsequentes EaD, Polo IF Baiano &#8211; Campus Bom Jesus da Lapa e Santa Maria da Vit\u00f3ria (Samavi).. &#8211; Publicado em 07\/02\/2024<\/a><\/div>\n\n<div class=\"wp-block-file\"><a href=\"https:\/\/www.ifbaiano.edu.br\/unidades\/lapa\/files\/2024\/02\/Nota-Informativa-sobre-alteracao-do-cronograma-do-Edital-no-3_2024-Cursos-Subsequente-EaD.pdf\">Nota Informativa sobre altera\u00e7\u00e3o do cronograma do Edital n\u00ba 3_2024 (Cursos Subsequente EaD). &#8211; Publicado em 05\/02\/2024<\/a><\/div>\n\n\n\n<div class=\"wp-block-file\"><a href=\"https:\/\/www.ifbaiano.edu.br\/unidades\/lapa\/files\/2024\/01\/Edital-no-3-2024-Consolidado-de-24-de-janeiro-de-2024-com-a-Retificacao-no-1.pdf\">Edital n\u00ba 3-2024 Consolidado , de 24 de janeiro de 2024, com a Retifica\u00e7\u00e3o n\u00ba 1. &#8211; Publicado em 26\/01\/2024<\/a><\/div>\n\n\n<div class=\"wp-block-file\"><a href=\"https:\/\/www.ifbaiano.edu.br\/unidades\/lapa\/files\/2024\/01\/Retificacao-no-1-do-Edital-3-2024-Processo-seletivo-para-ingresso-de-estudantes-nos-cursos-subsequentes-EaD-Polo-IF-Baiano-Campus-Bom-Jesus-da-Lapa-e-Santa-Maria-da-Vitoria-Samavi.pdf\">Retifica\u00e7\u00e3o n\u00ba 1 do Edital 3-2024 &#8211; Processo seletivo para ingresso de estudantes nos cursos subsequentes EaD, Polo IF Baiano &#8211; Campus Bom Jesus da Lapa e Santa Maria da Vit\u00f3ria (Samavi). &#8211; Publicado em 26\/01\/2024<\/a><\/div>\n\n<div class=\"wp-block-file\"><a href=\"https:\/\/www.ifbaiano.edu.br\/unidades\/lapa\/files\/2024\/01\/Edital-3-2024-Processo-seletivo-para-ingresso-de-estudantes-nos-cursos-subsequentes-EaD-Polos-IF-Baiano-Campus-Bom-Jesus-da-Lapa-e-Santa-Maria-da-Vitoria-Samavi.pdf\">Edital 3-2024 &#8211; Processo seletivo para ingresso de estudantes nos cursos subsequentes EaD, Polos IF Baiano &#8211; Campus Bom Jesus da Lapa e Santa Maria da Vit\u00f3ria (Samavi). &#8211; Publicado em 24\/01\/2024<\/a><\/div>\n<\/div>\n\n\n\n<div class=\"wp-block-column is-layout-flow\">\n<p><strong>prosel@lapa.ifbaiano.edu.br<\/strong><\/p>\n<\/div>\n<\/div>\n","protected":false},"excerpt":{"rendered":"<p>Apresenta\u00e7\u00e3o Inscri\u00e7\u00f5es O DIRETOR-GERAL DO INSTITUTO FEDERAL DE EDUCA\u00c7\u00c3O, CI\u00caNCIA E TECNOLOGIA BAIANO (IF BAIANO) &#8211; Campus Bom Jesus da Lapa, no uso de suas atribui\u00e7\u00f5es delegadas pela Portaria N\u00ba 275, de 18 de mar\u00e7o de 2022, publicada no Di\u00e1rio Oficial da Uni\u00e3o do dia 21 de mar\u00e7o de 2022, Se\u00e7\u00e3o 2, p\u00e1gina 26, e [&hellip;]<\/p>\n","protected":false},"author":165,"featured_media":0,"parent":0,"menu_order":0,"comment_status":"closed","ping_status":"closed","template":"","meta":[],"_links":{"self":[{"href":"https:\/\/www.ifbaiano.edu.br\/unidades\/lapa\/wp-json\/wp\/v2\/pages\/26959"}],"collection":[{"href":"https:\/\/www.ifbaiano.edu.br\/unidades\/lapa\/wp-json\/wp\/v2\/pages"}],"about":[{"href":"https:\/\/www.ifbaiano.edu.br\/unidades\/lapa\/wp-json\/wp\/v2\/types\/page"}],"author":[{"embeddable":true,"href":"https:\/\/www.ifbaiano.edu.br\/unidades\/lapa\/wp-json\/wp\/v2\/users\/165"}],"replies":[{"embeddable":true,"href":"https:\/\/www.ifbaiano.edu.br\/unidades\/lapa\/wp-json\/wp\/v2\/comments?post=26959"}],"version-history":[{"count":38,"href":"https:\/\/www.ifbaiano.edu.br\/unidades\/lapa\/wp-json\/wp\/v2\/pages\/26959\/revisions"}],"predecessor-version":[{"id":27772,"href":"https:\/\/www.ifbaiano.edu.br\/unidades\/lapa\/wp-json\/wp\/v2\/pages\/26959\/revisions\/27772"}],"wp:attachment":[{"href":"https:\/\/www.ifbaiano.edu.br\/unidades\/lapa\/wp-json\/wp\/v2\/media?parent=26959"}],"curies":[{"name":"wp","href":"https:\/\/api.w.org\/{rel}","templated":true}]}}