{"id":27398,"date":"2024-02-26T19:02:12","date_gmt":"2024-02-26T22:02:12","guid":{"rendered":"https:\/\/www.ifbaiano.edu.br\/unidades\/lapa\/?page_id=27398"},"modified":"2024-03-19T15:16:25","modified_gmt":"2024-03-19T18:16:25","slug":"edital-no-12-2024","status":"publish","type":"page","link":"https:\/\/www.ifbaiano.edu.br\/unidades\/lapa\/edital-no-12-2024\/","title":{"rendered":"EDITAL N\u00ba 12\/2024, PROCESSO SELETIVO PARA INTEGRANTES DO GRUPO TEATRAL IF EM CENA"},"content":{"rendered":"\n<div class=\"wp-block-columns is-layout-flex wp-container-3\">\n<div class=\"wp-block-column is-layout-flow\">\n<h2 id=\"ProreitoriaMeioDireitaTitulo\" style=\"color:#00510f;text-transform:uppercase;border-top: 3px solid #00510F\" class=\"has-inline-color\">\n    Apresenta\u00e7\u00e3o\n<\/h2>\n<\/div>\n\n\n\n<div class=\"wp-block-column is-layout-flow\">\n<h2 id=\"ProreitoriaMeioDireitaTitulo\" style=\"color:#00510f;text-transform:uppercase;border-top: 3px solid #00510F\" class=\"has-inline-color\">\n\tInscri\u00e7\u00f5es\n<\/h2>\n<\/div>\n<\/div>\n\n\n\n<div class=\"wp-block-columns is-layout-flex wp-container-6\">\n<div class=\"wp-block-column is-layout-flow\">\n<p>O DIRETOR-GERAL DO INSTITUTO FEDERAL DE EDUCA\u00c7\u00c3O, CI\u00caNCIA E TECNOLOGIA BAIANO (IF BAIANO) &#8211; CAMPUS BOM JESUS DA LAPA , no uso de suas atribui\u00e7\u00f5es delegadas pela Portaria n\u00ba 275, de 18\/03\/2022, publicada no DOU de 21\/03\/2022, Se\u00e7\u00e3o 2, p\u00e1gina 26, de acordo com as disposi\u00e7\u00f5es legais em vigor, torna p\u00fablico o presente Edital que estabelece as normas para sele\u00e7\u00e3o de estudantes, egressos e comunidade externa para participa\u00e7\u00e3o nas atividades do Grupo Teatral do Campus Bom Jesus da Lapa.\n<\/p>\n<\/div>\n\n\n\n<div class=\"wp-block-column is-layout-flow\">\n<p>O per\u00edodo de inscri\u00e7\u00f5es ser\u00e1 de <strong>27\/02\/2024 a 07\/03\/2024<\/strong> , exclusivamente de forma online:<br><br>\n<p><strong>INSCRI\u00c7\u00d5ES<\/strong><br> \n<br>\n<a href=\"https:\/\/forms.gle\/tzfTu3FJzgkvKBeHA\" target=\"_blank\" rel=\"noopener noreferrer\">INSCREVA-SE AQUI<\/a> <\/p>\n<\/div>\n<\/div>\n\n\n\n<div class=\"wp-block-columns is-layout-flex wp-container-9\">\n<div class=\"wp-block-column is-layout-flow\">\n<h2 id=\"ProreitoriaMeioDireitaTitulo\" style=\"color:#00510f;text-transform:uppercase;border-top: 3px solid #00510F\" class=\"has-inline-color\">\n\tEditais e Documentos\n<\/h2>\n<\/div>\n\n\n\n<div class=\"wp-block-column is-layout-flow\"><\/div>\n<\/div>\n\n\n\n<div class=\"wp-block-columns is-layout-flex wp-container-12\">\n<div class=\"wp-block-column is-layout-flow\">\n<div class=\"wp-block-file\"><a href=\"https:\/\/www.ifbaiano.edu.br\/unidades\/lapa\/files\/2024\/03\/RESULTADO-SELECAO-TEATRO-IF-EM-CENA.pdf\">RESULTADO- SELE\u00c7\u00c3O- TEATRO &#8211; IF EM CENA. &#8211; Publicado em 19\/03\/2024\n<\/a><\/div>\n\n<div class=\"wp-block-file\"><a href=\"https:\/\/www.ifbaiano.edu.br\/unidades\/lapa\/files\/2024\/03\/RELACAO-DE-INSCRICOES-GRUPO-TEATRAL-IF-EM-CENA.pdf\">RELA\u00c7\u00c3O DE INSCRI\u00c7\u00d5ES GRUPO TEATRAL IF EM CENA. &#8211; Publicado em 13\/03\/2024\n<\/a><\/div>\n\n<div class=\"wp-block-file\"><a href=\"https:\/\/www.ifbaiano.edu.br\/unidades\/lapa\/files\/2024\/02\/Edital-12-2024-Selecao-de-estudantes-para-participacao-no-Grupo-de-Teatro-do-Campus-Bom-Jesus-da-Lapa.pdf\">Edital 12-2024 &#8211; Sele\u00e7\u00e3o de estudantes para participa\u00e7\u00e3o no Grupo de Teatro do Campus Bom Jesus da Lapa. &#8211; Publicado em 26\/02\/2024\n<\/a><\/div>\n<\/div>\n\n\n\n<div class=\"wp-block-column is-layout-flow\"><\/div>\n<\/div>\n","protected":false},"excerpt":{"rendered":"<p>Apresenta\u00e7\u00e3o Inscri\u00e7\u00f5es O DIRETOR-GERAL DO INSTITUTO FEDERAL DE EDUCA\u00c7\u00c3O, CI\u00caNCIA E TECNOLOGIA BAIANO (IF BAIANO) &#8211; CAMPUS BOM JESUS DA LAPA , no uso de suas atribui\u00e7\u00f5es delegadas pela Portaria n\u00ba 275, de 18\/03\/2022, publicada no DOU de 21\/03\/2022, Se\u00e7\u00e3o 2, p\u00e1gina 26, de acordo com as disposi\u00e7\u00f5es legais em vigor, torna p\u00fablico o presente [&hellip;]<\/p>\n","protected":false},"author":165,"featured_media":0,"parent":0,"menu_order":0,"comment_status":"closed","ping_status":"closed","template":"","meta":[],"_links":{"self":[{"href":"https:\/\/www.ifbaiano.edu.br\/unidades\/lapa\/wp-json\/wp\/v2\/pages\/27398"}],"collection":[{"href":"https:\/\/www.ifbaiano.edu.br\/unidades\/lapa\/wp-json\/wp\/v2\/pages"}],"about":[{"href":"https:\/\/www.ifbaiano.edu.br\/unidades\/lapa\/wp-json\/wp\/v2\/types\/page"}],"author":[{"embeddable":true,"href":"https:\/\/www.ifbaiano.edu.br\/unidades\/lapa\/wp-json\/wp\/v2\/users\/165"}],"replies":[{"embeddable":true,"href":"https:\/\/www.ifbaiano.edu.br\/unidades\/lapa\/wp-json\/wp\/v2\/comments?post=27398"}],"version-history":[{"count":5,"href":"https:\/\/www.ifbaiano.edu.br\/unidades\/lapa\/wp-json\/wp\/v2\/pages\/27398\/revisions"}],"predecessor-version":[{"id":27650,"href":"https:\/\/www.ifbaiano.edu.br\/unidades\/lapa\/wp-json\/wp\/v2\/pages\/27398\/revisions\/27650"}],"wp:attachment":[{"href":"https:\/\/www.ifbaiano.edu.br\/unidades\/lapa\/wp-json\/wp\/v2\/media?parent=27398"}],"curies":[{"name":"wp","href":"https:\/\/api.w.org\/{rel}","templated":true}]}}

EDITAL Nº 12/2024, PROCESSO SELETIVO PARA INTEGRANTES DO GRUPO TEATRAL IF EM CENA

<div class="wp-block-columns is-layout-flex wp-container-3">
<div class="wp-block-column is-layout-flow">
<h2 id="ProreitoriaMeioDireitaTitulo" style="color:#00510f;text-transform:uppercase;border-top: 3px solid #00510F" class="has-inline-color">
    Apresentação
</h2>
</div>



<div class="wp-block-column is-layout-flow">
<h2 id="ProreitoriaMeioDireitaTitulo" style="color:#00510f;text-transform:uppercase;border-top: 3px solid #00510F" class="has-inline-color">
	Inscrições
</h2>
</div>
</div>



<div class="wp-block-columns is-layout-flex wp-container-6">
<div class="wp-block-column is-layout-flow">
<p>O DIRETOR-GERAL DO INSTITUTO FEDERAL DE EDUCAÇÃO, CIÊNCIA E TECNOLOGIA BAIANO (IF BAIANO) &#8211; CAMPUS BOM JESUS DA LAPA , no uso de suas atribuições delegadas pela Portaria nº 275, de 18/03/2022, publicada no DOU de 21/03/2022, Seção 2, página 26, de acordo com as disposições legais em vigor, torna público o presente Edital que estabelece as normas para seleção de estudantes, egressos e comunidade externa para participação nas atividades do Grupo Teatral do Campus Bom Jesus da Lapa.
</p>
</div>



<div class="wp-block-column is-layout-flow">
<p>O período de inscrições será de <strong>27/02/2024 a 07/03/2024</strong> , exclusivamente de forma online:<br><br>
<p><strong>INSCRIÇÕES</strong><br> 
<br>
<a href="https://forms.gle/tzfTu3FJzgkvKBeHA" target="_blank" rel="noopener noreferrer">INSCREVA-SE AQUI</a> </p>
</div>
</div>



<div class="wp-block-columns is-layout-flex wp-container-9">
<div class="wp-block-column is-layout-flow">
<h2 id="ProreitoriaMeioDireitaTitulo" style="color:#00510f;text-transform:uppercase;border-top: 3px solid #00510F" class="has-inline-color">
	Editais e Documentos
</h2>
</div>



<div class="wp-block-column is-layout-flow"></div>
</div>



<div class="wp-block-columns is-layout-flex wp-container-12">
<div class="wp-block-column is-layout-flow">
<div class="wp-block-file"><a href="https://www.ifbaiano.edu.br/unidades/lapa/files/2024/03/RESULTADO-SELECAO-TEATRO-IF-EM-CENA.pdf">RESULTADO- SELEÇÃO- TEATRO &#8211; IF EM CENA. &#8211; Publicado em 19/03/2024
</a></div>

<div class="wp-block-file"><a href="https://www.ifbaiano.edu.br/unidades/lapa/files/2024/03/RELACAO-DE-INSCRICOES-GRUPO-TEATRAL-IF-EM-CENA.pdf">RELAÇÃO DE INSCRIÇÕES GRUPO TEATRAL IF EM CENA. &#8211; Publicado em 13/03/2024
</a></div>

<div class="wp-block-file"><a href="https://www.ifbaiano.edu.br/unidades/lapa/files/2024/02/Edital-12-2024-Selecao-de-estudantes-para-participacao-no-Grupo-de-Teatro-do-Campus-Bom-Jesus-da-Lapa.pdf">Edital 12-2024 &#8211; Seleção de estudantes para participação no Grupo de Teatro do Campus Bom Jesus da Lapa. &#8211; Publicado em 26/02/2024
</a></div>
</div>



<div class="wp-block-column is-layout-flow"></div>
</div>

<p>Apresentação Inscrições O DIRETOR-GERAL DO INSTITUTO FEDERAL DE EDUCAÇÃO, CIÊNCIA E TECNOLOGIA BAIANO (IF BAIANO) &#8211; CAMPUS BOM JESUS DA LAPA , no uso de suas atribuições delegadas pela Portaria nº 275, de 18/03/2022, publicada no DOU de 21/03/2022, Seção 2, página 26, de acordo com as disposições legais em vigor, torna público o presente [&hellip;]</p>
