{"id":27710,"date":"2024-03-22T11:40:52","date_gmt":"2024-03-22T14:40:52","guid":{"rendered":"https:\/\/www.ifbaiano.edu.br\/unidades\/lapa\/?page_id=27710"},"modified":"2025-02-17T15:53:53","modified_gmt":"2025-02-17T18:53:53","slug":"edital-19-2024","status":"publish","type":"page","link":"https:\/\/www.ifbaiano.edu.br\/unidades\/lapa\/edital-19-2024\/","title":{"rendered":"Edital 19\/2024 &#8211; PAISE"},"content":{"rendered":"\n<div class=\"wp-block-columns is-layout-flex wp-container-3\">\n<div class=\"wp-block-column is-layout-flow\">\n<h2 id=\"ProreitoriaMeioDireitaTitulo\" style=\"color:#00510f;text-transform:uppercase;border-top: 3px solid #00510F\" class=\"has-inline-color\">\n    Apresenta\u00e7\u00e3o\n<\/h2>\n\n<p>O DIRETOR-GERAL DO INSTITUTO FEDERAL DE EDUCA\u00c7\u00c3O, CI\u00caNCIA E TECNOLOGIA BAIANO (IF BAIANO) &#8211; CAMPUS BOM JESUS DA LAPA, no uso de suas atribui\u00e7\u00f5es legais conferidas pela Portaria n\u00ba 275, de 18\/03\/2022, publicada no DOU de 21\/03\/2022, Se\u00e7\u00e3o 2, p\u00e1gina 26, e de acordo com as disposi\u00e7\u00f5es contidas na Lei n\u00ba 11.892, de 29\/12\/2008, no Regimento Geral do IF Baiano e na Portaria Normativa 13\/2022 &#8211; RET-GAB\/RET\/IFBAIANO, de 11 de mar\u00e7o de 2022, e suas altera\u00e7\u00f5es, considerando ainda o Decreto n\u00b0 7.234\/2010 e a Resolu\u00e7\u00e3o n\u00ba 1, de 29 de janeiro de 2019, que institui a Pol\u00edtica de Assist\u00eancia Estudantil no \u00e2mbito do IF Baiano, torna p\u00fablico o presente Edital de Fluxo Cont\u00ednuo que estabelece as normas e crit\u00e9rios para sele\u00e7\u00e3o de estudantes em vulnerabilidade socioecon\u00f4mica, de cursos presenciais e a dist\u00e2ncia, com a finalidade de participa\u00e7\u00e3o nas a\u00e7\u00f5es de Assist\u00eancia Estudantil deste Instituto, por meio do Programa de Assist\u00eancia e Inclus\u00e3o Social do Estudante (PAISE), ano letivo 2024, no \u00e2mbito do Campus Bom Jesus da Lapa (Processo 23328.250510.2024-14).<\/p>\n<\/div>\n\n\n\n<div class=\"wp-block-column is-layout-flow\">\n<h2 id=\"ProreitoriaMeioDireitaTitulo\" style=\"color:#00510f;text-transform:uppercase;border-top: 3px solid #00510F\" class=\"has-inline-color\">\n\tInscri\u00e7\u00f5es\n<\/h2>\n\n<p align=\"justify\">\n\t<strong>Per\u00edodo:<\/strong> 02\/04\/2024 a 16\/04\/2024\n<\/p>\n<\/div>\n<\/div>\n\n\n\n<div class=\"wp-block-columns is-layout-flex wp-container-6\">\n<div class=\"wp-block-column is-layout-flow\">\n<h2 id=\"ProreitoriaMeioDireitaTitulo\" style=\"color:#00510f;text-transform:uppercase;border-top: 3px solid #00510F\" class=\"has-inline-color\">\n\tEditais e Documentos\n<\/h2>\n<div class=\"wp-block-file\"><a href=\"https:\/\/www.ifbaiano.edu.br\/unidades\/lapa\/files\/2025\/02\/convocacao_4_chamda_paise_assinado.pdf\">Convoca\u00e7\u00e3o N\u00ba 04 da Lista de Espera PAISE-2024.- publicado em 17\/02\/2025<\/a><\/div>\n\n<div class=\"wp-block-file\"><a href=\"https:\/\/www.ifbaiano.edu.br\/unidades\/lapa\/files\/2024\/10\/Convocacao_3_chamada_paise__assinado.pdf\">Convoca\u00e7\u00e3o N\u00ba 03 da Lista de Espera PAISE-2024.- publicado em 30\/10\/2024<\/a><\/div>\n\n<div class=\"wp-block-file\"><a href=\"https:\/\/www.ifbaiano.edu.br\/unidades\/lapa\/files\/2024\/09\/Convocacao-No-02-da-Lista-de-Espera_NBA_02_de_2BA_chamada_-PAISE-2024.pdf\">Convoca\u00e7\u00e3o N\u00ba 02 da Lista de Espera NBA 02 de 2BA chamada PAISE 2024.- publicado em 03\/09\/2024<\/a><\/div>\n\n\n<div class=\"wp-block-file\"><a href=\"https:\/\/www.ifbaiano.edu.br\/unidades\/lapa\/files\/2024\/08\/Resultado_Final_PAISE_2024.pdf\">Resultado_Final_PAISE_2024.- publicado em 08\/08\/2024<\/a><\/div>\n\n<div class=\"wp-block-file\"><a href=\"https:\/\/www.ifbaiano.edu.br\/unidades\/lapa\/files\/2024\/08\/Convocacao_NBA_01_de_2BA_chamada_2024.pdf\">Convoca\u00e7\u00e3o N\u00ba 01 da Lista de Espera. Convoca\u00e7\u00e3o NBA 01 de 2BA_chamada 2024.- publicado em 08\/08\/2024<\/a><\/div>\n\n<div class=\"wp-block-file\"><a href=\"https:\/\/www.ifbaiano.edu.br\/unidades\/lapa\/files\/2024\/08\/Relacao_Final_do_Cadastro_Reserva_2024.pdf\">Relacao_Final_do_Cadastro_Reserva_2024.- publicado em 08\/08\/2024<\/a><\/div>\n\n<div class=\"wp-block-file\"><a href=\"https:\/\/www.ifbaiano.edu.br\/unidades\/lapa\/files\/2024\/08\/Relacao_Final_dos_Desclassificados_PAISE_2024.pdf\">Relacao_Final_dos_Desclassificados_PAISE_2024.- publicado em 08\/08\/2024<\/a><\/div>\n\n\n<div class=\"wp-block-file\"><a href=\"https:\/\/www.ifbaiano.edu.br\/unidades\/lapa\/files\/2024\/07\/Resultado_Preliminar_PAISE_2024.pdf\">Resultado_Preliminar_PAISE_2024.- publicado em 31\/07\/2024<\/a><\/div>\n\n<div class=\"wp-block-file\"><a href=\"https:\/\/www.ifbaiano.edu.br\/unidades\/lapa\/files\/2024\/07\/Relacao_Preliminar_do_Cadastro_Reserva_2024.pdf\">Relacao_Preliminar_do_Cadastro_Reserva_2024.- publicado em 31\/07\/2024<\/a><\/div>\n\n<div class=\"wp-block-file\"><a href=\"https:\/\/www.ifbaiano.edu.br\/unidades\/lapa\/files\/2024\/07\/Relacao_Preliminar_dos_Desclassificados_PAISE_2024.pdf\">Relacao_Preliminar_dos_Desclassificados_PAISE_2024.- publicado em 31\/07\/2024<\/a><\/div>\n\n\n\n<div class=\"wp-block-file\"><a href=\"https:\/\/www.ifbaiano.edu.br\/unidades\/lapa\/files\/2024\/07\/Entrevista-Auxilio-Transporte-PAISE-2024.pdf\">Entrevista Aux\u00edlio Transporte PAISE 2024.- publicado em 18\/07\/2024<\/a><\/div>\n\n\n\n<div class=\"wp-block-file\"><a href=\"https:\/\/www.ifbaiano.edu.br\/unidades\/lapa\/files\/2024\/07\/Entrevista-Auxilio-Creche-PAISE-2024.pdf\">Entrevista Aux\u00edlio Creche PAISE 2024.- publicado em 18\/07\/2024<\/a><\/div>\n\n\n<div class=\"wp-block-file\"><a href=\"https:\/\/www.ifbaiano.edu.br\/unidades\/lapa\/files\/2024\/07\/Entrevista-Auxilio-Permanencia-PAISE-2024.pdf\">Entrevista Aux\u00edlio Perman\u00eancia PAISE 2024.- publicado em 18\/07\/2024<\/a><\/div>\n\n<div class=\"wp-block-file\"><a href=\"https:\/\/www.ifbaiano.edu.br\/unidades\/lapa\/files\/2024\/07\/Edital-no-19-2024-Versao-atualizada-com-a-retificacao-no-1.pdf\">Edital n\u00ba 19-2024 &#8211; Vers\u00e3o atualizada com a retifica\u00e7\u00e3o n\u00ba 1.- publicado em 11\/07\/2024<\/a><\/div>\n\n<div class=\"wp-block-file\"><a href=\"https:\/\/www.ifbaiano.edu.br\/unidades\/lapa\/files\/2024\/07\/RETIFICACAO-No-1-DO-EDITAL-19_2024.pdf\">RETIFICA\u00c7\u00c3O N\u00ba 1 DO EDITAL 19\/2024- publicado em 10\/07\/2024<\/a><\/div>\n\n<div class=\"wp-block-file\"><a href=\"https:\/\/www.ifbaiano.edu.br\/unidades\/lapa\/files\/2024\/05\/Resultado_Final_Moradia_PAISE_2024.pdf\">Resultado final dos Selecionados Aux\u00edlio Moradia PAISE 2024- publicado em 14\/05\/2024<\/a><\/div>\n\n<div class=\"wp-block-file\"><a href=\"https:\/\/www.ifbaiano.edu.br\/unidades\/lapa\/files\/2024\/05\/Relacao_Final-Auxilio-Moradia_dos_Desclassificados-PAISE-2024.pdf\">Resultado Final dos Desclassificados Aux\u00edlio Moradia PAISE 2024- publicado em 14\/05\/2024<\/a><\/div>\n\n\n<div class=\"wp-block-file\"><a href=\"https:\/\/www.ifbaiano.edu.br\/unidades\/lapa\/files\/2024\/05\/Resultado_Preliminar-dos-Selecionados_Auxilio-Moradia_PAISE_2024.pdf\">Resultado Preliminar dos Selecionados Aux\u00edlio Moradia PAISE 2024- publicado em 09\/05\/2024<\/a><\/div>\n\n\n<div class=\"wp-block-file\"><a href=\"https:\/\/www.ifbaiano.edu.br\/unidades\/lapa\/files\/2024\/05\/Relacao_Preliminar_dos_Desclassificados-Auxilio-Moradia-PAISE-2024.pdf\">Relac\u00e3o Preliminar dos Desclassificados Aux\u00edlio Moradia PAISE 2024- publicado em 09\/05\/2024<\/a><\/div>\n\n\n<div class=\"wp-block-file\"><a href=\"https:\/\/www.ifbaiano.edu.br\/unidades\/lapa\/files\/2024\/04\/Entrevista-PAISE-2024-AUXILIO-MORADIA-RETIFICADO.pdf\">Entrevista PAISE 2024 &#8211; AUX\u00cdLIO MORADIA- publicado em 18\/04\/2024<\/a><\/div>\n\n<div class=\"wp-block-file\"><a href=\"https:\/\/www.ifbaiano.edu.br\/unidades\/lapa\/files\/2024\/03\/Edital-19_2024-PAISE.pdf\">Edital 19\/2023 PAISE- publicado em 25\/03\/2024<\/a><\/div>\n<\/div>\n\n\n\n<div class=\"wp-block-column is-layout-flow\">\n<h2 id=\"ProreitoriaMeioDireitaTitulo\" style=\"color:#00510f;text-transform:uppercase;border-top: 3px solid #00510F\" class=\"has-inline-color\">\n\tContato\n<\/h2>\n\n<p align=\"justify\">clae@lapa.ifbaiano.edu.br<\/p>\n<\/div>\n<\/div>\n","protected":false},"excerpt":{"rendered":"<p>Apresenta\u00e7\u00e3o O DIRETOR-GERAL DO INSTITUTO FEDERAL DE EDUCA\u00c7\u00c3O, CI\u00caNCIA E TECNOLOGIA BAIANO (IF BAIANO) &#8211; CAMPUS BOM JESUS DA LAPA, no uso de suas atribui\u00e7\u00f5es legais conferidas pela Portaria n\u00ba 275, de 18\/03\/2022, publicada no DOU de 21\/03\/2022, Se\u00e7\u00e3o 2, p\u00e1gina 26, e de acordo com as disposi\u00e7\u00f5es contidas na Lei n\u00ba 11.892, de 29\/12\/2008, [&hellip;]<\/p>\n","protected":false},"author":165,"featured_media":0,"parent":0,"menu_order":0,"comment_status":"closed","ping_status":"closed","template":"","meta":[],"_links":{"self":[{"href":"https:\/\/www.ifbaiano.edu.br\/unidades\/lapa\/wp-json\/wp\/v2\/pages\/27710"}],"collection":[{"href":"https:\/\/www.ifbaiano.edu.br\/unidades\/lapa\/wp-json\/wp\/v2\/pages"}],"about":[{"href":"https:\/\/www.ifbaiano.edu.br\/unidades\/lapa\/wp-json\/wp\/v2\/types\/page"}],"author":[{"embeddable":true,"href":"https:\/\/www.ifbaiano.edu.br\/unidades\/lapa\/wp-json\/wp\/v2\/users\/165"}],"replies":[{"embeddable":true,"href":"https:\/\/www.ifbaiano.edu.br\/unidades\/lapa\/wp-json\/wp\/v2\/comments?post=27710"}],"version-history":[{"count":28,"href":"https:\/\/www.ifbaiano.edu.br\/unidades\/lapa\/wp-json\/wp\/v2\/pages\/27710\/revisions"}],"predecessor-version":[{"id":29653,"href":"https:\/\/www.ifbaiano.edu.br\/unidades\/lapa\/wp-json\/wp\/v2\/pages\/27710\/revisions\/29653"}],"wp:attachment":[{"href":"https:\/\/www.ifbaiano.edu.br\/unidades\/lapa\/wp-json\/wp\/v2\/media?parent=27710"}],"curies":[{"name":"wp","href":"https:\/\/api.w.org\/{rel}","templated":true}]}}

<div class="wp-block-columns is-layout-flex wp-container-3">
<div class="wp-block-column is-layout-flow">
<h2 id="ProreitoriaMeioDireitaTitulo" style="color:#00510f;text-transform:uppercase;border-top: 3px solid #00510F" class="has-inline-color">
    Apresentação
</h2>

<p>O DIRETOR-GERAL DO INSTITUTO FEDERAL DE EDUCAÇÃO, CIÊNCIA E TECNOLOGIA BAIANO (IF BAIANO) &#8211; CAMPUS BOM JESUS DA LAPA, no uso de suas atribuições legais conferidas pela Portaria nº 275, de 18/03/2022, publicada no DOU de 21/03/2022, Seção 2, página 26, e de acordo com as disposições contidas na Lei nº 11.892, de 29/12/2008, no Regimento Geral do IF Baiano e na Portaria Normativa 13/2022 &#8211; RET-GAB/RET/IFBAIANO, de 11 de março de 2022, e suas alterações, considerando ainda o Decreto n° 7.234/2010 e a Resolução nº 1, de 29 de janeiro de 2019, que institui a Política de Assistência Estudantil no âmbito do IF Baiano, torna público o presente Edital de Fluxo Contínuo que estabelece as normas e critérios para seleção de estudantes em vulnerabilidade socioeconômica, de cursos presenciais e a distância, com a finalidade de participação nas ações de Assistência Estudantil deste Instituto, por meio do Programa de Assistência e Inclusão Social do Estudante (PAISE), ano letivo 2024, no âmbito do Campus Bom Jesus da Lapa (Processo 23328.250510.2024-14).</p>
</div>



<div class="wp-block-column is-layout-flow">
<h2 id="ProreitoriaMeioDireitaTitulo" style="color:#00510f;text-transform:uppercase;border-top: 3px solid #00510F" class="has-inline-color">
	Inscrições
</h2>

<p align="justify">
	<strong>Período:</strong> 02/04/2024 a 16/04/2024
</p>
</div>
</div>



<div class="wp-block-columns is-layout-flex wp-container-6">
<div class="wp-block-column is-layout-flow">
<h2 id="ProreitoriaMeioDireitaTitulo" style="color:#00510f;text-transform:uppercase;border-top: 3px solid #00510F" class="has-inline-color">
	Editais e Documentos
</h2>
<div class="wp-block-file"><a href="https://www.ifbaiano.edu.br/unidades/lapa/files/2025/02/convocacao_4_chamda_paise_assinado.pdf">Convocação Nº 04 da Lista de Espera PAISE-2024.- publicado em 17/02/2025</a></div>

<div class="wp-block-file"><a href="https://www.ifbaiano.edu.br/unidades/lapa/files/2024/10/Convocacao_3_chamada_paise__assinado.pdf">Convocação Nº 03 da Lista de Espera PAISE-2024.- publicado em 30/10/2024</a></div>

<div class="wp-block-file"><a href="https://www.ifbaiano.edu.br/unidades/lapa/files/2024/09/Convocacao-No-02-da-Lista-de-Espera_NBA_02_de_2BA_chamada_-PAISE-2024.pdf">Convocação Nº 02 da Lista de Espera NBA 02 de 2BA chamada PAISE 2024.- publicado em 03/09/2024</a></div>


<div class="wp-block-file"><a href="https://www.ifbaiano.edu.br/unidades/lapa/files/2024/08/Resultado_Final_PAISE_2024.pdf">Resultado_Final_PAISE_2024.- publicado em 08/08/2024</a></div>

<div class="wp-block-file"><a href="https://www.ifbaiano.edu.br/unidades/lapa/files/2024/08/Convocacao_NBA_01_de_2BA_chamada_2024.pdf">Convocação Nº 01 da Lista de Espera. Convocação NBA 01 de 2BA_chamada 2024.- publicado em 08/08/2024</a></div>

<div class="wp-block-file"><a href="https://www.ifbaiano.edu.br/unidades/lapa/files/2024/08/Relacao_Final_do_Cadastro_Reserva_2024.pdf">Relacao_Final_do_Cadastro_Reserva_2024.- publicado em 08/08/2024</a></div>

<div class="wp-block-file"><a href="https://www.ifbaiano.edu.br/unidades/lapa/files/2024/08/Relacao_Final_dos_Desclassificados_PAISE_2024.pdf">Relacao_Final_dos_Desclassificados_PAISE_2024.- publicado em 08/08/2024</a></div>


<div class="wp-block-file"><a href="https://www.ifbaiano.edu.br/unidades/lapa/files/2024/07/Resultado_Preliminar_PAISE_2024.pdf">Resultado_Preliminar_PAISE_2024.- publicado em 31/07/2024</a></div>

<div class="wp-block-file"><a href="https://www.ifbaiano.edu.br/unidades/lapa/files/2024/07/Relacao_Preliminar_do_Cadastro_Reserva_2024.pdf">Relacao_Preliminar_do_Cadastro_Reserva_2024.- publicado em 31/07/2024</a></div>

<div class="wp-block-file"><a href="https://www.ifbaiano.edu.br/unidades/lapa/files/2024/07/Relacao_Preliminar_dos_Desclassificados_PAISE_2024.pdf">Relacao_Preliminar_dos_Desclassificados_PAISE_2024.- publicado em 31/07/2024</a></div>



<div class="wp-block-file"><a href="https://www.ifbaiano.edu.br/unidades/lapa/files/2024/07/Entrevista-Auxilio-Transporte-PAISE-2024.pdf">Entrevista Auxílio Transporte PAISE 2024.- publicado em 18/07/2024</a></div>



<div class="wp-block-file"><a href="https://www.ifbaiano.edu.br/unidades/lapa/files/2024/07/Entrevista-Auxilio-Creche-PAISE-2024.pdf">Entrevista Auxílio Creche PAISE 2024.- publicado em 18/07/2024</a></div>


<div class="wp-block-file"><a href="https://www.ifbaiano.edu.br/unidades/lapa/files/2024/07/Entrevista-Auxilio-Permanencia-PAISE-2024.pdf">Entrevista Auxílio Permanência PAISE 2024.- publicado em 18/07/2024</a></div>

<div class="wp-block-file"><a href="https://www.ifbaiano.edu.br/unidades/lapa/files/2024/07/Edital-no-19-2024-Versao-atualizada-com-a-retificacao-no-1.pdf">Edital nº 19-2024 &#8211; Versão atualizada com a retificação nº 1.- publicado em 11/07/2024</a></div>

<div class="wp-block-file"><a href="https://www.ifbaiano.edu.br/unidades/lapa/files/2024/07/RETIFICACAO-No-1-DO-EDITAL-19_2024.pdf">RETIFICAÇÃO Nº 1 DO EDITAL 19/2024- publicado em 10/07/2024</a></div>

<div class="wp-block-file"><a href="https://www.ifbaiano.edu.br/unidades/lapa/files/2024/05/Resultado_Final_Moradia_PAISE_2024.pdf">Resultado final dos Selecionados Auxílio Moradia PAISE 2024- publicado em 14/05/2024</a></div>

<div class="wp-block-file"><a href="https://www.ifbaiano.edu.br/unidades/lapa/files/2024/05/Relacao_Final-Auxilio-Moradia_dos_Desclassificados-PAISE-2024.pdf">Resultado Final dos Desclassificados Auxílio Moradia PAISE 2024- publicado em 14/05/2024</a></div>


<div class="wp-block-file"><a href="https://www.ifbaiano.edu.br/unidades/lapa/files/2024/05/Resultado_Preliminar-dos-Selecionados_Auxilio-Moradia_PAISE_2024.pdf">Resultado Preliminar dos Selecionados Auxílio Moradia PAISE 2024- publicado em 09/05/2024</a></div>


<div class="wp-block-file"><a href="https://www.ifbaiano.edu.br/unidades/lapa/files/2024/05/Relacao_Preliminar_dos_Desclassificados-Auxilio-Moradia-PAISE-2024.pdf">Relacão Preliminar dos Desclassificados Auxílio Moradia PAISE 2024- publicado em 09/05/2024</a></div>


<div class="wp-block-file"><a href="https://www.ifbaiano.edu.br/unidades/lapa/files/2024/04/Entrevista-PAISE-2024-AUXILIO-MORADIA-RETIFICADO.pdf">Entrevista PAISE 2024 &#8211; AUXÍLIO MORADIA- publicado em 18/04/2024</a></div>

<div class="wp-block-file"><a href="https://www.ifbaiano.edu.br/unidades/lapa/files/2024/03/Edital-19_2024-PAISE.pdf">Edital 19/2023 PAISE- publicado em 25/03/2024</a></div>
</div>



<div class="wp-block-column is-layout-flow">
<h2 id="ProreitoriaMeioDireitaTitulo" style="color:#00510f;text-transform:uppercase;border-top: 3px solid #00510F" class="has-inline-color">
	Contato
</h2>

<p align="justify">clae@lapa.ifbaiano.edu.br</p>
</div>
</div>

<p>Apresentação O DIRETOR-GERAL DO INSTITUTO FEDERAL DE EDUCAÇÃO, CIÊNCIA E TECNOLOGIA BAIANO (IF BAIANO) &#8211; CAMPUS BOM JESUS DA LAPA, no uso de suas atribuições legais conferidas pela Portaria nº 275, de 18/03/2022, publicada no DOU de 21/03/2022, Seção 2, página 26, e de acordo com as disposições contidas na Lei nº 11.892, de 29/12/2008, [&hellip;]</p>
