{"id":28047,"date":"2024-05-08T08:21:48","date_gmt":"2024-05-08T11:21:48","guid":{"rendered":"https:\/\/www.ifbaiano.edu.br\/unidades\/lapa\/?page_id=28047"},"modified":"2024-05-08T08:24:34","modified_gmt":"2024-05-08T11:24:34","slug":"coordenacao-de-suprimentos-e-logistica","status":"publish","type":"page","link":"https:\/\/www.ifbaiano.edu.br\/unidades\/lapa\/coordenacao-de-suprimentos-e-logistica\/","title":{"rendered":"Coordena\u00e7\u00e3o de Suprimentos e Log\u00edstica"},"content":{"rendered":"\n<p><strong>RESPONS\u00c1VEL<\/strong><\/p>\n\n\n\n<p>Tame Daniele Ribeiro Andrade<br>e-mail: csl@lapa.ifbaiano.edu.br<\/p>\n\n\n\n<p><strong>ATRIBUI\u00c7\u00d5ES GERAIS:<\/strong><\/p>\n\n\n\n<ol>\n<li><a><\/a> Receber, examinar e conferir materiais e servi\u00e7os contratados, juntamente com o setor\/servidor solicitante, de acordo com a nota de empenho\/ordem de servi\u00e7o\/contrato ou documento equivalente, podendo, quando for o caso solicitar exame dos setores t\u00e9cnicos especializados;<\/li>\n\n\n\n<li>Planejar, coordenar e avaliar a execu\u00e7\u00e3o das atividades de manuten\u00e7\u00e3o preventiva, de manuten\u00e7\u00e3o corretiva e de conserva\u00e7\u00e3o das instala\u00e7\u00f5es do campus;<\/li>\n\n\n\n<li>Planejar, coordenar e avaliar a execu\u00e7\u00e3o das atividades de manuten\u00e7\u00e3o preventiva, de manuten\u00e7\u00e3o corretiva e de conserva\u00e7\u00e3o dos ve\u00edculos;<\/li>\n\n\n\n<li>Planejar, coordenar e avaliar a execu\u00e7\u00e3o das atividades de manuten\u00e7\u00e3o preventiva, de manuten\u00e7\u00e3o corretiva e de conserva\u00e7\u00e3o dos equipamentos<\/li>\n\n\n\n<li>Coordenar a execu\u00e7\u00e3o de pequenos reparos e de obras, inerentes \u00e0 manuten\u00e7\u00e3o e \u00e0 conserva\u00e7\u00e3o das instala\u00e7\u00f5es, dos equipamentos e dos ve\u00edculos do <em>campus<\/em>;<\/li>\n\n\n\n<li>Coordenar e supervisionar os projetos e as obras de saneamento, as instala\u00e7\u00f5es hidr\u00e1ulicas, as instala\u00e7\u00f5es el\u00e9tricas, as instala\u00e7\u00f5es de g\u00e1s e a constru\u00e7\u00e3o civil;<\/li>\n\n\n\n<li>Coordenar, auxiliar e supervisionar a execu\u00e7\u00e3o dos contratos e dos servi\u00e7os de:<\/li>\n<\/ol>\n\n\n\n<p>a) manuten\u00e7\u00e3o predial;<br>b) manuten\u00e7\u00e3o de equipamentos;<br>c) manuten\u00e7\u00e3o de ve\u00edculos;<br>d) abastecimento e avalia\u00e7\u00e3o da \u00e1gua;<br>e) energia;<br>f) telefone;<br>g) descarte de res\u00edduos.<\/p>\n\n\n\n<ol start=\"8\">\n<li>Planejar e coordenar os servi\u00e7os terceirizados de limpeza, de apoio administrativo e de seguran\u00e7a patrimonial do <em>campus<\/em>, junto aos respectivos prepostos;<\/li>\n\n\n\n<li>Realizar diagn\u00f3stico e dar encaminhamento sobre as necessidades relativas \u00e0 infraestrutura f\u00edsica, de pessoal e material, participando do processo de compras e de aquisi\u00e7\u00e3o de bens para a Coordena\u00e7\u00e3o;<\/li>\n\n\n\n<li>Coordenar o planejamento, a avalia\u00e7\u00e3o, a programa\u00e7\u00e3o e o controle do uso de ve\u00edculos oficiais, com a utiliza\u00e7\u00e3o das ferramentas dos sistemas informatizados dispon\u00edveis;<\/li>\n\n\n\n<li>Supervisionar e assessorar as atividades das unidades de transporte, de servi\u00e7os gerais, de patrim\u00f4nio e de almoxarifado;<\/li>\n\n\n\n<li>Acompanhar projetos de arquitetura, de engenharia ou a eles complementares;<\/li>\n\n\n\n<li>Implementar pol\u00edticas e diretrizes relativas \u00e0 conserva\u00e7\u00e3o, \u00e0 limpeza e \u00e0 seguran\u00e7a patrimonial;<\/li>\n\n\n\n<li>Auxiliar na cria\u00e7\u00e3o de regulamento para o fluxo interno de procedimentos, em conformidade com as normas internas e com a legisla\u00e7\u00e3o vigente;<\/li>\n\n\n\n<li>Coordenar, orientar e fiscalizar os (as) servidores (as) lotados na Coordena\u00e7\u00e3o;<\/li>\n\n\n\n<li>Coordenar a avalia\u00e7\u00e3o e a reavalia\u00e7\u00e3o dos bens m\u00f3veis e im\u00f3veis, para efeito de aliena\u00e7\u00e3o, de incorpora\u00e7\u00e3o, de seguro ou de loca\u00e7\u00e3o.<\/li>\n\n\n\n<li>Realizar outras atividades correlatas e afins.<\/li>\n<\/ol>\n\n\n\n<p><a rel=\"noreferrer noopener\" href=\"https:\/\/www.ifbaiano.edu.br\/unidades\/lapa\/boletim-dadm\/\" target=\"_blank\"><u><strong>Boletim da Diretoria Administrativa (link para p\u00e1gina interna, abre em outra aba)<\/strong><\/u><\/a><\/p>\n","protected":false},"excerpt":{"rendered":"<p>RESPONS\u00c1VEL Tame Daniele Ribeiro Andradee-mail: csl@lapa.ifbaiano.edu.br ATRIBUI\u00c7\u00d5ES GERAIS: a) manuten\u00e7\u00e3o predial;b) manuten\u00e7\u00e3o de equipamentos;c) manuten\u00e7\u00e3o de ve\u00edculos;d) abastecimento e avalia\u00e7\u00e3o da \u00e1gua;e) energia;f) telefone;g) descarte de res\u00edduos. Boletim da Diretoria Administrativa (link para p\u00e1gina interna, abre em outra aba)<\/p>\n","protected":false},"author":165,"featured_media":0,"parent":0,"menu_order":0,"comment_status":"closed","ping_status":"closed","template":"","meta":[],"_links":{"self":[{"href":"https:\/\/www.ifbaiano.edu.br\/unidades\/lapa\/wp-json\/wp\/v2\/pages\/28047"}],"collection":[{"href":"https:\/\/www.ifbaiano.edu.br\/unidades\/lapa\/wp-json\/wp\/v2\/pages"}],"about":[{"href":"https:\/\/www.ifbaiano.edu.br\/unidades\/lapa\/wp-json\/wp\/v2\/types\/page"}],"author":[{"embeddable":true,"href":"https:\/\/www.ifbaiano.edu.br\/unidades\/lapa\/wp-json\/wp\/v2\/users\/165"}],"replies":[{"embeddable":true,"href":"https:\/\/www.ifbaiano.edu.br\/unidades\/lapa\/wp-json\/wp\/v2\/comments?post=28047"}],"version-history":[{"count":3,"href":"https:\/\/www.ifbaiano.edu.br\/unidades\/lapa\/wp-json\/wp\/v2\/pages\/28047\/revisions"}],"predecessor-version":[{"id":28051,"href":"https:\/\/www.ifbaiano.edu.br\/unidades\/lapa\/wp-json\/wp\/v2\/pages\/28047\/revisions\/28051"}],"wp:attachment":[{"href":"https:\/\/www.ifbaiano.edu.br\/unidades\/lapa\/wp-json\/wp\/v2\/media?parent=28047"}],"curies":[{"name":"wp","href":"https:\/\/api.w.org\/{rel}","templated":true}]}}

Coordenação de Suprimentos e Logística

<p><strong>RESPONSÁVEL</strong></p>



<p>Tame Daniele Ribeiro Andrade<br>e-mail: csl@lapa.ifbaiano.edu.br</p>



<p><strong>ATRIBUIÇÕES GERAIS:</strong></p>



<ol>
<li><a></a> Receber, examinar e conferir materiais e serviços contratados, juntamente com o setor/servidor solicitante, de acordo com a nota de empenho/ordem de serviço/contrato ou documento equivalente, podendo, quando for o caso solicitar exame dos setores técnicos especializados;</li>



<li>Planejar, coordenar e avaliar a execução das atividades de manutenção preventiva, de manutenção corretiva e de conservação das instalações do campus;</li>



<li>Planejar, coordenar e avaliar a execução das atividades de manutenção preventiva, de manutenção corretiva e de conservação dos veículos;</li>



<li>Planejar, coordenar e avaliar a execução das atividades de manutenção preventiva, de manutenção corretiva e de conservação dos equipamentos</li>



<li>Coordenar a execução de pequenos reparos e de obras, inerentes à manutenção e à conservação das instalações, dos equipamentos e dos veículos do <em>campus</em>;</li>



<li>Coordenar e supervisionar os projetos e as obras de saneamento, as instalações hidráulicas, as instalações elétricas, as instalações de gás e a construção civil;</li>



<li>Coordenar, auxiliar e supervisionar a execução dos contratos e dos serviços de:</li>
</ol>



<p>a) manutenção predial;<br>b) manutenção de equipamentos;<br>c) manutenção de veículos;<br>d) abastecimento e avaliação da água;<br>e) energia;<br>f) telefone;<br>g) descarte de resíduos.</p>



<ol start="8">
<li>Planejar e coordenar os serviços terceirizados de limpeza, de apoio administrativo e de segurança patrimonial do <em>campus</em>, junto aos respectivos prepostos;</li>



<li>Realizar diagnóstico e dar encaminhamento sobre as necessidades relativas à infraestrutura física, de pessoal e material, participando do processo de compras e de aquisição de bens para a Coordenação;</li>



<li>Coordenar o planejamento, a avaliação, a programação e o controle do uso de veículos oficiais, com a utilização das ferramentas dos sistemas informatizados disponíveis;</li>



<li>Supervisionar e assessorar as atividades das unidades de transporte, de serviços gerais, de patrimônio e de almoxarifado;</li>



<li>Acompanhar projetos de arquitetura, de engenharia ou a eles complementares;</li>



<li>Implementar políticas e diretrizes relativas à conservação, à limpeza e à segurança patrimonial;</li>



<li>Auxiliar na criação de regulamento para o fluxo interno de procedimentos, em conformidade com as normas internas e com a legislação vigente;</li>



<li>Coordenar, orientar e fiscalizar os (as) servidores (as) lotados na Coordenação;</li>



<li>Coordenar a avaliação e a reavaliação dos bens móveis e imóveis, para efeito de alienação, de incorporação, de seguro ou de locação.</li>



<li>Realizar outras atividades correlatas e afins.</li>
</ol>



<p><a rel="noreferrer noopener" href="https://www.ifbaiano.edu.br/unidades/lapa/boletim-dadm/" target="_blank"><u><strong>Boletim da Diretoria Administrativa (link para página interna, abre em outra aba)</strong></u></a></p>

<p>RESPONSÁVEL Tame Daniele Ribeiro Andradee-mail: csl@lapa.ifbaiano.edu.br ATRIBUIÇÕES GERAIS: a) manutenção predial;b) manutenção de equipamentos;c) manutenção de veículos;d) abastecimento e avaliação da água;e) energia;f) telefone;g) descarte de resíduos. Boletim da Diretoria Administrativa (link para página interna, abre em outra aba)</p>
