{"id":28158,"date":"2024-07-03T12:19:42","date_gmt":"2024-07-03T15:19:42","guid":{"rendered":"https:\/\/www.ifbaiano.edu.br\/unidades\/lapa\/?page_id=28158"},"modified":"2024-07-23T12:05:57","modified_gmt":"2024-07-23T15:05:57","slug":"selecao-do-programa-de-qualificacao-social-e-profissional-em-economia-popular-solidaria","status":"publish","type":"page","link":"https:\/\/www.ifbaiano.edu.br\/unidades\/lapa\/selecao-do-programa-de-qualificacao-social-e-profissional-em-economia-popular-solidaria\/","title":{"rendered":"Sele\u00e7\u00e3o do Programa de Qualifica\u00e7\u00e3o Social e Profissional em Economia Popular Solid\u00e1ria"},"content":{"rendered":"\n<figure class=\"wp-block-image size-full is-resized\"><img decoding=\"async\" loading=\"lazy\" src=\"https:\/\/www.ifbaiano.edu.br\/unidades\/lapa\/files\/2024\/07\/WhatsApp-Image-2024-07-03-at-11.56.14.jpeg\" alt=\"\" class=\"wp-image-28159\" width=\"841\" height=\"292\" \/><\/figure>\n\n\n\n<div class=\"wp-block-columns is-layout-flex wp-container-3\">\n<div class=\"wp-block-column is-layout-flow\">\n<h2 id=\"ProreitoriaMeioDireitaTitulo\" style=\"color:#00510f;text-transform:uppercase;border-top: 3px solid #00510F\" class=\"has-inline-color\">\n    Apresenta\u00e7\u00e3o\n<\/h2>\n<\/div>\n\n\n\n<div class=\"wp-block-column is-layout-flow\">\n<h2 id=\"ProreitoriaMeioDireitaTitulo\" style=\"color:#00510f;text-transform:uppercase;border-top: 3px solid #00510F\" class=\"has-inline-color\">\n\tInscri\u00e7\u00f5es\n<\/h2>\n<\/div>\n<\/div>\n\n\n\n<div class=\"wp-block-columns is-layout-flex wp-container-6\">\n<div class=\"wp-block-column is-layout-flow\">\n<p>Processo Seletivo Simplificado de colaboradores internos e externos que atuar\u00e3o nas fun\u00e7\u00f5es especificadas pelo ANEXO I, no desenvolvimento das a\u00e7\u00f5es relacionadas ao Programa de Qualifica\u00e7\u00e3o Social e Profissional em Economia Popular e Solid\u00e1ria nos Institutos Federais do Norte e Nordeste ECOSOL: Ciranda Formativa Manoel Querino Norte\/Nordeste, no \u00e2mbito do Campus Bom Jesus da Lapa.<\/p>\n<\/div>\n\n\n\n<div class=\"wp-block-column is-layout-flow\">\n<p><strong><\/strong>09\/07 a 12\/07\/2024<br><br>\n\n\n<p><strong><\/strong><br> \n<br>\n<a href=\"\" target=\"_blank\" rel=\"noopener noreferrer\"><\/a> <\/p>\n\n<p><div class=\"wp-block-file\"><a href=\"https:\/\/forms.gle\/K2ioE9uUGszLWndY8\">ACESSE AQUI O FORMUL\u00c1RIO DE INSCRI\u00c7\u00d4ES<\/a><\/div>\n<\/p>\n<\/div>\n<\/div>\n\n\n\n<div class=\"wp-block-columns is-layout-flex wp-container-9\">\n<div class=\"wp-block-column is-layout-flow\">\n<h2 id=\"ProreitoriaMeioDireitaTitulo\" style=\"color:#00510f;text-transform:uppercase;border-top: 3px solid #00510F\" class=\"has-inline-color\">\n\tEditais e Documentos\n<\/h2>\n<\/div>\n\n\n\n<div class=\"wp-block-column is-layout-flow\">\n<h2 id=\"ProreitoriaMeioDireitaTitulo\" style=\"color:#00510f;text-transform:uppercase;border-top: 3px solid #00510F\" class=\"has-inline-color\">\n\tContato\n<\/h2>\n<\/div>\n<\/div>\n\n\n\n<div class=\"wp-block-columns is-layout-flex wp-container-12\">\n<div class=\"wp-block-column is-layout-flow\">\n<div class=\"wp-block-file\"><a href=\"https:\/\/www.ifbaiano.edu.br\/unidades\/lapa\/files\/2024\/07\/Resultado-Final-Equipe-Ecosol.pdf\">Resultado Final &#8211; Equipe Ecosol.- Publicado em 23\/07\/24<\/a><\/div>\n\n<div class=\"wp-block-file\"><a href=\"https:\/\/www.ifbaiano.edu.br\/unidades\/lapa\/files\/2024\/07\/RESULTADO-PRELIMINAR-EDITAL-119_2024.pdf\">RESULTADO PRELIMINAR EDITAL 119\/2024.- Publicado em 19\/07\/24<\/a><\/div>\n\n\n<div class=\"wp-block-file\"><a href=\"https:\/\/www.ifbaiano.edu.br\/unidades\/lapa\/files\/2024\/07\/HOMOLOGACAO-DE-INSCRICOES-EDITAL-119_2024.pdf\">HOMOLOGA\u00c7\u00c3O DE INSCRI\u00c7\u00d5ES EDITAL 119\/2024.- Publicado em 15\/07\/24<\/a><\/div>\n\n<div class=\"wp-block-file\"><a href=\"https:\/\/www.ifbaiano.edu.br\/unidades\/lapa\/files\/2024\/07\/ANEXO-V-BAREMA-PROFESSOR-FORMADO-INTERNO-E-EXTERNO.docx\">ANEXO V &#8211; BAREMA PROFESSOR FORMADO INTERNO E EXTERNO.- Publicado em 08\/07\/24<\/a><\/div>\n\n<div class=\"wp-block-file\"><a href=\"https:\/\/www.ifbaiano.edu.br\/unidades\/lapa\/files\/2024\/07\/ANEXO-VI-BAREMA-APOIO-ADMINISTRATIVO.docx\">ANEXO VI &#8211; BAREMA APOIO ADMINISTRATIVO.- Publicado em 08\/07\/24<\/a><\/div>\n\n<div class=\"wp-block-file\"><a href=\"https:\/\/www.ifbaiano.edu.br\/unidades\/lapa\/files\/2024\/07\/ANEXO-VII-BAREMA-EDUCADORA-INFANTIL.docx\">ANEXO VII &#8211; BAREMA EDUCADOR(A) INFANTIL.- Publicado em 08\/07\/24<\/a><\/div>\n\n<div class=\"wp-block-file\"><a href=\"https:\/\/www.ifbaiano.edu.br\/unidades\/lapa\/files\/2024\/07\/ANEXO-VIII-BAREMA-MONITORA-DISCENTE.docx\">ANEXO VIII &#8211; BAREMA MONITOR(A) DISCENTE.- Publicado em 08\/07\/24<\/a><\/div>\n\n<div class=\"wp-block-file\"><a href=\"https:\/\/www.ifbaiano.edu.br\/unidades\/lapa\/files\/2024\/07\/ANEXO-X-TERMO-DE-COMPROMISSO-E-RESPONSABILIDADE.docx\">ANEXO X &#8211; TERMO DE COMPROMISSO E RESPONSABILIDADE.- Publicado em 08\/07\/24<\/a><\/div>\n\n<div class=\"wp-block-file\"><a href=\"https:\/\/www.ifbaiano.edu.br\/unidades\/lapa\/files\/2024\/07\/Edital-119-2024-Programa-de-Qualificacao-Social-e-Profissional-em-Economia-Popular-Solidaria.pdf\">Edital 119-2024 Programa de Qualifica\u00e7\u00e3o Social e Profissional em Economia Popular Solid\u00e1ria.- Publicado em 05\/07\/24<\/a><\/div>\n<\/div>\n\n\n\n<div class=\"wp-block-column is-layout-flow\">\n<p><strong>extensao@lapa.ifbaiano.edu.br<\/strong><\/p>\n<\/div>\n<\/div>\n","protected":false},"excerpt":{"rendered":"<p>Apresenta\u00e7\u00e3o Inscri\u00e7\u00f5es Processo Seletivo Simplificado de colaboradores internos e externos que atuar\u00e3o nas fun\u00e7\u00f5es especificadas pelo ANEXO I, no desenvolvimento das a\u00e7\u00f5es relacionadas ao Programa de Qualifica\u00e7\u00e3o Social e Profissional em Economia Popular e Solid\u00e1ria nos Institutos Federais do Norte e Nordeste ECOSOL: Ciranda Formativa Manoel Querino Norte\/Nordeste, no \u00e2mbito do Campus Bom Jesus da [&hellip;]<\/p>\n","protected":false},"author":165,"featured_media":0,"parent":0,"menu_order":0,"comment_status":"closed","ping_status":"closed","template":"","meta":[],"_links":{"self":[{"href":"https:\/\/www.ifbaiano.edu.br\/unidades\/lapa\/wp-json\/wp\/v2\/pages\/28158"}],"collection":[{"href":"https:\/\/www.ifbaiano.edu.br\/unidades\/lapa\/wp-json\/wp\/v2\/pages"}],"about":[{"href":"https:\/\/www.ifbaiano.edu.br\/unidades\/lapa\/wp-json\/wp\/v2\/types\/page"}],"author":[{"embeddable":true,"href":"https:\/\/www.ifbaiano.edu.br\/unidades\/lapa\/wp-json\/wp\/v2\/users\/165"}],"replies":[{"embeddable":true,"href":"https:\/\/www.ifbaiano.edu.br\/unidades\/lapa\/wp-json\/wp\/v2\/comments?post=28158"}],"version-history":[{"count":10,"href":"https:\/\/www.ifbaiano.edu.br\/unidades\/lapa\/wp-json\/wp\/v2\/pages\/28158\/revisions"}],"predecessor-version":[{"id":28292,"href":"https:\/\/www.ifbaiano.edu.br\/unidades\/lapa\/wp-json\/wp\/v2\/pages\/28158\/revisions\/28292"}],"wp:attachment":[{"href":"https:\/\/www.ifbaiano.edu.br\/unidades\/lapa\/wp-json\/wp\/v2\/media?parent=28158"}],"curies":[{"name":"wp","href":"https:\/\/api.w.org\/{rel}","templated":true}]}}

Seleção do Programa de Qualificação Social e Profissional em Economia Popular Solidária

<figure class="wp-block-image size-full is-resized"><img decoding="async" loading="lazy" src="https://www.ifbaiano.edu.br/unidades/lapa/files/2024/07/WhatsApp-Image-2024-07-03-at-11.56.14.jpeg" alt="" class="wp-image-28159" width="841" height="292" /></figure>



<div class="wp-block-columns is-layout-flex wp-container-3">
<div class="wp-block-column is-layout-flow">
<h2 id="ProreitoriaMeioDireitaTitulo" style="color:#00510f;text-transform:uppercase;border-top: 3px solid #00510F" class="has-inline-color">
    Apresentação
</h2>
</div>



<div class="wp-block-column is-layout-flow">
<h2 id="ProreitoriaMeioDireitaTitulo" style="color:#00510f;text-transform:uppercase;border-top: 3px solid #00510F" class="has-inline-color">
	Inscrições
</h2>
</div>
</div>



<div class="wp-block-columns is-layout-flex wp-container-6">
<div class="wp-block-column is-layout-flow">
<p>Processo Seletivo Simplificado de colaboradores internos e externos que atuarão nas funções especificadas pelo ANEXO I, no desenvolvimento das ações relacionadas ao Programa de Qualificação Social e Profissional em Economia Popular e Solidária nos Institutos Federais do Norte e Nordeste ECOSOL: Ciranda Formativa Manoel Querino Norte/Nordeste, no âmbito do Campus Bom Jesus da Lapa.</p>
</div>



<div class="wp-block-column is-layout-flow">
<p><strong></strong>09/07 a 12/07/2024<br><br>


<p><strong></strong><br> 
<br>
<a href="" target="_blank" rel="noopener noreferrer"></a> </p>

<p><div class="wp-block-file"><a href="https://forms.gle/K2ioE9uUGszLWndY8">ACESSE AQUI O FORMULÁRIO DE INSCRIÇÔES</a></div>
</p>
</div>
</div>



<div class="wp-block-columns is-layout-flex wp-container-9">
<div class="wp-block-column is-layout-flow">
<h2 id="ProreitoriaMeioDireitaTitulo" style="color:#00510f;text-transform:uppercase;border-top: 3px solid #00510F" class="has-inline-color">
	Editais e Documentos
</h2>
</div>



<div class="wp-block-column is-layout-flow">
<h2 id="ProreitoriaMeioDireitaTitulo" style="color:#00510f;text-transform:uppercase;border-top: 3px solid #00510F" class="has-inline-color">
	Contato
</h2>
</div>
</div>



<div class="wp-block-columns is-layout-flex wp-container-12">
<div class="wp-block-column is-layout-flow">
<div class="wp-block-file"><a href="https://www.ifbaiano.edu.br/unidades/lapa/files/2024/07/Resultado-Final-Equipe-Ecosol.pdf">Resultado Final &#8211; Equipe Ecosol.- Publicado em 23/07/24</a></div>

<div class="wp-block-file"><a href="https://www.ifbaiano.edu.br/unidades/lapa/files/2024/07/RESULTADO-PRELIMINAR-EDITAL-119_2024.pdf">RESULTADO PRELIMINAR EDITAL 119/2024.- Publicado em 19/07/24</a></div>


<div class="wp-block-file"><a href="https://www.ifbaiano.edu.br/unidades/lapa/files/2024/07/HOMOLOGACAO-DE-INSCRICOES-EDITAL-119_2024.pdf">HOMOLOGAÇÃO DE INSCRIÇÕES EDITAL 119/2024.- Publicado em 15/07/24</a></div>

<div class="wp-block-file"><a href="https://www.ifbaiano.edu.br/unidades/lapa/files/2024/07/ANEXO-V-BAREMA-PROFESSOR-FORMADO-INTERNO-E-EXTERNO.docx">ANEXO V &#8211; BAREMA PROFESSOR FORMADO INTERNO E EXTERNO.- Publicado em 08/07/24</a></div>

<div class="wp-block-file"><a href="https://www.ifbaiano.edu.br/unidades/lapa/files/2024/07/ANEXO-VI-BAREMA-APOIO-ADMINISTRATIVO.docx">ANEXO VI &#8211; BAREMA APOIO ADMINISTRATIVO.- Publicado em 08/07/24</a></div>

<div class="wp-block-file"><a href="https://www.ifbaiano.edu.br/unidades/lapa/files/2024/07/ANEXO-VII-BAREMA-EDUCADORA-INFANTIL.docx">ANEXO VII &#8211; BAREMA EDUCADOR(A) INFANTIL.- Publicado em 08/07/24</a></div>

<div class="wp-block-file"><a href="https://www.ifbaiano.edu.br/unidades/lapa/files/2024/07/ANEXO-VIII-BAREMA-MONITORA-DISCENTE.docx">ANEXO VIII &#8211; BAREMA MONITOR(A) DISCENTE.- Publicado em 08/07/24</a></div>

<div class="wp-block-file"><a href="https://www.ifbaiano.edu.br/unidades/lapa/files/2024/07/ANEXO-X-TERMO-DE-COMPROMISSO-E-RESPONSABILIDADE.docx">ANEXO X &#8211; TERMO DE COMPROMISSO E RESPONSABILIDADE.- Publicado em 08/07/24</a></div>

<div class="wp-block-file"><a href="https://www.ifbaiano.edu.br/unidades/lapa/files/2024/07/Edital-119-2024-Programa-de-Qualificacao-Social-e-Profissional-em-Economia-Popular-Solidaria.pdf">Edital 119-2024 Programa de Qualificação Social e Profissional em Economia Popular Solidária.- Publicado em 05/07/24</a></div>
</div>



<div class="wp-block-column is-layout-flow">
<p><strong>extensao@lapa.ifbaiano.edu.br</strong></p>
</div>
</div>

<p>Apresentação Inscrições Processo Seletivo Simplificado de colaboradores internos e externos que atuarão nas funções especificadas pelo ANEXO I, no desenvolvimento das ações relacionadas ao Programa de Qualificação Social e Profissional em Economia Popular e Solidária nos Institutos Federais do Norte e Nordeste ECOSOL: Ciranda Formativa Manoel Querino Norte/Nordeste, no âmbito do Campus Bom Jesus da [&hellip;]</p>
