{"id":28255,"date":"2024-07-17T13:20:04","date_gmt":"2024-07-17T16:20:04","guid":{"rendered":"https:\/\/www.ifbaiano.edu.br\/unidades\/lapa\/?page_id=28255"},"modified":"2024-08-12T08:45:19","modified_gmt":"2024-08-12T11:45:19","slug":"edital-no29-2024","status":"publish","type":"page","link":"https:\/\/www.ifbaiano.edu.br\/unidades\/lapa\/edital-no29-2024\/","title":{"rendered":"EDITAL N\u00ba29\/2024, PROCESSO ELEITORAL PARA ESCOLHA DE INTEGRANTES DO N\u00daCLEO PERMANENTE DE PESSOAL DOCENTE DO INSTITUTO FEDERAL DE EDUCA\u00c7\u00c3O, CI\u00caNCIA E TECNOLOGIA BAIANO &#8211; CAMPUS BOM JESUS DA LAPA"},"content":{"rendered":"\n<div class=\"wp-block-columns is-layout-flex wp-container-3\">\n<div class=\"wp-block-column is-layout-flow\">\n<h2 id=\"ProreitoriaMeioDireitaTitulo\" style=\"color:#00510f;text-transform:uppercase;border-top: 3px solid #00510F\" class=\"has-inline-color\">\n    Apresenta\u00e7\u00e3o\n<\/h2>\n<\/div>\n\n\n\n<div class=\"wp-block-column is-layout-flow\">\n<h2 id=\"ProreitoriaMeioDireitaTitulo\" style=\"color:#00510f;text-transform:uppercase;border-top: 3px solid #00510F\" class=\"has-inline-color\">\n\tInscri\u00e7\u00f5es\n<\/h2>\n<\/div>\n<\/div>\n\n\n\n<div class=\"wp-block-columns is-layout-flex wp-container-6\">\n<div class=\"wp-block-column is-layout-flow\">\n<p>O DIRETOR-GERAL DO INSTITUTO FEDERAL DE EDUCA\u00c7\u00c3O, CI\u00caNCIA E TECNOLOGIA BAIANO &#8211; CAMPUS BOM JESUS DA LAPA, no uso de suas atribui\u00e7\u00f5es legais conferidas pela Portaria n\u00ba 275, de 18\/03\/2022, publicada no DOU de 21\/03\/2022, Se\u00e7\u00e3o 2, p\u00e1gina 26, e de acordo com as disposi\u00e7\u00f5es contidas na Lei n\u00ba 11.892, de 29\/12\/2008, na Lei n\u00ba 8.112\/1990, no Regimento Geral do IF Baiano e na Portaria Normativa 13\/2022 &#8211; RET-GAB\/RET\/IFBAIANO, de 11 de mar\u00e7o de 2022, e suas altera\u00e7\u00f5es, e na Portaria 54\/2024 &#8211; RET-GAB\/RET\/IFBAIANO, de 21 de fevereiro de 2024, torna p\u00fablica a abertura das inscri\u00e7\u00f5es e estabelece as normas que regulamentam o processo de elei\u00e7\u00e3o de integrantes do N\u00facleo Permanente de Pessoal Docente (NPPD) do IF Baiano &#8211; Campus Bom Jesus da Lapa, bi\u00eanio 2024-2026.<p \/>\n<\/div>\n\n\n\n<div class=\"wp-block-column is-layout-flow\">\n<p><strong>22 e 23\/07\/2024<\/strong> <br><br>\n\n\n<p><strong><\/strong><br> \n<br>\n<a href=\"\" target=\"_blank\" rel=\"noopener noreferrer\"><\/a> <\/p>\n\n<p><div class=\"wp-block-file\"><a href=\"\"><\/a><\/div>\n<\/p>\n<\/div>\n<\/div>\n\n\n\n<div class=\"wp-block-columns is-layout-flex wp-container-9\">\n<div class=\"wp-block-column is-layout-flow\">\n<h2 id=\"ProreitoriaMeioDireitaTitulo\" style=\"color:#00510f;text-transform:uppercase;border-top: 3px solid #00510F\" class=\"has-inline-color\">\n\tEditais e Documentos\n<\/h2>\n<\/div>\n\n\n\n<div class=\"wp-block-column is-layout-flow\">\n<h2 id=\"ProreitoriaMeioDireitaTitulo\" style=\"color:#00510f;text-transform:uppercase;border-top: 3px solid #00510F\" class=\"has-inline-color\">\n\tContato\n<\/h2>\n<\/div>\n<\/div>\n\n\n\n<div class=\"wp-block-columns is-layout-flex wp-container-12\">\n<div class=\"wp-block-column is-layout-flow\">\n<div class=\"wp-block-file\"><a href=\"https:\/\/www.ifbaiano.edu.br\/unidades\/lapa\/files\/2024\/08\/HOMOLOGACAO-DO-RESULTADO-FINAL-NPPD-BJL-BIENIO-2024-2026.pdf\">HOMOLOGA\u00c7\u00c3O DO RESULTADO FINAL &#8211; NPPD BJL BI\u00caNIO 2024-2026. &#8211; Publicado em 12\/08\/2024<\/a><\/div>\n\n<div class=\"wp-block-file\"><a href=\"https:\/\/www.ifbaiano.edu.br\/unidades\/lapa\/files\/2024\/08\/RESULTADO-PRELIMINAR-NPPD-BJL-BIENIO-2024-2026.pdf\">RESULTADO PRELIMINAR NPPD BJL &#8211; BI\u00caNIO 2024-2026. &#8211; Publicado em 08\/08\/2024<\/a><\/div>\n\n\n<div class=\"wp-block-file\"><a href=\"https:\/\/www.ifbaiano.edu.br\/unidades\/lapa\/files\/2024\/07\/Inscricoes-Homologadas-Edital-29_2024.pdf\">Inscri\u00e7\u00f5es Homologadas Edital 29\/2024. &#8211; Publicado em 31\/07\/2024<\/a><\/div>\n\n<div class=\"wp-block-file\"><a href=\"https:\/\/www.ifbaiano.edu.br\/unidades\/lapa\/files\/2024\/07\/Relacao-de-Docentes-Votantes-Edital-29_2024.pdf\">Rela\u00e7\u00e3o de Docentes Votantes Edital 29\/2024. &#8211; Publicado em 31\/07\/2024<\/a><\/div>\n\n\n<div class=\"wp-block-file\"><a href=\"https:\/\/www.ifbaiano.edu.br\/unidades\/lapa\/files\/2024\/07\/Edital-de-Retificacao-31_2024-Retificacao-no-1-do-Edital-29_2024.pdf\">Edital de Retifica\u00e7\u00e3o 31\/2024 &#8211; Retifica\u00e7\u00e3o n\u00ba 1 do Edital 29\/2024 . &#8211; Publicado em 31\/07\/2024<\/a><\/div>\n\n<div class=\"wp-block-file\"><a href=\"https:\/\/www.ifbaiano.edu.br\/unidades\/lapa\/files\/2024\/07\/Relacao-Preliminar-de-Docentes-Votantes-Edital-29_2024.pdf\">Rela\u00e7\u00e3o Preliminar de Docentes Votantes Edital 29\/2024. &#8211; Publicado em 24\/07\/2024<\/a><\/div>\n\n\n<div class=\"wp-block-file\"><a href=\"https:\/\/www.ifbaiano.edu.br\/unidades\/lapa\/files\/2024\/07\/Relacao-Preliminar-de-Candidatos-Inscritos-Edital-29_2024.pdf\">Rela\u00e7\u00e3o Preliminar de Candidatos Inscritos Edital 29\/2024. &#8211; Publicado em 24\/07\/2024<\/a><\/div>\n\n\n<div class=\"wp-block-file\"><a href=\"https:\/\/www.ifbaiano.edu.br\/unidades\/lapa\/files\/2024\/07\/Edital-29-2024-Processo-eleitoral-para-escolha-de-integrantes-do-Nucleo-Permanente-de-Pessoal-Docente-do-IF-Baiano-Campus-Bom-Jesus-da-Lapa-bienio-2024-2026.pdf\">Edital 29-2024 &#8211; Processo eleitoral para escolha de integrantes do N\u00facleo Permanente de Pessoal Docente do IF Baiano &#8211; Campus Bom Jesus da Lapa, bi\u00eanio 2024-2026. &#8211; Publicado em 17\/07\/2024<\/a><\/div>\n<\/div>\n\n\n\n<div class=\"wp-block-column is-layout-flow\">\n<p><strong>comissao.local@lapa.ifbaiano.edu.br<\/strong><\/p>\n<\/div>\n<\/div>\n","protected":false},"excerpt":{"rendered":"<p>Apresenta\u00e7\u00e3o Inscri\u00e7\u00f5es O DIRETOR-GERAL DO INSTITUTO FEDERAL DE EDUCA\u00c7\u00c3O, CI\u00caNCIA E TECNOLOGIA BAIANO &#8211; CAMPUS BOM JESUS DA LAPA, no uso de suas atribui\u00e7\u00f5es legais conferidas pela Portaria n\u00ba 275, de 18\/03\/2022, publicada no DOU de 21\/03\/2022, Se\u00e7\u00e3o 2, p\u00e1gina 26, e de acordo com as disposi\u00e7\u00f5es contidas na Lei n\u00ba 11.892, de 29\/12\/2008, na [&hellip;]<\/p>\n","protected":false},"author":165,"featured_media":0,"parent":0,"menu_order":0,"comment_status":"closed","ping_status":"closed","template":"","meta":[],"_links":{"self":[{"href":"https:\/\/www.ifbaiano.edu.br\/unidades\/lapa\/wp-json\/wp\/v2\/pages\/28255"}],"collection":[{"href":"https:\/\/www.ifbaiano.edu.br\/unidades\/lapa\/wp-json\/wp\/v2\/pages"}],"about":[{"href":"https:\/\/www.ifbaiano.edu.br\/unidades\/lapa\/wp-json\/wp\/v2\/types\/page"}],"author":[{"embeddable":true,"href":"https:\/\/www.ifbaiano.edu.br\/unidades\/lapa\/wp-json\/wp\/v2\/users\/165"}],"replies":[{"embeddable":true,"href":"https:\/\/www.ifbaiano.edu.br\/unidades\/lapa\/wp-json\/wp\/v2\/comments?post=28255"}],"version-history":[{"count":9,"href":"https:\/\/www.ifbaiano.edu.br\/unidades\/lapa\/wp-json\/wp\/v2\/pages\/28255\/revisions"}],"predecessor-version":[{"id":28423,"href":"https:\/\/www.ifbaiano.edu.br\/unidades\/lapa\/wp-json\/wp\/v2\/pages\/28255\/revisions\/28423"}],"wp:attachment":[{"href":"https:\/\/www.ifbaiano.edu.br\/unidades\/lapa\/wp-json\/wp\/v2\/media?parent=28255"}],"curies":[{"name":"wp","href":"https:\/\/api.w.org\/{rel}","templated":true}]}}

EDITAL Nº29/2024, PROCESSO ELEITORAL PARA ESCOLHA DE INTEGRANTES DO NÚCLEO PERMANENTE DE PESSOAL DOCENTE DO INSTITUTO FEDERAL DE EDUCAÇÃO, CIÊNCIA E TECNOLOGIA BAIANO &#8211; CAMPUS BOM JESUS DA LAPA

<div class="wp-block-columns is-layout-flex wp-container-3">
<div class="wp-block-column is-layout-flow">
<h2 id="ProreitoriaMeioDireitaTitulo" style="color:#00510f;text-transform:uppercase;border-top: 3px solid #00510F" class="has-inline-color">
    Apresentação
</h2>
</div>



<div class="wp-block-column is-layout-flow">
<h2 id="ProreitoriaMeioDireitaTitulo" style="color:#00510f;text-transform:uppercase;border-top: 3px solid #00510F" class="has-inline-color">
	Inscrições
</h2>
</div>
</div>



<div class="wp-block-columns is-layout-flex wp-container-6">
<div class="wp-block-column is-layout-flow">
<p>O DIRETOR-GERAL DO INSTITUTO FEDERAL DE EDUCAÇÃO, CIÊNCIA E TECNOLOGIA BAIANO &#8211; CAMPUS BOM JESUS DA LAPA, no uso de suas atribuições legais conferidas pela Portaria nº 275, de 18/03/2022, publicada no DOU de 21/03/2022, Seção 2, página 26, e de acordo com as disposições contidas na Lei nº 11.892, de 29/12/2008, na Lei nº 8.112/1990, no Regimento Geral do IF Baiano e na Portaria Normativa 13/2022 &#8211; RET-GAB/RET/IFBAIANO, de 11 de março de 2022, e suas alterações, e na Portaria 54/2024 &#8211; RET-GAB/RET/IFBAIANO, de 21 de fevereiro de 2024, torna pública a abertura das inscrições e estabelece as normas que regulamentam o processo de eleição de integrantes do Núcleo Permanente de Pessoal Docente (NPPD) do IF Baiano &#8211; Campus Bom Jesus da Lapa, biênio 2024-2026.<p />
</div>



<div class="wp-block-column is-layout-flow">
<p><strong>22 e 23/07/2024</strong> <br><br>


<p><strong></strong><br> 
<br>
<a href="" target="_blank" rel="noopener noreferrer"></a> </p>

<p><div class="wp-block-file"><a href=""></a></div>
</p>
</div>
</div>



<div class="wp-block-columns is-layout-flex wp-container-9">
<div class="wp-block-column is-layout-flow">
<h2 id="ProreitoriaMeioDireitaTitulo" style="color:#00510f;text-transform:uppercase;border-top: 3px solid #00510F" class="has-inline-color">
	Editais e Documentos
</h2>
</div>



<div class="wp-block-column is-layout-flow">
<h2 id="ProreitoriaMeioDireitaTitulo" style="color:#00510f;text-transform:uppercase;border-top: 3px solid #00510F" class="has-inline-color">
	Contato
</h2>
</div>
</div>



<div class="wp-block-columns is-layout-flex wp-container-12">
<div class="wp-block-column is-layout-flow">
<div class="wp-block-file"><a href="https://www.ifbaiano.edu.br/unidades/lapa/files/2024/08/HOMOLOGACAO-DO-RESULTADO-FINAL-NPPD-BJL-BIENIO-2024-2026.pdf">HOMOLOGAÇÃO DO RESULTADO FINAL &#8211; NPPD BJL BIÊNIO 2024-2026. &#8211; Publicado em 12/08/2024</a></div>

<div class="wp-block-file"><a href="https://www.ifbaiano.edu.br/unidades/lapa/files/2024/08/RESULTADO-PRELIMINAR-NPPD-BJL-BIENIO-2024-2026.pdf">RESULTADO PRELIMINAR NPPD BJL &#8211; BIÊNIO 2024-2026. &#8211; Publicado em 08/08/2024</a></div>


<div class="wp-block-file"><a href="https://www.ifbaiano.edu.br/unidades/lapa/files/2024/07/Inscricoes-Homologadas-Edital-29_2024.pdf">Inscrições Homologadas Edital 29/2024. &#8211; Publicado em 31/07/2024</a></div>

<div class="wp-block-file"><a href="https://www.ifbaiano.edu.br/unidades/lapa/files/2024/07/Relacao-de-Docentes-Votantes-Edital-29_2024.pdf">Relação de Docentes Votantes Edital 29/2024. &#8211; Publicado em 31/07/2024</a></div>


<div class="wp-block-file"><a href="https://www.ifbaiano.edu.br/unidades/lapa/files/2024/07/Edital-de-Retificacao-31_2024-Retificacao-no-1-do-Edital-29_2024.pdf">Edital de Retificação 31/2024 &#8211; Retificação nº 1 do Edital 29/2024 . &#8211; Publicado em 31/07/2024</a></div>

<div class="wp-block-file"><a href="https://www.ifbaiano.edu.br/unidades/lapa/files/2024/07/Relacao-Preliminar-de-Docentes-Votantes-Edital-29_2024.pdf">Relação Preliminar de Docentes Votantes Edital 29/2024. &#8211; Publicado em 24/07/2024</a></div>


<div class="wp-block-file"><a href="https://www.ifbaiano.edu.br/unidades/lapa/files/2024/07/Relacao-Preliminar-de-Candidatos-Inscritos-Edital-29_2024.pdf">Relação Preliminar de Candidatos Inscritos Edital 29/2024. &#8211; Publicado em 24/07/2024</a></div>


<div class="wp-block-file"><a href="https://www.ifbaiano.edu.br/unidades/lapa/files/2024/07/Edital-29-2024-Processo-eleitoral-para-escolha-de-integrantes-do-Nucleo-Permanente-de-Pessoal-Docente-do-IF-Baiano-Campus-Bom-Jesus-da-Lapa-bienio-2024-2026.pdf">Edital 29-2024 &#8211; Processo eleitoral para escolha de integrantes do Núcleo Permanente de Pessoal Docente do IF Baiano &#8211; Campus Bom Jesus da Lapa, biênio 2024-2026. &#8211; Publicado em 17/07/2024</a></div>
</div>



<div class="wp-block-column is-layout-flow">
<p><strong>comissao.local@lapa.ifbaiano.edu.br</strong></p>
</div>
</div>

<p>Apresentação Inscrições O DIRETOR-GERAL DO INSTITUTO FEDERAL DE EDUCAÇÃO, CIÊNCIA E TECNOLOGIA BAIANO &#8211; CAMPUS BOM JESUS DA LAPA, no uso de suas atribuições legais conferidas pela Portaria nº 275, de 18/03/2022, publicada no DOU de 21/03/2022, Seção 2, página 26, e de acordo com as disposições contidas na Lei nº 11.892, de 29/12/2008, na [&hellip;]</p>
