{"id":28333,"date":"2024-07-26T15:41:58","date_gmt":"2024-07-26T18:41:58","guid":{"rendered":"https:\/\/www.ifbaiano.edu.br\/unidades\/lapa\/?page_id=28333"},"modified":"2024-09-04T15:37:57","modified_gmt":"2024-09-04T18:37:57","slug":"edital-no-30","status":"publish","type":"page","link":"https:\/\/www.ifbaiano.edu.br\/unidades\/lapa\/edital-no-30\/","title":{"rendered":"Edital n\u00ba 30, de 26 de julho de 2024 PROCESSO SELETIVO PARA INGRESSO DE ESTUDANTES NOS CURSOS DA EDUCA\u00c7\u00c3O PROFISSIONAL T\u00c9CNICA DE N\u00cdVEL M\u00c9DIO, NA FORMA SUBSEQUENTE AO ENSINO M\u00c9DIO, MODALIDADE PRESENCIAL &#8211; ANO LETIVO 2024"},"content":{"rendered":"\n<div class=\"wp-block-columns is-layout-flex wp-container-3\">\n<div class=\"wp-block-column is-layout-flow\">\n<h2 id=\"ProreitoriaMeioDireitaTitulo\" style=\"color:#00510f;text-transform:uppercase;border-top: 3px solid #00510F\" class=\"has-inline-color\">\n    Apresenta\u00e7\u00e3o\n<\/h2>\n<\/div>\n\n\n\n<div class=\"wp-block-column is-layout-flow\">\n<h2 id=\"ProreitoriaMeioDireitaTitulo\" style=\"color:#00510f;text-transform:uppercase;border-top: 3px solid #00510F\" class=\"has-inline-color\">\n\tInscri\u00e7\u00f5es\n<\/h2>\n<\/div>\n<\/div>\n\n\n\n<div class=\"wp-block-columns is-layout-flex wp-container-6\">\n<div class=\"wp-block-column is-layout-flow\">\n<p>O DIRETOR-GERAL DO INSTITUTO FEDERAL DE EDUCA\u00c7\u00c3O, CI\u00caNCIA E TECNOLOGIA BAIANO (IF BAIANO) &#8211; CAMPUS BOM JESUS DA LAPA, no uso de suas atribui\u00e7\u00f5es delegadas pela Portaria n\u00ba 275, de 18\/03\/2022, publicada no DOU de 21\/03\/2022, Se\u00e7\u00e3o 2, p\u00e1gina 26, e de acordo com as disposi\u00e7\u00f5es contidas na Lei N\u00ba11.892, de 29 de dezembro de 2008,  na Lei N\u00b0 9.394, de 20 de dezembro de 1996, e suas altera\u00e7\u00f5es e, ainda, considerando a Resolu\u00e7\u00e3o do Conselho Pleno do Conselho Nacional de Educa\u00e7\u00e3o(CNE\/CP) N\u00ba 04, de 17 de dezembro de 2018; o Decreto n\u00ba 11.016, de 29 de mar\u00e7o de 2022; o Decreto N\u00ba 3.298, de 20 de dezembro de 1999; a Lei N\u00ba 12.764, de 27 de dezembro de 2012; a Lei N\u00ba 12.711, de 29 de agosto de 2012, e suas regulamenta\u00e7\u00f5es; a Lei N\u00ba 10.741, de 1\u00ba de outubro de 2003; a Lei N\u00ba 13.409, de 28 de dezembro de 2016; o Decreto N\u00ba 7.824, de 11 de outubro de 2012; a Portaria doMinist\u00e9rio da Educa\u00e7\u00e3o (MEC) N\u00ba 18, de 11 de outubro de 2012, e suas altera\u00e7\u00f5es, observando o disposto naResolu\u00e7\u00e3o N\u00ba 153\/2021-OS-CONSUP\/IFBAIANO, de 18 de agosto de 2021, na Instru\u00e7\u00e3o Normativa 67\/2023 &#8211; RET-GAB\/RET\/IFBAIANO, de 13 de setembro de 2023, naPortaria Normativa 19\/2023 &#8211; RET-GAB\/RET\/IFBAIANO, de 21 de setembro de 2023 e na legisla\u00e7\u00e3o concernente, torna p\u00fablica a abertura de inscri\u00e7\u00f5es para o processo de ingresso de estudantes de 2024, nos cursos da Educa\u00e7\u00e3o Profissional T\u00e9cnica de N\u00edvel M\u00e9dio (EPTNM), na forma subsequente ao ensino m\u00e9dio, modalidade Presencial- para o Campus Bom Jesus da Lapa, por meio de MANIFESTA\u00c7\u00c3O DE INTERESSE, conforme o n\u00famero de vagas e os cursos relacionados no Quadro 2 do subitem 1.8 deste Edital<\/p>\n<\/div>\n\n\n\n<div class=\"wp-block-column is-layout-flow\">\n<p>No site <strong>01\/08\/2024\na 12\/08\/2024<\/strong> <br>\n<p>Presencial no IF Baiano Campus Bom Jesus da Lapa <strong>01\/08\/2024 a 12\/08\/024<\/strong> \n<br><br>\n\n\n<p><strong><\/strong><br> \n<br>\n<a href=\"\" target=\"_blank\" rel=\"noopener noreferrer\"><\/a> <\/p>\n\n<p><div class=\"wp-block-file\"><a href=\"\"><\/a><\/div>\n<\/p>\n<\/div>\n<\/div>\n\n\n\n<div class=\"wp-block-columns is-layout-flex wp-container-9\">\n<div class=\"wp-block-column is-layout-flow\">\n<h2 id=\"ProreitoriaMeioDireitaTitulo\" style=\"color:#00510f;text-transform:uppercase;border-top: 3px solid #00510F\" class=\"has-inline-color\">\n\tEditais e Documentos\n<\/h2>\n<\/div>\n\n\n\n<div class=\"wp-block-column is-layout-flow\">\n<h2 id=\"ProreitoriaMeioDireitaTitulo\" style=\"color:#00510f;text-transform:uppercase;border-top: 3px solid #00510F\" class=\"has-inline-color\">\n\tContato\n<\/h2>\n<\/div>\n<\/div>\n\n\n\n<div class=\"wp-block-columns is-layout-flex wp-container-12\">\n<div class=\"wp-block-column is-layout-flow\">\n<div class=\"wp-block-file\"><a href=\"https:\/\/www.ifbaiano.edu.br\/unidades\/lapa\/files\/2024\/09\/EDITAL-No-02_2024-DE-MATRICULA-PROSEL-SUBSEQUENTE.pdf\">EDITAL N\u00ba 02\/2024 DE MATR\u00cdCULA PROSEL SUBSEQUENTE &#8211; Publicado em 04\/09\/24 <\/a><\/div>\n\n\n\n<div class=\"wp-block-file\"><a href=\"https:\/\/www.ifbaiano.edu.br\/unidades\/lapa\/files\/2024\/09\/RESULTADO-FINAL-CURSOS-TECNICOS-SUBSEQUENTES-AO-ENSINO-MEDIO-EM-AGRICULTURA-E-INFORMATICA.pdf\">RESULTADO FINAL &#8211; CURSOS T\u00c9CNICOS SUBSEQUENTES AO ENSINO M\u00c9DIO EM AGRICULTURA E INFORM\u00c1TICA &#8211; Publicado em 04\/09\/24 <\/a><\/div>\n\n\n<div class=\"wp-block-file\"><a href=\"https:\/\/www.ifbaiano.edu.br\/unidades\/lapa\/files\/2024\/08\/RESULTADO-FINAL-DO-PROCEDIMENTO-DE-HETEROIDENTIFICACAO-E-VERIFICACAO-DOCUMENTAL.pdf\">RESULTADO FINAL DO PROCEDIMENTO DE HETEROIDENTIFICA\u00c7\u00c3O E VERIFICA\u00c7\u00c3O DOCUMENTAL &#8211; Publicado em 30\/08\/24 <\/a><\/div>\n\n\n<div class=\"wp-block-file\"><a href=\"https:\/\/www.ifbaiano.edu.br\/unidades\/lapa\/files\/2024\/08\/RESULTADO-PRELIMINAR-DO-PROCEDIMENTO-DE-HETEROIDENTIFICACAO-E-VERIFICACAO-DOCUMENTAL-assinado.pdf\">RESULTADO PRELIMINAR DO PROCEDIMENTO DE HETEROIDENTIFICACAO E VERIFICACAO DOCUMENTAL &#8211; Publicado em 28\/08\/24 <\/a><\/div>\n\n\n<div class=\"wp-block-file\"><a href=\"https:\/\/www.ifbaiano.edu.br\/unidades\/lapa\/files\/2024\/08\/LISTA-DE-CONVOCACAO-DOS-AS-CANDIDATOSAS-PARA-PROCEDIMENTO-DE-HETEROIDENTIFICACAO-E-VERIFICACAO-DOCUMENTAL.pdf\">LISTA DE CONVOCACAO DOS (AS) CANDIDATOS(AS) PARA PROCEDIMENTO DE HETEROIDENTIFICAC\u0327A\u0303O E VERIFICAC\u0327A\u0303O DOCUMENTAL &#8211; Publicado em 20\/08\/24 <\/a><\/div>\n\n<div class=\"wp-block-file\"><a href=\"https:\/\/www.ifbaiano.edu.br\/unidades\/lapa\/files\/2024\/08\/LISTA-DE-CLASSIFICACAO-PRELIMINAR-DAS-INSCRICOES-.pdf\">LISTA DE CLASSIFICAC\u0327A\u0303O PRELIMINAR DAS INSCRIC\u0327O\u0303ES &#8211; Publicado em 20\/08\/24 <\/a><\/div>\n\n<div class=\"wp-block-file\"><a href=\"https:\/\/www.ifbaiano.edu.br\/unidades\/lapa\/files\/2024\/08\/LISTA-FINAL-DE-HOMOLOGACAO-DAS-INSCRICOES-.pdf\">LISTA FINAL DE HOMOLOGAC\u0327A\u0303O DAS INSCRIC\u0327O\u0303ES  &#8211; Publicado em 20\/08\/24 <\/a><\/div>\n\n\n<div class=\"wp-block-file\"><a href=\"https:\/\/www.ifbaiano.edu.br\/unidades\/lapa\/files\/2024\/08\/RESULTADOS-DOS-RECURSOS-DAS-HOMOLOGACOES-DAS-INSCRICOES-.pdf\">RESULTADOS DOS RECURSOS DAS HOMOLOGAC\u0327O\u0303ES DAS INSCRIC\u0327O\u0303ES &#8211; Publicado em 20\/08\/24 <\/a><\/div> \n\n<div class=\"wp-block-file\"><a href=\"https:\/\/www.ifbaiano.edu.br\/unidades\/lapa\/files\/2024\/08\/LISTA-PRELIMINAR-DE-HOMOLOGACAO-DAS-INSCRICOES.pdf\">LISTA PRELIMINAR DE HOMOLOGAC\u00c3O DAS INSCRIC\u00d5ES. &#8211; Publicado em 16\/08\/2024<\/a><\/div>\n\n\n<div class=\"wp-block-file\"><a href=\"https:\/\/www.ifbaiano.edu.br\/unidades\/lapa\/files\/2024\/07\/ANEXO-VI-DECLARACAO-DE-RECONHECIMENTO-DE-PERTENCIMENTO-E-DE-VINCULO-COM-COMUNIDADE-QUILOMBOLA.pdf\">ANEXO VI DECLARA\u00c7\u00c3O DE RECONHECIMENTO DE PERTENCIMENTO E DE V\u00cdNCULO COM COMUNIDADE QUILOMBOLA. &#8211; Publicado em 30\/07\/2024<\/a><\/div>\n\n\n<div class=\"wp-block-file\"><a href=\"https:\/\/www.ifbaiano.edu.br\/unidades\/lapa\/files\/2024\/07\/ANEXO-V-FORMULARIO-PARA-RECURSO.pdf\">ANEXO V FORMUL\u00c1RIO PARA RECURSO. &#8211; Publicado em 30\/07\/2024<\/a><\/div>\n\n<div class=\"wp-block-file\"><a href=\"https:\/\/www.ifbaiano.edu.br\/unidades\/lapa\/files\/2024\/07\/ANEXO-IV-AUTODECLARACAO-DE-RENDA.pdf\">ANEXO IV AUTODECLARA\u00c7\u00c3O DE RENDA. &#8211; Publicado em 30\/07\/2024<\/a><\/div>\n\n\n<div class=\"wp-block-file\"><a href=\"https:\/\/www.ifbaiano.edu.br\/unidades\/lapa\/files\/2024\/07\/ANEXO-III-DECLARACAO-DE-ESCOLA-PUBLICA.pdf\">ANEXO III  DECLARA\u00c7\u00c3O DE ESCOLA P\u00daBLICA. &#8211; Publicado em 30\/07\/2024<\/a><\/div>\n\n<div class=\"wp-block-file\"><a href=\"https:\/\/www.ifbaiano.edu.br\/unidades\/lapa\/files\/2024\/07\/ANEXO-II-CONSOLIDACAO-DA-RENDA-FAMILIAR.pdf\">ANEXO II CONSOLIDA\u00c7\u00c3O DA RENDA FAMILIAR. &#8211; Publicado em 30\/07\/2024<\/a><\/div>\n\n<div class=\"wp-block-file\"><a href=\"https:\/\/www.ifbaiano.edu.br\/unidades\/lapa\/files\/2024\/07\/Edital-no-30-de-26-de-julho-de-2024-PROCESSO-SELETIVO-CURSOS-TECNICOS-SUBSEQUENTE-AO-ENSINO-MEDIO.pdf\">Edital n\u00ba 30, de 26 de julho de 2024 &#8211; PROCESSO SELETIVO PARA INGRESSO DE ESTUDANTES NOS CURSOS DA EDUCA\u00c7\u00c3O PROFISSIONAL T\u00c9CNICA DE N\u00cdVEL M\u00c9DIO, NA FORMA SUBSEQUENTE AO ENSINO M\u00c9DIO, MODALIDADE PRESENCIAL\nANO LETIVO 2024. &#8211; Publicado em 30\/07\/2024<\/a><\/div>\n<\/div>\n\n\n\n<div class=\"wp-block-column is-layout-flow\">\n<p><strong>prosel@lapa.ifbaiano.edu.br<\/strong><\/p>\n\n<p>\n<img decoding=\"async\" loading=\"lazy\" src=\"https:\/\/www.ifbaiano.edu.br\/unidades\/lapa\/files\/2023\/10\/whatsapp.png\" alt=\"Icone WhatsApp\" width=\"30\" height=\"30\" style=\"vertical-align: bottom\">&nbsp;<strong>(77) 2102-9545<\/strong>\n<\/p>\n<\/div>\n<\/div>\n","protected":false},"excerpt":{"rendered":"<p>Apresenta\u00e7\u00e3o Inscri\u00e7\u00f5es O DIRETOR-GERAL DO INSTITUTO FEDERAL DE EDUCA\u00c7\u00c3O, CI\u00caNCIA E TECNOLOGIA BAIANO (IF BAIANO) &#8211; CAMPUS BOM JESUS DA LAPA, no uso de suas atribui\u00e7\u00f5es delegadas pela Portaria n\u00ba 275, de 18\/03\/2022, publicada no DOU de 21\/03\/2022, Se\u00e7\u00e3o 2, p\u00e1gina 26, e de acordo com as disposi\u00e7\u00f5es contidas na Lei N\u00ba11.892, de 29 de [&hellip;]<\/p>\n","protected":false},"author":165,"featured_media":0,"parent":0,"menu_order":0,"comment_status":"closed","ping_status":"closed","template":"","meta":[],"_links":{"self":[{"href":"https:\/\/www.ifbaiano.edu.br\/unidades\/lapa\/wp-json\/wp\/v2\/pages\/28333"}],"collection":[{"href":"https:\/\/www.ifbaiano.edu.br\/unidades\/lapa\/wp-json\/wp\/v2\/pages"}],"about":[{"href":"https:\/\/www.ifbaiano.edu.br\/unidades\/lapa\/wp-json\/wp\/v2\/types\/page"}],"author":[{"embeddable":true,"href":"https:\/\/www.ifbaiano.edu.br\/unidades\/lapa\/wp-json\/wp\/v2\/users\/165"}],"replies":[{"embeddable":true,"href":"https:\/\/www.ifbaiano.edu.br\/unidades\/lapa\/wp-json\/wp\/v2\/comments?post=28333"}],"version-history":[{"count":15,"href":"https:\/\/www.ifbaiano.edu.br\/unidades\/lapa\/wp-json\/wp\/v2\/pages\/28333\/revisions"}],"predecessor-version":[{"id":28677,"href":"https:\/\/www.ifbaiano.edu.br\/unidades\/lapa\/wp-json\/wp\/v2\/pages\/28333\/revisions\/28677"}],"wp:attachment":[{"href":"https:\/\/www.ifbaiano.edu.br\/unidades\/lapa\/wp-json\/wp\/v2\/media?parent=28333"}],"curies":[{"name":"wp","href":"https:\/\/api.w.org\/{rel}","templated":true}]}}

Edital nº 30, de 26 de julho de 2024 PROCESSO SELETIVO PARA INGRESSO DE ESTUDANTES NOS CURSOS DA EDUCAÇÃO PROFISSIONAL TÉCNICA DE NÍVEL MÉDIO, NA FORMA SUBSEQUENTE AO ENSINO MÉDIO, MODALIDADE PRESENCIAL &#8211; ANO LETIVO 2024

<div class="wp-block-columns is-layout-flex wp-container-3">
<div class="wp-block-column is-layout-flow">
<h2 id="ProreitoriaMeioDireitaTitulo" style="color:#00510f;text-transform:uppercase;border-top: 3px solid #00510F" class="has-inline-color">
    Apresentação
</h2>
</div>



<div class="wp-block-column is-layout-flow">
<h2 id="ProreitoriaMeioDireitaTitulo" style="color:#00510f;text-transform:uppercase;border-top: 3px solid #00510F" class="has-inline-color">
	Inscrições
</h2>
</div>
</div>



<div class="wp-block-columns is-layout-flex wp-container-6">
<div class="wp-block-column is-layout-flow">
<p>O DIRETOR-GERAL DO INSTITUTO FEDERAL DE EDUCAÇÃO, CIÊNCIA E TECNOLOGIA BAIANO (IF BAIANO) &#8211; CAMPUS BOM JESUS DA LAPA, no uso de suas atribuições delegadas pela Portaria nº 275, de 18/03/2022, publicada no DOU de 21/03/2022, Seção 2, página 26, e de acordo com as disposições contidas na Lei Nº11.892, de 29 de dezembro de 2008,  na Lei N° 9.394, de 20 de dezembro de 1996, e suas alterações e, ainda, considerando a Resolução do Conselho Pleno do Conselho Nacional de Educação(CNE/CP) Nº 04, de 17 de dezembro de 2018; o Decreto nº 11.016, de 29 de março de 2022; o Decreto Nº 3.298, de 20 de dezembro de 1999; a Lei Nº 12.764, de 27 de dezembro de 2012; a Lei Nº 12.711, de 29 de agosto de 2012, e suas regulamentações; a Lei Nº 10.741, de 1º de outubro de 2003; a Lei Nº 13.409, de 28 de dezembro de 2016; o Decreto Nº 7.824, de 11 de outubro de 2012; a Portaria doMinistério da Educação (MEC) Nº 18, de 11 de outubro de 2012, e suas alterações, observando o disposto naResolução Nº 153/2021-OS-CONSUP/IFBAIANO, de 18 de agosto de 2021, na Instrução Normativa 67/2023 &#8211; RET-GAB/RET/IFBAIANO, de 13 de setembro de 2023, naPortaria Normativa 19/2023 &#8211; RET-GAB/RET/IFBAIANO, de 21 de setembro de 2023 e na legislação concernente, torna pública a abertura de inscrições para o processo de ingresso de estudantes de 2024, nos cursos da Educação Profissional Técnica de Nível Médio (EPTNM), na forma subsequente ao ensino médio, modalidade Presencial- para o Campus Bom Jesus da Lapa, por meio de MANIFESTAÇÃO DE INTERESSE, conforme o número de vagas e os cursos relacionados no Quadro 2 do subitem 1.8 deste Edital</p>
</div>



<div class="wp-block-column is-layout-flow">
<p>No site <strong>01/08/2024
a 12/08/2024</strong> <br>
<p>Presencial no IF Baiano Campus Bom Jesus da Lapa <strong>01/08/2024 a 12/08/024</strong> 
<br><br>


<p><strong></strong><br> 
<br>
<a href="" target="_blank" rel="noopener noreferrer"></a> </p>

<p><div class="wp-block-file"><a href=""></a></div>
</p>
</div>
</div>



<div class="wp-block-columns is-layout-flex wp-container-9">
<div class="wp-block-column is-layout-flow">
<h2 id="ProreitoriaMeioDireitaTitulo" style="color:#00510f;text-transform:uppercase;border-top: 3px solid #00510F" class="has-inline-color">
	Editais e Documentos
</h2>
</div>



<div class="wp-block-column is-layout-flow">
<h2 id="ProreitoriaMeioDireitaTitulo" style="color:#00510f;text-transform:uppercase;border-top: 3px solid #00510F" class="has-inline-color">
	Contato
</h2>
</div>
</div>



<div class="wp-block-columns is-layout-flex wp-container-12">
<div class="wp-block-column is-layout-flow">
<div class="wp-block-file"><a href="https://www.ifbaiano.edu.br/unidades/lapa/files/2024/09/EDITAL-No-02_2024-DE-MATRICULA-PROSEL-SUBSEQUENTE.pdf">EDITAL Nº 02/2024 DE MATRÍCULA PROSEL SUBSEQUENTE &#8211; Publicado em 04/09/24 </a></div>



<div class="wp-block-file"><a href="https://www.ifbaiano.edu.br/unidades/lapa/files/2024/09/RESULTADO-FINAL-CURSOS-TECNICOS-SUBSEQUENTES-AO-ENSINO-MEDIO-EM-AGRICULTURA-E-INFORMATICA.pdf">RESULTADO FINAL &#8211; CURSOS TÉCNICOS SUBSEQUENTES AO ENSINO MÉDIO EM AGRICULTURA E INFORMÁTICA &#8211; Publicado em 04/09/24 </a></div>


<div class="wp-block-file"><a href="https://www.ifbaiano.edu.br/unidades/lapa/files/2024/08/RESULTADO-FINAL-DO-PROCEDIMENTO-DE-HETEROIDENTIFICACAO-E-VERIFICACAO-DOCUMENTAL.pdf">RESULTADO FINAL DO PROCEDIMENTO DE HETEROIDENTIFICAÇÃO E VERIFICAÇÃO DOCUMENTAL &#8211; Publicado em 30/08/24 </a></div>


<div class="wp-block-file"><a href="https://www.ifbaiano.edu.br/unidades/lapa/files/2024/08/RESULTADO-PRELIMINAR-DO-PROCEDIMENTO-DE-HETEROIDENTIFICACAO-E-VERIFICACAO-DOCUMENTAL-assinado.pdf">RESULTADO PRELIMINAR DO PROCEDIMENTO DE HETEROIDENTIFICACAO E VERIFICACAO DOCUMENTAL &#8211; Publicado em 28/08/24 </a></div>


<div class="wp-block-file"><a href="https://www.ifbaiano.edu.br/unidades/lapa/files/2024/08/LISTA-DE-CONVOCACAO-DOS-AS-CANDIDATOSAS-PARA-PROCEDIMENTO-DE-HETEROIDENTIFICACAO-E-VERIFICACAO-DOCUMENTAL.pdf">LISTA DE CONVOCACAO DOS (AS) CANDIDATOS(AS) PARA PROCEDIMENTO DE HETEROIDENTIFICAÇÃO E VERIFICAÇÃO DOCUMENTAL &#8211; Publicado em 20/08/24 </a></div>

<div class="wp-block-file"><a href="https://www.ifbaiano.edu.br/unidades/lapa/files/2024/08/LISTA-DE-CLASSIFICACAO-PRELIMINAR-DAS-INSCRICOES-.pdf">LISTA DE CLASSIFICAÇÃO PRELIMINAR DAS INSCRIÇÕES &#8211; Publicado em 20/08/24 </a></div>

<div class="wp-block-file"><a href="https://www.ifbaiano.edu.br/unidades/lapa/files/2024/08/LISTA-FINAL-DE-HOMOLOGACAO-DAS-INSCRICOES-.pdf">LISTA FINAL DE HOMOLOGAÇÃO DAS INSCRIÇÕES  &#8211; Publicado em 20/08/24 </a></div>


<div class="wp-block-file"><a href="https://www.ifbaiano.edu.br/unidades/lapa/files/2024/08/RESULTADOS-DOS-RECURSOS-DAS-HOMOLOGACOES-DAS-INSCRICOES-.pdf">RESULTADOS DOS RECURSOS DAS HOMOLOGAÇÕES DAS INSCRIÇÕES &#8211; Publicado em 20/08/24 </a></div> 

<div class="wp-block-file"><a href="https://www.ifbaiano.edu.br/unidades/lapa/files/2024/08/LISTA-PRELIMINAR-DE-HOMOLOGACAO-DAS-INSCRICOES.pdf">LISTA PRELIMINAR DE HOMOLOGACÃO DAS INSCRICÕES. &#8211; Publicado em 16/08/2024</a></div>


<div class="wp-block-file"><a href="https://www.ifbaiano.edu.br/unidades/lapa/files/2024/07/ANEXO-VI-DECLARACAO-DE-RECONHECIMENTO-DE-PERTENCIMENTO-E-DE-VINCULO-COM-COMUNIDADE-QUILOMBOLA.pdf">ANEXO VI DECLARAÇÃO DE RECONHECIMENTO DE PERTENCIMENTO E DE VÍNCULO COM COMUNIDADE QUILOMBOLA. &#8211; Publicado em 30/07/2024</a></div>


<div class="wp-block-file"><a href="https://www.ifbaiano.edu.br/unidades/lapa/files/2024/07/ANEXO-V-FORMULARIO-PARA-RECURSO.pdf">ANEXO V FORMULÁRIO PARA RECURSO. &#8211; Publicado em 30/07/2024</a></div>

<div class="wp-block-file"><a href="https://www.ifbaiano.edu.br/unidades/lapa/files/2024/07/ANEXO-IV-AUTODECLARACAO-DE-RENDA.pdf">ANEXO IV AUTODECLARAÇÃO DE RENDA. &#8211; Publicado em 30/07/2024</a></div>


<div class="wp-block-file"><a href="https://www.ifbaiano.edu.br/unidades/lapa/files/2024/07/ANEXO-III-DECLARACAO-DE-ESCOLA-PUBLICA.pdf">ANEXO III  DECLARAÇÃO DE ESCOLA PÚBLICA. &#8211; Publicado em 30/07/2024</a></div>

<div class="wp-block-file"><a href="https://www.ifbaiano.edu.br/unidades/lapa/files/2024/07/ANEXO-II-CONSOLIDACAO-DA-RENDA-FAMILIAR.pdf">ANEXO II CONSOLIDAÇÃO DA RENDA FAMILIAR. &#8211; Publicado em 30/07/2024</a></div>

<div class="wp-block-file"><a href="https://www.ifbaiano.edu.br/unidades/lapa/files/2024/07/Edital-no-30-de-26-de-julho-de-2024-PROCESSO-SELETIVO-CURSOS-TECNICOS-SUBSEQUENTE-AO-ENSINO-MEDIO.pdf">Edital nº 30, de 26 de julho de 2024 &#8211; PROCESSO SELETIVO PARA INGRESSO DE ESTUDANTES NOS CURSOS DA EDUCAÇÃO PROFISSIONAL TÉCNICA DE NÍVEL MÉDIO, NA FORMA SUBSEQUENTE AO ENSINO MÉDIO, MODALIDADE PRESENCIAL
ANO LETIVO 2024. &#8211; Publicado em 30/07/2024</a></div>
</div>



<div class="wp-block-column is-layout-flow">
<p><strong>prosel@lapa.ifbaiano.edu.br</strong></p>

<p>
<img decoding="async" loading="lazy" src="https://www.ifbaiano.edu.br/unidades/lapa/files/2023/10/whatsapp.png" alt="Icone WhatsApp" width="30" height="30" style="vertical-align: bottom">&nbsp;<strong>(77) 2102-9545</strong>
</p>
</div>
</div>

<p>Apresentação Inscrições O DIRETOR-GERAL DO INSTITUTO FEDERAL DE EDUCAÇÃO, CIÊNCIA E TECNOLOGIA BAIANO (IF BAIANO) &#8211; CAMPUS BOM JESUS DA LAPA, no uso de suas atribuições delegadas pela Portaria nº 275, de 18/03/2022, publicada no DOU de 21/03/2022, Seção 2, página 26, e de acordo com as disposições contidas na Lei Nº11.892, de 29 de [&hellip;]</p>
