{"id":28445,"date":"2024-08-13T16:27:37","date_gmt":"2024-08-13T19:27:37","guid":{"rendered":"https:\/\/www.ifbaiano.edu.br\/unidades\/lapa\/?page_id=28445"},"modified":"2024-09-14T08:10:50","modified_gmt":"2024-09-14T11:10:50","slug":"edital-no-33","status":"publish","type":"page","link":"https:\/\/www.ifbaiano.edu.br\/unidades\/lapa\/edital-no-33\/","title":{"rendered":"Edital n\u00ba 33\/2024, SELE\u00c7\u00c3O DE CANDIDATOS(AS) PARA PREENCHIMENTO DE VAGAS REMANESCENTES NO CURSO SUPERIOR DE TECNOLOGIA EM GEST\u00c3O DA TECNOLOGIA DA INFORMA\u00c7\u00c3O &#8211; CAMPUS BOM JESUS DA LAPA"},"content":{"rendered":"\n<div class=\"wp-block-columns is-layout-flex wp-container-3\">\n<div class=\"wp-block-column is-layout-flow\">\n<h2 id=\"ProreitoriaMeioDireitaTitulo\" style=\"color:#00510f;text-transform:uppercase;border-top: 3px solid #00510F\" class=\"has-inline-color\">\n    Apresenta\u00e7\u00e3o\n<\/h2>\n<\/div>\n\n\n\n<div class=\"wp-block-column is-layout-flow\">\n<h2 id=\"ProreitoriaMeioDireitaTitulo\" style=\"color:#00510f;text-transform:uppercase;border-top: 3px solid #00510F\" class=\"has-inline-color\">\n\tInscri\u00e7\u00f5es\n<\/h2>\n<\/div>\n<\/div>\n\n\n\n<div class=\"wp-block-columns is-layout-flex wp-container-6\">\n<div class=\"wp-block-column is-layout-flow\">\nO DIRETOR-GERAL DO INSTITUTO FEDERAL DE EDUCA\u00c7\u00c3O, CI\u00caNCIA E TECNOLOGIA BAIANO (IF BAIANO) \u2013 CAMPUS BOM JESUS DA LAPA, no uso de suas atribui\u00e7\u00f5es delegadas pela Portaria n\u00ba 275, de 18\/03\/2022, publicada no DOU de 21\/03\/2022, Se\u00e7\u00e3o 2, p\u00e1gina 26, e de acordo com as disposi\u00e7\u00f5es contidas na Lei N\u00ba11.892, de 29 de dezembro de 2008, na Lei N\u00b0 9.394, de 20 de dezembro de 1996, alterada pela Lei n\u00ba 12.796, de 04 de abril de 2013 e ainda considerando a Portaria MEC n\u00ba 18, de 11 de outubro de 2012, torna p\u00fablico o presente Edital, para preenchimento de vagas no curso de gradua\u00e7\u00e3o em Gest\u00e3o da Tecnologia da Informa\u00e7\u00e3o ofertado pelo IF Baiano Campus Bom Jesus da Lapa, para ingresso em 2024.1.\n<\/div>\n\n\n\n<div class=\"wp-block-column is-layout-flow\">\n<p>Exclusivamente Presencial <strong>00:00h de 20\/08\/2024 \u00e0s 23h59 de 29\/08\/2024.<\/strong> <br>\n\n<br><br>\n\n<p><div class=\"wp-block-file\"><a href=\"https:\/\/opinanovo.ifbaiano.edu.br\/index.php\/693397?lang=pt-BR\">INSCREVA-SE AQUI <\/a><\/div>\n<\/p>\n<\/div>\n<\/div>\n\n\n\n<div class=\"wp-block-columns is-layout-flex wp-container-9\">\n<div class=\"wp-block-column is-layout-flow\">\n<h2 id=\"ProreitoriaMeioDireitaTitulo\" style=\"color:#00510f;text-transform:uppercase;border-top: 3px solid #00510F\" class=\"has-inline-color\">\n\tEditais e Documentos\n<\/h2>\n<\/div>\n\n\n\n<div class=\"wp-block-column is-layout-flow\">\n<h2 id=\"ProreitoriaMeioDireitaTitulo\" style=\"color:#00510f;text-transform:uppercase;border-top: 3px solid #00510F\" class=\"has-inline-color\">\n\tContato\n<\/h2>\n<\/div>\n<\/div>\n\n\n\n<div class=\"wp-block-columns is-layout-flex wp-container-12\">\n<div class=\"wp-block-column is-layout-flow\">\n<div class=\"wp-block-file\"><a href=\"https:\/\/www.ifbaiano.edu.br\/unidades\/lapa\/files\/2024\/09\/Edital-36_2024-CONVOCACAO-PARA-MATRICULA-PROSEL-GTI.pdf\">Edital 36\/2024 Convoca\u00e7\u00e3o para matr\u00edculas Prosel GTI- Publicado em 13\/09\/24 <\/a><\/div>\n\n\n\n<div class=\"wp-block-file\"><a href=\"https:\/\/www.ifbaiano.edu.br\/unidades\/lapa\/files\/2024\/09\/RESULTADO-FINAL-PROSEL-GTI.pdf\">Resultado Final Prosel GTI- Publicado em 13\/09\/24 <\/a><\/div>\n\n\n<div class=\"wp-block-file\"><a href=\"https:\/\/www.ifbaiano.edu.br\/unidades\/lapa\/files\/2024\/09\/RESULTADO_PRELIMINAR-PROSEL-GTI.pdf\">Resultado Preliminar Prosel GTI- Publicado em 11\/09\/24 <\/a><\/div>\n\n\n<div class=\"wp-block-file\"><a href=\"https:\/\/www.ifbaiano.edu.br\/unidades\/lapa\/files\/2024\/09\/RESULTADO_FINAL_-_HETEROIDENTIFICACAO-PROSEL-GTI.pdf\">Resultado Final Banca de Heteroidentifica\u00e7\u00e3o Prosel GTI- Publicado em 11\/09\/24 <\/a><\/div>\n\n\n<div class=\"wp-block-file\"><a href=\"https:\/\/www.ifbaiano.edu.br\/unidades\/lapa\/files\/2024\/09\/RESULTADO-PRELIMINAR-HETEROIDENTIFICACAO-PROSEL-GTI.pdf\">Resultado Preliminar Banca de Heteroidentifica\u00e7\u00e3o Prosel GTI- Publicado em 09\/09\/24 <\/a><\/div>\n\n\n<div class=\"wp-block-file\"><a href=\"https:\/\/www.ifbaiano.edu.br\/unidades\/lapa\/files\/2024\/09\/CONVOCACAO_PARA_AS_BANCAS-DE-HETEROIDENTIFICACAO-PROSEL-GTI.pdf\">CONVOCAC\u00c3O PARA_AS BANCAS DE HETEROIDENTIFICA\u00c7\u00c3O PROSEL GTI- Publicado em 03\/09\/24 <\/a><\/div>\n\n<div class=\"wp-block-file\"><a href=\"https:\/\/www.ifbaiano.edu.br\/unidades\/lapa\/files\/2024\/09\/CLASSIFICACAO_PRELIMINAR-PROSEL-GTI.pdf\">CLASSIFICAC\u00c3O PRELIMINAR PROSEL GTI- Publicado em 03\/09\/24 <\/a><\/div>\n\n\n\n<div class=\"wp-block-file\"><a href=\"https:\/\/www.ifbaiano.edu.br\/unidades\/lapa\/files\/2024\/09\/HOMOLOGACAO_FINAL_INSCRICOES_-PROSEL-GTI.pdf\">HOMOLOGAC\u00c3O FINAL INSCRI\u00c7\u00d5ES PROSEL GTI- Publicado em 03\/09\/24 <\/a><\/div>\n\n\n\n<div class=\"wp-block-file\"><a href=\"https:\/\/www.ifbaiano.edu.br\/unidades\/lapa\/files\/2024\/08\/HOMOLOGACAO-PRELIMINAR-DE-INSCRICOES-EDITAL-33_2024-PROSEL-GESTAO-DA-TECNOLOGIA-DA-INFORMACAO.pdf\">Homologa\u00e7\u00e3o Preliminar de Inscri\u00e7\u00f5es Edital 33\/2024 Prosel Gest\u00e3o da Tecnologia da Informa\u00e7\u00e3o &#8211; Publicado em 30\/08\/24 <\/a><\/div>\n\n<div class=\"wp-block-file\"><a href=\"https:\/\/www.ifbaiano.edu.br\/unidades\/lapa\/files\/2024\/08\/Edital-de-Retificacao-34_2024-Retificacao-1-do-Edital-33_2024.pdf\"> Edital de Retifica\u00e7\u00e3o 34\/2024 &#8211; Retifica\u00e7\u00e3o n\u00ba 1 do Edital 33\/2024 &#8211; Publicado em 27\/08\/24 <\/a><\/div>\n\n\n<div class=\"wp-block-file\"><a href=\"https:\/\/www.ifbaiano.edu.br\/unidades\/lapa\/files\/2024\/08\/EDITAL-33-2024-Selecao-de-estudantes-para-o-preenchimento-de-vagas-remanescentes-do-SISU-2024.1-para-o-curso-de-graduacao-em-Gestao-da-Tecnologia-da-Informacao.pdf\">EDITAL 33-2024 Sele\u00e7\u00e3o de estudantes para o preenchimento de vagas remanescentes do SISU 2024.1 para o curso de gradua\u00e7\u00e3o em Gest\u00e3o da Tecnologia da Informa\u00e7\u00e3o &#8211; Publicado em 16\/08\/24 <\/a><\/div>\n<\/div>\n\n\n\n<div class=\"wp-block-column is-layout-flow\">\n<p><strong>prosel.sisu@lapa.ifbaiano.edu.br<\/strong><\/p>\n<\/div>\n<\/div>\n","protected":false},"excerpt":{"rendered":"<p>Apresenta\u00e7\u00e3o Inscri\u00e7\u00f5es O DIRETOR-GERAL DO INSTITUTO FEDERAL DE EDUCA\u00c7\u00c3O, CI\u00caNCIA E TECNOLOGIA BAIANO (IF BAIANO) \u2013 CAMPUS BOM JESUS DA LAPA, no uso de suas atribui\u00e7\u00f5es delegadas pela Portaria n\u00ba 275, de 18\/03\/2022, publicada no DOU de 21\/03\/2022, Se\u00e7\u00e3o 2, p\u00e1gina 26, e de acordo com as disposi\u00e7\u00f5es contidas na Lei N\u00ba11.892, de 29 de [&hellip;]<\/p>\n","protected":false},"author":165,"featured_media":0,"parent":0,"menu_order":0,"comment_status":"closed","ping_status":"closed","template":"","meta":[],"_links":{"self":[{"href":"https:\/\/www.ifbaiano.edu.br\/unidades\/lapa\/wp-json\/wp\/v2\/pages\/28445"}],"collection":[{"href":"https:\/\/www.ifbaiano.edu.br\/unidades\/lapa\/wp-json\/wp\/v2\/pages"}],"about":[{"href":"https:\/\/www.ifbaiano.edu.br\/unidades\/lapa\/wp-json\/wp\/v2\/types\/page"}],"author":[{"embeddable":true,"href":"https:\/\/www.ifbaiano.edu.br\/unidades\/lapa\/wp-json\/wp\/v2\/users\/165"}],"replies":[{"embeddable":true,"href":"https:\/\/www.ifbaiano.edu.br\/unidades\/lapa\/wp-json\/wp\/v2\/comments?post=28445"}],"version-history":[{"count":29,"href":"https:\/\/www.ifbaiano.edu.br\/unidades\/lapa\/wp-json\/wp\/v2\/pages\/28445\/revisions"}],"predecessor-version":[{"id":28856,"href":"https:\/\/www.ifbaiano.edu.br\/unidades\/lapa\/wp-json\/wp\/v2\/pages\/28445\/revisions\/28856"}],"wp:attachment":[{"href":"https:\/\/www.ifbaiano.edu.br\/unidades\/lapa\/wp-json\/wp\/v2\/media?parent=28445"}],"curies":[{"name":"wp","href":"https:\/\/api.w.org\/{rel}","templated":true}]}}

Edital nº 33/2024, SELEÇÃO DE CANDIDATOS(AS) PARA PREENCHIMENTO DE VAGAS REMANESCENTES NO CURSO SUPERIOR DE TECNOLOGIA EM GESTÃO DA TECNOLOGIA DA INFORMAÇÃO &#8211; CAMPUS BOM JESUS DA LAPA

<div class="wp-block-columns is-layout-flex wp-container-3">
<div class="wp-block-column is-layout-flow">
<h2 id="ProreitoriaMeioDireitaTitulo" style="color:#00510f;text-transform:uppercase;border-top: 3px solid #00510F" class="has-inline-color">
    Apresentação
</h2>
</div>



<div class="wp-block-column is-layout-flow">
<h2 id="ProreitoriaMeioDireitaTitulo" style="color:#00510f;text-transform:uppercase;border-top: 3px solid #00510F" class="has-inline-color">
	Inscrições
</h2>
</div>
</div>



<div class="wp-block-columns is-layout-flex wp-container-6">
<div class="wp-block-column is-layout-flow">
O DIRETOR-GERAL DO INSTITUTO FEDERAL DE EDUCAÇÃO, CIÊNCIA E TECNOLOGIA BAIANO (IF BAIANO) – CAMPUS BOM JESUS DA LAPA, no uso de suas atribuições delegadas pela Portaria nº 275, de 18/03/2022, publicada no DOU de 21/03/2022, Seção 2, página 26, e de acordo com as disposições contidas na Lei Nº11.892, de 29 de dezembro de 2008, na Lei N° 9.394, de 20 de dezembro de 1996, alterada pela Lei nº 12.796, de 04 de abril de 2013 e ainda considerando a Portaria MEC nº 18, de 11 de outubro de 2012, torna público o presente Edital, para preenchimento de vagas no curso de graduação em Gestão da Tecnologia da Informação ofertado pelo IF Baiano Campus Bom Jesus da Lapa, para ingresso em 2024.1.
</div>



<div class="wp-block-column is-layout-flow">
<p>Exclusivamente Presencial <strong>00:00h de 20/08/2024 às 23h59 de 29/08/2024.</strong> <br>

<br><br>

<p><div class="wp-block-file"><a href="https://opinanovo.ifbaiano.edu.br/index.php/693397?lang=pt-BR">INSCREVA-SE AQUI </a></div>
</p>
</div>
</div>



<div class="wp-block-columns is-layout-flex wp-container-9">
<div class="wp-block-column is-layout-flow">
<h2 id="ProreitoriaMeioDireitaTitulo" style="color:#00510f;text-transform:uppercase;border-top: 3px solid #00510F" class="has-inline-color">
	Editais e Documentos
</h2>
</div>



<div class="wp-block-column is-layout-flow">
<h2 id="ProreitoriaMeioDireitaTitulo" style="color:#00510f;text-transform:uppercase;border-top: 3px solid #00510F" class="has-inline-color">
	Contato
</h2>
</div>
</div>



<div class="wp-block-columns is-layout-flex wp-container-12">
<div class="wp-block-column is-layout-flow">
<div class="wp-block-file"><a href="https://www.ifbaiano.edu.br/unidades/lapa/files/2024/09/Edital-36_2024-CONVOCACAO-PARA-MATRICULA-PROSEL-GTI.pdf">Edital 36/2024 Convocação para matrículas Prosel GTI- Publicado em 13/09/24 </a></div>



<div class="wp-block-file"><a href="https://www.ifbaiano.edu.br/unidades/lapa/files/2024/09/RESULTADO-FINAL-PROSEL-GTI.pdf">Resultado Final Prosel GTI- Publicado em 13/09/24 </a></div>


<div class="wp-block-file"><a href="https://www.ifbaiano.edu.br/unidades/lapa/files/2024/09/RESULTADO_PRELIMINAR-PROSEL-GTI.pdf">Resultado Preliminar Prosel GTI- Publicado em 11/09/24 </a></div>


<div class="wp-block-file"><a href="https://www.ifbaiano.edu.br/unidades/lapa/files/2024/09/RESULTADO_FINAL_-_HETEROIDENTIFICACAO-PROSEL-GTI.pdf">Resultado Final Banca de Heteroidentificação Prosel GTI- Publicado em 11/09/24 </a></div>


<div class="wp-block-file"><a href="https://www.ifbaiano.edu.br/unidades/lapa/files/2024/09/RESULTADO-PRELIMINAR-HETEROIDENTIFICACAO-PROSEL-GTI.pdf">Resultado Preliminar Banca de Heteroidentificação Prosel GTI- Publicado em 09/09/24 </a></div>


<div class="wp-block-file"><a href="https://www.ifbaiano.edu.br/unidades/lapa/files/2024/09/CONVOCACAO_PARA_AS_BANCAS-DE-HETEROIDENTIFICACAO-PROSEL-GTI.pdf">CONVOCACÃO PARA_AS BANCAS DE HETEROIDENTIFICAÇÃO PROSEL GTI- Publicado em 03/09/24 </a></div>

<div class="wp-block-file"><a href="https://www.ifbaiano.edu.br/unidades/lapa/files/2024/09/CLASSIFICACAO_PRELIMINAR-PROSEL-GTI.pdf">CLASSIFICACÃO PRELIMINAR PROSEL GTI- Publicado em 03/09/24 </a></div>



<div class="wp-block-file"><a href="https://www.ifbaiano.edu.br/unidades/lapa/files/2024/09/HOMOLOGACAO_FINAL_INSCRICOES_-PROSEL-GTI.pdf">HOMOLOGACÃO FINAL INSCRIÇÕES PROSEL GTI- Publicado em 03/09/24 </a></div>



<div class="wp-block-file"><a href="https://www.ifbaiano.edu.br/unidades/lapa/files/2024/08/HOMOLOGACAO-PRELIMINAR-DE-INSCRICOES-EDITAL-33_2024-PROSEL-GESTAO-DA-TECNOLOGIA-DA-INFORMACAO.pdf">Homologação Preliminar de Inscrições Edital 33/2024 Prosel Gestão da Tecnologia da Informação &#8211; Publicado em 30/08/24 </a></div>

<div class="wp-block-file"><a href="https://www.ifbaiano.edu.br/unidades/lapa/files/2024/08/Edital-de-Retificacao-34_2024-Retificacao-1-do-Edital-33_2024.pdf"> Edital de Retificação 34/2024 &#8211; Retificação nº 1 do Edital 33/2024 &#8211; Publicado em 27/08/24 </a></div>


<div class="wp-block-file"><a href="https://www.ifbaiano.edu.br/unidades/lapa/files/2024/08/EDITAL-33-2024-Selecao-de-estudantes-para-o-preenchimento-de-vagas-remanescentes-do-SISU-2024.1-para-o-curso-de-graduacao-em-Gestao-da-Tecnologia-da-Informacao.pdf">EDITAL 33-2024 Seleção de estudantes para o preenchimento de vagas remanescentes do SISU 2024.1 para o curso de graduação em Gestão da Tecnologia da Informação &#8211; Publicado em 16/08/24 </a></div>
</div>



<div class="wp-block-column is-layout-flow">
<p><strong>prosel.sisu@lapa.ifbaiano.edu.br</strong></p>
</div>
</div>

<p>Apresentação Inscrições O DIRETOR-GERAL DO INSTITUTO FEDERAL DE EDUCAÇÃO, CIÊNCIA E TECNOLOGIA BAIANO (IF BAIANO) – CAMPUS BOM JESUS DA LAPA, no uso de suas atribuições delegadas pela Portaria nº 275, de 18/03/2022, publicada no DOU de 21/03/2022, Seção 2, página 26, e de acordo com as disposições contidas na Lei Nº11.892, de 29 de [&hellip;]</p>
