{"id":28451,"date":"2024-08-14T14:11:46","date_gmt":"2024-08-14T17:11:46","guid":{"rendered":"https:\/\/www.ifbaiano.edu.br\/unidades\/lapa\/?page_id=28451"},"modified":"2024-09-12T16:55:04","modified_gmt":"2024-09-12T19:55:04","slug":"edital-no-32","status":"publish","type":"page","link":"https:\/\/www.ifbaiano.edu.br\/unidades\/lapa\/edital-no-32\/","title":{"rendered":"Edital n\u00ba 32\/2024, de 13 de agosto de 2024 -SELE\u00c7\u00c3O DE ESTUDANTES DE N\u00cdVEL M\u00c9DIO PARA A REALIZA\u00c7\u00c3O DE EST\u00c1GIO CURRICULAR OBRIGAT\u00d3RIO NO INSTITUTO FEDERAL BAIANO CAMPUS BOM JESUS DA LAPA"},"content":{"rendered":"\n<div class=\"wp-block-columns is-layout-flex wp-container-3\">\n<div class=\"wp-block-column is-layout-flow\">\n<h2 id=\"ProreitoriaMeioDireitaTitulo\" style=\"color:#00510f;text-transform:uppercase;border-top: 3px solid #00510F\" class=\"has-inline-color\">\n    Apresenta\u00e7\u00e3o\n<\/h2>\n<\/div>\n\n\n\n<div class=\"wp-block-column is-layout-flow\">\n<h2 id=\"ProreitoriaMeioDireitaTitulo\" style=\"color:#00510f;text-transform:uppercase;border-top: 3px solid #00510F\" class=\"has-inline-color\">\n\tInscri\u00e7\u00f5es\n<\/h2>\n<\/div>\n<\/div>\n\n\n\n<div class=\"wp-block-columns is-layout-flex wp-container-6\">\n<div class=\"wp-block-column is-layout-flow\">\n<p>O DIRETOR-GERAL DO INSTITUTO FEDERAL DE EDUCA\u00c7\u00c3O, CI\u00caNCIA E TECNOLOGIA BAIANO \u2013 IF BAIANO, CAMPUS BOM JESUS DA LAPA, nomeado sob Portaria n\u00ba 275 de 21\/03\/2022, publicado no D.O.U. de 21\/03\/2022, Se\u00e7\u00e3o 2, p\u00e1gina 26, e de acordo com as disposi\u00e7\u00f5es contidas na Lei n\u00ba 11.892, de 29\/12\/2008, torna p\u00fablico o presente edital para o preenchimento de 06 (SEIS) VAGAS DE EST\u00c1GIO CURRICULAR OBRIGAT\u00d3RIO N\u00c3O REMUNERADO em per\u00edodo letivo ou f\u00e9rias, para estudantes dos cursos T\u00e9cnicos em Agricultura, Agroecologia e Inform\u00e1tica, bem como para a forma\u00e7\u00e3o de Cadastro de Reserva, para atuar nas Unidades Educativas de Campo e Administrativas deste Campus.<\/p>\n<\/div>\n\n\n\n<div class=\"wp-block-column is-layout-flow\">\n<strong> 19 a 23\/08\/2024<\/strong> No site do Campus Bom Jesus da Lapa\n<br><br>\n\n\n<p><strong><\/strong><br> \n<br>\n<a href=\"\" target=\"_blank\" rel=\"noopener noreferrer\"><\/a> <\/p>\n\n<p><div class=\"wp-block-file\"><a href=\"https:\/\/forms.gle\/JAjqM7pwSeJoTAvA6\">INSCREVA-SE AQUI <\/a><\/div>\n<\/p>\n<\/div>\n<\/div>\n\n\n\n<div class=\"wp-block-columns is-layout-flex wp-container-9\">\n<div class=\"wp-block-column is-layout-flow\">\n<h2 id=\"ProreitoriaMeioDireitaTitulo\" style=\"color:#00510f;text-transform:uppercase;border-top: 3px solid #00510F\" class=\"has-inline-color\">\n\tEditais e Documentos\n<\/h2>\n<\/div>\n\n\n\n<div class=\"wp-block-column is-layout-flow\">\n<h2 id=\"ProreitoriaMeioDireitaTitulo\" style=\"color:#00510f;text-transform:uppercase;border-top: 3px solid #00510F\" class=\"has-inline-color\">\n\tContato\n<\/h2>\n<\/div>\n<\/div>\n\n\n\n<div class=\"wp-block-columns is-layout-flex wp-container-12\">\n<div class=\"wp-block-column is-layout-flow\">\n<div class=\"wp-block-file\"><a href=\"https:\/\/www.ifbaiano.edu.br\/unidades\/lapa\/files\/2024\/09\/Homologacao-do-Resultado-Final_PROSEL_Estagiarios.pdf\">Homologa\u00e7\u00e3o do Resultado Final PROSEL Estagi\u00e1rios- Publicado em 12\/09\/24<\/a><\/div>\n\n<div class=\"wp-block-file\"><a href=\"https:\/\/www.ifbaiano.edu.br\/unidades\/lapa\/files\/2024\/09\/Homologacao-do-Resultado-Preliminar-Estagio-Curricular.pdf\">Homologa\u00e7\u00e3o do Resultado Preliminar Est\u00e1gio Curricular &#8211; Publicado em 06\/09\/24<\/a><\/div>\n\n<div class=\"wp-block-file\"><a href=\"https:\/\/www.ifbaiano.edu.br\/unidades\/lapa\/files\/2024\/09\/Entrevistas-de-Estagio.pdf\">Entrevistas de est\u00e1gio &#8211; Publicado em 02\/09\/24<\/a><\/div>\n\n<div class=\"wp-block-file\"><a href=\"https:\/\/www.ifbaiano.edu.br\/unidades\/lapa\/files\/2024\/09\/Inscricoes-de-estagio-homologadas.pdf\">Inscri\u00e7\u00f5es de est\u00e1gio homologadas- Publicado em 02\/09\/24<\/a><\/div>\n\n<div class=\"wp-block-file\"><a href=\"https:\/\/www.ifbaiano.edu.br\/unidades\/lapa\/files\/2024\/08\/EDITAL-32-2024-Selecao-de-estudantes-de-nivel-medio-para-estagio-curricular.pdf\">EDITAL 32-2024 Sele\u00e7\u00e3o de estudantes de n\u00edvel m\u00e9dio para est\u00e1gio curricular &#8211; Publicado em 15\/08\/24<\/a><\/div>\n<\/div>\n\n\n\n<div class=\"wp-block-column is-layout-flow\">\n<p><strong>estagio@lapa.ifbaiano.edu.br<\/strong><\/p>\n<\/div>\n<\/div>\n","protected":false},"excerpt":{"rendered":"<p>Apresenta\u00e7\u00e3o Inscri\u00e7\u00f5es O DIRETOR-GERAL DO INSTITUTO FEDERAL DE EDUCA\u00c7\u00c3O, CI\u00caNCIA E TECNOLOGIA BAIANO \u2013 IF BAIANO, CAMPUS BOM JESUS DA LAPA, nomeado sob Portaria n\u00ba 275 de 21\/03\/2022, publicado no D.O.U. de 21\/03\/2022, Se\u00e7\u00e3o 2, p\u00e1gina 26, e de acordo com as disposi\u00e7\u00f5es contidas na Lei n\u00ba 11.892, de 29\/12\/2008, torna p\u00fablico o presente edital [&hellip;]<\/p>\n","protected":false},"author":165,"featured_media":0,"parent":0,"menu_order":0,"comment_status":"closed","ping_status":"closed","template":"","meta":[],"_links":{"self":[{"href":"https:\/\/www.ifbaiano.edu.br\/unidades\/lapa\/wp-json\/wp\/v2\/pages\/28451"}],"collection":[{"href":"https:\/\/www.ifbaiano.edu.br\/unidades\/lapa\/wp-json\/wp\/v2\/pages"}],"about":[{"href":"https:\/\/www.ifbaiano.edu.br\/unidades\/lapa\/wp-json\/wp\/v2\/types\/page"}],"author":[{"embeddable":true,"href":"https:\/\/www.ifbaiano.edu.br\/unidades\/lapa\/wp-json\/wp\/v2\/users\/165"}],"replies":[{"embeddable":true,"href":"https:\/\/www.ifbaiano.edu.br\/unidades\/lapa\/wp-json\/wp\/v2\/comments?post=28451"}],"version-history":[{"count":16,"href":"https:\/\/www.ifbaiano.edu.br\/unidades\/lapa\/wp-json\/wp\/v2\/pages\/28451\/revisions"}],"predecessor-version":[{"id":28851,"href":"https:\/\/www.ifbaiano.edu.br\/unidades\/lapa\/wp-json\/wp\/v2\/pages\/28451\/revisions\/28851"}],"wp:attachment":[{"href":"https:\/\/www.ifbaiano.edu.br\/unidades\/lapa\/wp-json\/wp\/v2\/media?parent=28451"}],"curies":[{"name":"wp","href":"https:\/\/api.w.org\/{rel}","templated":true}]}}