{"id":29172,"date":"2024-10-30T15:31:19","date_gmt":"2024-10-30T18:31:19","guid":{"rendered":"https:\/\/www.ifbaiano.edu.br\/unidades\/lapa\/?page_id=29172"},"modified":"2024-11-12T16:22:40","modified_gmt":"2024-11-12T19:22:40","slug":"edital-no-40","status":"publish","type":"page","link":"https:\/\/www.ifbaiano.edu.br\/unidades\/lapa\/edital-no-40\/","title":{"rendered":"EDITAL N\u00ba 40\/2024 \u2013PROCESSO SELETIVO PARA MONITORES DOS CURSOS DE GRADUA\u00c7\u00c3O- SEMESTRE LETIVO 2024.1"},"content":{"rendered":"\n<div class=\"wp-block-columns is-layout-flex wp-container-3\">\n<div class=\"wp-block-column is-layout-flow\">\n<h2 id=\"ProreitoriaMeioDireitaTitulo\" style=\"color:#00510f;text-transform:uppercase;border-top: 3px solid #00510F\" class=\"has-inline-color\">\n    Apresenta\u00e7\u00e3o\n<\/h2>\n<p>\nO DIRETOR-GERAL DO INSTITUTO FEDERAL DE EDUCA\u00c7\u00c3O, CI\u00caNCIA E TECNOLOGIA BAIANO (IF BAIANO) &#8211; CAMPUS BOM JESUS DA LAPA, no uso de suas atribui\u00e7\u00f5es delegadas pela Portaria n\u00ba 275, de 18\/03\/2022, publicada no DOU de 21\/03\/2022, Se\u00e7\u00e3o 2, p\u00e1gina 26, de acordo com as disposi\u00e7\u00f5es legais em vigor, torna p\u00fablico o presente Edital que estabelece as normas para sele\u00e7\u00e3o de monitores de ensino dos cursos de gradua\u00e7\u00e3o, para o semestre letivo 2024.1, em conformidade com a Resolu\u00e7\u00e3o CONSUP\/IF Baiano n\u00ba 08, de 30 de mar\u00e7o de 2016.\n<\/p>\n<\/div>\n\n\n\n<div class=\"wp-block-column is-layout-flow\">\n<h2 id=\"ProreitoriaMeioDireitaTitulo\" style=\"color:#00510f;text-transform:uppercase;border-top: 3px solid #00510F\" class=\"has-inline-color\">\n           Inscri\u00e7\u00f5es\n<\/h2>\n <p>As inscri\u00e7\u00f5es ser\u00e3o realizadas de forma EXCLUSIVAMENTE eletr\u00f4nica pelo link abaixo, disponibilizado no per\u00edodo de 01\/11 a 04\/11, at\u00e9 \u00e0s 23:59h do \u00faltimo dia.<br> \n<br>\n<a href=\"https:\/\/forms.gle\/r8KDxGGNJweiCQev5\" target=\"_blank\" rel=\"noopener noreferrer\">INSCREVA-SE AQUI<\/a> <\/p>\n<br><br><br>\n<\/div>\n<\/div>\n\n\n\n<div class=\"wp-block-columns is-layout-flex wp-container-6\">\n<div class=\"wp-block-column is-layout-flow\">\n<h2 id=\"ProreitoriaMeioDireitaTitulo\" style=\"color:#00510f;text-transform:uppercase;border-top: 3px solid #00510F\" class=\"has-inline-color\">\n\tEditais e Documentos\n<\/h2>\n<div class=\"wp-block-file\"><a href=\"https:\/\/www.ifbaiano.edu.br\/unidades\/lapa\/files\/2024\/11\/Resultado-Final-Monitoria-de-Ensino.pdf\">RESULTADO FINAL MONITORES &#8211; Publicado em 12\/11\/2024<\/a><\/div>\n\n\n\n\n<div class=\"wp-block-file\"><a href=\"https:\/\/www.ifbaiano.edu.br\/unidades\/lapa\/files\/2024\/11\/RESULTADO-PRELIMINAR-MONITORES.pdf\">RESULTADO PRELIMINAR MONITORES &#8211; Publicado em 07\/11\/2024<\/a><\/div>\n\n<div class=\"wp-block-file\"><a href=\"https:\/\/www.ifbaiano.edu.br\/unidades\/lapa\/files\/2024\/11\/CRONOGRAMA-DE-ENTREVISTAS-Monitoria-Edital-40.pdf\">CRONOGRAMA DE ENTREVISTAS &#8211; Monitoria &#8211; Edital 40 &#8211; Publicado em 05\/11\/2024<\/a><\/div>\n\n<div class=\"wp-block-file\"><a href=\"https:\/\/www.ifbaiano.edu.br\/unidades\/lapa\/files\/2024\/10\/Edital-40-PROCESSO-SELETIVO-PARA-MONITORES-DOS-CURSOS-DE-GRADUACAO-SEMESTRE-LETIVO-2024.1.pdf\">Edital-40-PROCESSO SELETIVO PARA MONITORES DOS CURSOS DE GRADUA\u00c7\u00c3O &#8211; SEMESTRE LETIVO 2024.1 &#8211; Publicado em 30\/10\/2024<\/a><\/div>\n<\/div>\n\n\n\n<div class=\"wp-block-column is-layout-flow\">\n<h2 id=\"ProreitoriaMeioDireitaTitulo\" style=\"color:#00510f;text-transform:uppercase;border-top: 3px solid #00510F\" class=\"has-inline-color\">\n\tContato\n<\/h2>\n<p>\nselecao.monitoria@lapa.ifbaiano.edu.br\n<\/p>\n<\/div>\n<\/div>\n","protected":false},"excerpt":{"rendered":"<p>Apresenta\u00e7\u00e3o O DIRETOR-GERAL DO INSTITUTO FEDERAL DE EDUCA\u00c7\u00c3O, CI\u00caNCIA E TECNOLOGIA BAIANO (IF BAIANO) &#8211; CAMPUS BOM JESUS DA LAPA, no uso de suas atribui\u00e7\u00f5es delegadas pela Portaria n\u00ba 275, de 18\/03\/2022, publicada no DOU de 21\/03\/2022, Se\u00e7\u00e3o 2, p\u00e1gina 26, de acordo com as disposi\u00e7\u00f5es legais em vigor, torna p\u00fablico o presente Edital que [&hellip;]<\/p>\n","protected":false},"author":181,"featured_media":0,"parent":0,"menu_order":0,"comment_status":"closed","ping_status":"closed","template":"","meta":[],"_links":{"self":[{"href":"https:\/\/www.ifbaiano.edu.br\/unidades\/lapa\/wp-json\/wp\/v2\/pages\/29172"}],"collection":[{"href":"https:\/\/www.ifbaiano.edu.br\/unidades\/lapa\/wp-json\/wp\/v2\/pages"}],"about":[{"href":"https:\/\/www.ifbaiano.edu.br\/unidades\/lapa\/wp-json\/wp\/v2\/types\/page"}],"author":[{"embeddable":true,"href":"https:\/\/www.ifbaiano.edu.br\/unidades\/lapa\/wp-json\/wp\/v2\/users\/181"}],"replies":[{"embeddable":true,"href":"https:\/\/www.ifbaiano.edu.br\/unidades\/lapa\/wp-json\/wp\/v2\/comments?post=29172"}],"version-history":[{"count":9,"href":"https:\/\/www.ifbaiano.edu.br\/unidades\/lapa\/wp-json\/wp\/v2\/pages\/29172\/revisions"}],"predecessor-version":[{"id":29219,"href":"https:\/\/www.ifbaiano.edu.br\/unidades\/lapa\/wp-json\/wp\/v2\/pages\/29172\/revisions\/29219"}],"wp:attachment":[{"href":"https:\/\/www.ifbaiano.edu.br\/unidades\/lapa\/wp-json\/wp\/v2\/media?parent=29172"}],"curies":[{"name":"wp","href":"https:\/\/api.w.org\/{rel}","templated":true}]}}

EDITAL Nº 40/2024 –PROCESSO SELETIVO PARA MONITORES DOS CURSOS DE GRADUAÇÃO- SEMESTRE LETIVO 2024.1

<div class="wp-block-columns is-layout-flex wp-container-3">
<div class="wp-block-column is-layout-flow">
<h2 id="ProreitoriaMeioDireitaTitulo" style="color:#00510f;text-transform:uppercase;border-top: 3px solid #00510F" class="has-inline-color">
    Apresentação
</h2>
<p>
O DIRETOR-GERAL DO INSTITUTO FEDERAL DE EDUCAÇÃO, CIÊNCIA E TECNOLOGIA BAIANO (IF BAIANO) &#8211; CAMPUS BOM JESUS DA LAPA, no uso de suas atribuições delegadas pela Portaria nº 275, de 18/03/2022, publicada no DOU de 21/03/2022, Seção 2, página 26, de acordo com as disposições legais em vigor, torna público o presente Edital que estabelece as normas para seleção de monitores de ensino dos cursos de graduação, para o semestre letivo 2024.1, em conformidade com a Resolução CONSUP/IF Baiano nº 08, de 30 de março de 2016.
</p>
</div>



<div class="wp-block-column is-layout-flow">
<h2 id="ProreitoriaMeioDireitaTitulo" style="color:#00510f;text-transform:uppercase;border-top: 3px solid #00510F" class="has-inline-color">
           Inscrições
</h2>
 <p>As inscrições serão realizadas de forma EXCLUSIVAMENTE eletrônica pelo link abaixo, disponibilizado no período de 01/11 a 04/11, até às 23:59h do último dia.<br> 
<br>
<a href="https://forms.gle/r8KDxGGNJweiCQev5" target="_blank" rel="noopener noreferrer">INSCREVA-SE AQUI</a> </p>
<br><br><br>
</div>
</div>



<div class="wp-block-columns is-layout-flex wp-container-6">
<div class="wp-block-column is-layout-flow">
<h2 id="ProreitoriaMeioDireitaTitulo" style="color:#00510f;text-transform:uppercase;border-top: 3px solid #00510F" class="has-inline-color">
	Editais e Documentos
</h2>
<div class="wp-block-file"><a href="https://www.ifbaiano.edu.br/unidades/lapa/files/2024/11/Resultado-Final-Monitoria-de-Ensino.pdf">RESULTADO FINAL MONITORES &#8211; Publicado em 12/11/2024</a></div>




<div class="wp-block-file"><a href="https://www.ifbaiano.edu.br/unidades/lapa/files/2024/11/RESULTADO-PRELIMINAR-MONITORES.pdf">RESULTADO PRELIMINAR MONITORES &#8211; Publicado em 07/11/2024</a></div>

<div class="wp-block-file"><a href="https://www.ifbaiano.edu.br/unidades/lapa/files/2024/11/CRONOGRAMA-DE-ENTREVISTAS-Monitoria-Edital-40.pdf">CRONOGRAMA DE ENTREVISTAS &#8211; Monitoria &#8211; Edital 40 &#8211; Publicado em 05/11/2024</a></div>

<div class="wp-block-file"><a href="https://www.ifbaiano.edu.br/unidades/lapa/files/2024/10/Edital-40-PROCESSO-SELETIVO-PARA-MONITORES-DOS-CURSOS-DE-GRADUACAO-SEMESTRE-LETIVO-2024.1.pdf">Edital-40-PROCESSO SELETIVO PARA MONITORES DOS CURSOS DE GRADUAÇÃO &#8211; SEMESTRE LETIVO 2024.1 &#8211; Publicado em 30/10/2024</a></div>
</div>



<div class="wp-block-column is-layout-flow">
<h2 id="ProreitoriaMeioDireitaTitulo" style="color:#00510f;text-transform:uppercase;border-top: 3px solid #00510F" class="has-inline-color">
	Contato
</h2>
<p>
selecao.monitoria@lapa.ifbaiano.edu.br
</p>
</div>
</div>

<p>Apresentação O DIRETOR-GERAL DO INSTITUTO FEDERAL DE EDUCAÇÃO, CIÊNCIA E TECNOLOGIA BAIANO (IF BAIANO) &#8211; CAMPUS BOM JESUS DA LAPA, no uso de suas atribuições delegadas pela Portaria nº 275, de 18/03/2022, publicada no DOU de 21/03/2022, Seção 2, página 26, de acordo com as disposições legais em vigor, torna público o presente Edital que [&hellip;]</p>
