{"id":29325,"date":"2025-01-06T12:08:00","date_gmt":"2025-01-06T15:08:00","guid":{"rendered":"https:\/\/www.ifbaiano.edu.br\/unidades\/lapa\/?page_id=29325"},"modified":"2025-04-10T13:41:32","modified_gmt":"2025-04-10T16:41:32","slug":"edital-no-01-2025","status":"publish","type":"page","link":"https:\/\/www.ifbaiano.edu.br\/unidades\/lapa\/edital-no-01-2025\/","title":{"rendered":"EDITAL N\u00ba 01\/2025 \u2013 SELE\u00c7\u00c3O DE CANDIDATOS(AS) PARA PREENCHIMENTO DE VAGAS NO CURSO\u00a0 DE GRADUA\u00c7\u00c3O EM ENGENHARIA AGRON\u00d4MICA &#8211; CAMPUS BOM JESUS DA LAPA"},"content":{"rendered":"\n<div class=\"wp-block-columns is-layout-flex wp-container-3\">\n<div class=\"wp-block-column is-layout-flow\">\n<h2 id=\"ProreitoriaMeioDireitaTitulo\" style=\"color:#00510f;text-transform:uppercase;border-top: 3px solid #00510F\" class=\"has-inline-color\">\n    Apresenta\u00e7\u00e3o\n<\/h2>\n<p>O DIRETOR-GERAL DO INSTITUTO FEDERAL DE EDUCA\u00c7\u00c3O, CI\u00caNCIA E TECNOLOGIA BAIANO (IF BAIANO) \u2013 CAMPUS BOM JESUS DA LAPA, no uso de suas atribui\u00e7\u00f5es delegadas pela Portaria n\u00ba 275, de 18\/03\/2022, publicada no DOU de 21\/03\/2022, Se\u00e7\u00e3o 2, p\u00e1gina 26, e de acordo com as disposi\u00e7\u00f5es contidas na Lei N\u00ba11.892, de 29 de dezembro de 2008, na Lei N\u00b0 9.394, de 20 de dezembro de 1996, alterada pela Lei n\u00ba 12.796, de 04 de abril de 2013 e ainda considerando a Portaria MEC n\u00ba 18, de 11 de outubro de 2012, torna p\u00fablico o presente Edital, para preenchimento de vagas no curso de gradua\u00e7\u00e3o em Engenharia Agron\u00f4mica ofertado pelo IF Baiano Campus Bom Jesus da Lapa, para ingresso em 2024.2.<\/p>\n<\/div>\n\n\n\n<div class=\"wp-block-column is-layout-flow\">\n<h2 id=\"ProreitoriaMeioDireitaTitulo\" style=\"color:#00510f;text-transform:uppercase;border-top: 3px solid #00510F\" class=\"has-inline-color\">\n\tInscri\u00e7\u00f5es\n<\/h2>\n\n<p> <strong>Das 00h de 13\/01\/2025 \u00e0s 23h59 de 31\/01\/2025.<\/strong> \n<br><br><br>\n\n<a href=\"http:\/\/opinanovo.ifbaiano.edu.br\/index.php\/725717?lang=pt-BR\" target=\"_blank\" rel=\"noopener noreferrer\">INSCREVA-SE AQUI<\/a> <\/p>\n\n<br>\n<br>\n<br>\n<br>\n<br>\n\n\n<br>\n<br>\n<br>\n<br>\n<br>\n\n\n<h2 id=\"ProreitoriaMeioDireitaTitulo\" style=\"color:#00510f;text-transform:uppercase;border-top: 3px solid #00510F\" class=\"has-inline-color\">\n\tInterposi\u00e7\u00e3o de Recurso ao Edital\n<\/h2>\n<p><b> prosel.sisu@lapa.ifbaiano.edu.br<\/b><\/p>\n\n\n\n\n<br><br>\n<\/div>\n<\/div>\n\n\n\n<div class=\"wp-block-columns is-layout-flex wp-container-6\">\n<div class=\"wp-block-column is-layout-flow\">\n<h2 id=\"ProreitoriaMeioDireitaTitulo\" style=\"color:#00510f;text-transform:uppercase;border-top: 3px solid #00510F\" class=\"has-inline-color\">Editais e Documentos<\/h2>\n\n\n<div class=\"wp-block-file\"><a href=\"https:\/\/www.ifbaiano.edu.br\/unidades\/lapa\/files\/2025\/04\/5a-CHAMADA-Edital-01-2025-.pdf\"> 5\u00aa Chamada &#8211;\n        Edital 01\/2025 &#8211; Publicado em 10\/04\/2025<\/a><\/div>\n\n<div class=\"wp-block-file\"><a href=\"https:\/\/www.ifbaiano.edu.br\/unidades\/lapa\/files\/2025\/04\/4a-CHAMADA-Edital-01-2025-.pdf\"> 4\u00aa Chamada &#8211;\n        Edital 01\/2025 &#8211; Publicado em 07\/04\/2025<\/a><\/div>\n\n<div class=\"wp-block-file\"><a href=\"https:\/\/www.ifbaiano.edu.br\/unidades\/lapa\/files\/2025\/03\/3a-CHAMADA-Edital-01-2025-1.pdf\"> 3\u00aa Chamada &#8211;\n        Edital 01\/2025 &#8211; Publicado em 28\/03\/2025<\/a><\/div>\n\n<div class=\"wp-block-file\"><a href=\"https:\/\/www.ifbaiano.edu.br\/unidades\/lapa\/files\/2025\/03\/2a-CHAMADA-Edital-01-2025-.pdf\"> 2\u00ba Chamada &#8211;\n        Edital 01\/2025 &#8211; Publicado em 24\/03\/2025<\/a><\/div>\n\n<div class=\"wp-block-file\"><a href=\"https:\/\/www.ifbaiano.edu.br\/unidades\/lapa\/files\/2025\/03\/1_CHAMADA_Edital_01-2025-Eng.-Agronomica.pdf\"> 1\u00ba\n        Chamada &#8211; Edital 01\/2025 &#8211; Publicado em 17\/03\/2025<\/a><\/div>\n\n\n<div class=\"wp-block-file\"><a href=\"https:\/\/www.ifbaiano.edu.br\/unidades\/lapa\/files\/2025\/02\/Edital-de-Matricula-no-9_2025-de-25-de-fevereiro-2025.pdf\">\n        EDITAL DE MATR\u00cdCULA &#8211; Edital 01\/2025 &#8211; Publicado em 26\/02\/2025<\/a><\/div>\n\n<div class=\"wp-block-file\"><a href=\"https:\/\/www.ifbaiano.edu.br\/unidades\/lapa\/files\/2025\/02\/RESULTADO_FINAL_DO_PROCESSO_SELETIVO_assinado-1-1.pdf\">\n        RESULTADO FINAL DO PROCESSO SELETIVO &#8211; Edital 01\/2025 &#8211; Publicado em 26\/02\/2025<\/a><\/div>\n\n<div class=\"wp-block-file\"><a href=\"https:\/\/www.ifbaiano.edu.br\/unidades\/lapa\/files\/2025\/02\/Resultado_Preliminar_do_Processo_assinado.pdf\">\n        RESULTADO PRELIMINAR DO PROCESSO SELETIVO &#8211; Edital 01\/2025 &#8211; Publicado em 24\/02\/2025<\/a><\/div>\n\n<div class=\"wp-block-file\"><a href=\"https:\/\/www.ifbaiano.edu.br\/unidades\/lapa\/files\/2025\/02\/Resultado_dos_recursos_-_heteroidentificacao_assinado.pdf\">\n        RESULTADO DOS RECURSOS DO PROCEDIMENTO DE HETEROIDENTIFICA\u00c7\u00c3O &#8211; Edital 01\/2025 &#8211; Publicado em 24\/02\/2025<\/a>\n<\/div>\n\n<div class=\"wp-block-file\"><a href=\"https:\/\/www.ifbaiano.edu.br\/unidades\/lapa\/files\/2025\/02\/Resultado_preliminar_do_Procedimento_de_Heteroidentificacao.pdf\">\n        RESULTADO PRELIMINAR DO PROCEDIMENTO DE HETEROIENTIFICA\u00c7\u00c3O &#8211; Edital 01\/2025 &#8211; Publicado em 20\/02\/2025<\/a><\/div>\n\n<div class=\"wp-block-file\"><a href=\"https:\/\/www.ifbaiano.edu.br\/unidades\/lapa\/files\/2025\/02\/Publicizacao_dos_Examinadores_do_Procedimento_de_Heteroidentificacao_-_Ensino_Medio_Integrado_2025__assinado.docx_assinado.pdf\">\n        PUBLICA\u00c7\u00c3O DOS EXAMINADORES DO PROCEDIMENTO DE HETEROIDENTIFICA\u00c7\u00c3O &#8211; Edital 01\/2025 &#8211; Publicado em\n        17\/02\/2025<\/a><\/div>\n\n<div class=\"wp-block-file\"><a href=\"https:\/\/www.ifbaiano.edu.br\/unidades\/lapa\/files\/2025\/02\/CONVOCACAO_BANCA_DE_HETEROIDENTIFICACAO_assinado.pdf\">\n        CONVOCA\u00c7\u00c3O PARA A BANCA DE HETEROIDENTIFICA\u00c7\u00c3O &#8211; Edital 01\/2025 &#8211; Publicado em 11\/02\/2025<\/a><\/div>\n\n<div class=\"wp-block-file\"><a href=\"https:\/\/www.ifbaiano.edu.br\/unidades\/lapa\/files\/2025\/02\/Versao-Atualizada-do-Edital-01-2025-Com-as-retificacoes-01-e-02.pdf\">\n        EDITAL ATUALIZADO RETIFICA\u00c7\u00d5ES 01 E 02 &#8211; Edital 01\/2025 &#8211; Publicado em 11\/02\/2025<\/a><\/div>\n\n<div class=\"wp-block-file\"><a href=\"https:\/\/www.ifbaiano.edu.br\/unidades\/lapa\/files\/2025\/02\/Edital-de-retificacao-02-Edital-01-2025.pdf\">\n        EDITAL DE RETIFICA\u00c7\u00c3O 02 &#8211; Edital 01\/2025 &#8211; Publicado em 11\/02\/2025<\/a><\/div>\n\n<div class=\"wp-block-file\"><a href=\"https:\/\/www.ifbaiano.edu.br\/unidades\/lapa\/files\/2025\/02\/Homologacao_final_assinado-1.pdf\"> LISTA FINAL DE\n        CANDIDATOS(AS) HOMOLOGADOS &#8211; Edital 01\/2025 &#8211; Publicado em 10\/02\/2025<\/a><\/div>\n\n<div class=\"wp-block-file\"><a href=\"https:\/\/www.ifbaiano.edu.br\/unidades\/lapa\/files\/2025\/02\/Resultado_de_Recursos_-original.pdf\"> RESULTADO\n        DOS RECURSOS &#8211; Edital 01\/2025 &#8211; Publicado em 10\/02\/2025<\/a><\/div>\n\n<div class=\"wp-block-file\"><a href=\"https:\/\/www.ifbaiano.edu.br\/unidades\/lapa\/files\/2025\/02\/Homologacao_Preliminar_assinado.pdf\"> LISTA\n        PRELIMINAR DE CANDIDATOS(AS) HOMOLOGADOS &#8211; Edital 01\/2025 &#8211; Publicado em 06\/02\/2025<\/a><\/div>\n\n<div class=\"wp-block-file\"><a href=\"https:\/\/www.ifbaiano.edu.br\/unidades\/lapa\/files\/2025\/01\/Documento.pdf\"> RETIFICA\u00c7\u00c3O\n        N\u00ba 1 DO EDITAL 1\/2025 &#8211; Publicado em 24\/01\/2025<\/a><\/div>\n\n<div class=\"wp-block-file\"><a href=\"https:\/\/www.ifbaiano.edu.br\/unidades\/lapa\/files\/2025\/01\/EDITAL-12025.pdf\"> EDITAL N\u00ba\n        1\/2025 &#8211; SELE\u00c7\u00c3O DE CANDIDATOS(AS) PARA PREENCHIMENTO DE VAGAS NO CURSO DE GRADUA\u00c7\u00c3O EM ENGENHARIA AGRON\u00d4MICA &#8211;\n        CAMPUS BOM JESUS DA LAPA &#8211; Publicado em 08\/01\/2025<\/a><\/div>\n<\/div>\n\n\n\n<div class=\"wp-block-column is-layout-flow\">\n<h2 id=\"ProreitoriaMeioDireitaTitulo\" style=\"color:#00510f;text-transform:uppercase;border-top: 3px solid #00510F\" class=\"has-inline-color\">\n\tContato\n<\/h2>\n<p><b>prosel.sisu@lapa.ifbaiano.edu.br<\/b><\/p>\n<\/div>\n<\/div>\n","protected":false},"excerpt":{"rendered":"<p>Apresenta\u00e7\u00e3o O DIRETOR-GERAL DO INSTITUTO FEDERAL DE EDUCA\u00c7\u00c3O, CI\u00caNCIA E TECNOLOGIA BAIANO (IF BAIANO) \u2013 CAMPUS BOM JESUS DA LAPA, no uso de suas atribui\u00e7\u00f5es delegadas pela Portaria n\u00ba 275, de 18\/03\/2022, publicada no DOU de 21\/03\/2022, Se\u00e7\u00e3o 2, p\u00e1gina 26, e de acordo com as disposi\u00e7\u00f5es contidas na Lei N\u00ba11.892, de 29 de dezembro [&hellip;]<\/p>\n","protected":false},"author":181,"featured_media":0,"parent":0,"menu_order":0,"comment_status":"closed","ping_status":"closed","template":"","meta":[],"_links":{"self":[{"href":"https:\/\/www.ifbaiano.edu.br\/unidades\/lapa\/wp-json\/wp\/v2\/pages\/29325"}],"collection":[{"href":"https:\/\/www.ifbaiano.edu.br\/unidades\/lapa\/wp-json\/wp\/v2\/pages"}],"about":[{"href":"https:\/\/www.ifbaiano.edu.br\/unidades\/lapa\/wp-json\/wp\/v2\/types\/page"}],"author":[{"embeddable":true,"href":"https:\/\/www.ifbaiano.edu.br\/unidades\/lapa\/wp-json\/wp\/v2\/users\/181"}],"replies":[{"embeddable":true,"href":"https:\/\/www.ifbaiano.edu.br\/unidades\/lapa\/wp-json\/wp\/v2\/comments?post=29325"}],"version-history":[{"count":30,"href":"https:\/\/www.ifbaiano.edu.br\/unidades\/lapa\/wp-json\/wp\/v2\/pages\/29325\/revisions"}],"predecessor-version":[{"id":29691,"href":"https:\/\/www.ifbaiano.edu.br\/unidades\/lapa\/wp-json\/wp\/v2\/pages\/29325\/revisions\/29691"}],"wp:attachment":[{"href":"https:\/\/www.ifbaiano.edu.br\/unidades\/lapa\/wp-json\/wp\/v2\/media?parent=29325"}],"curies":[{"name":"wp","href":"https:\/\/api.w.org\/{rel}","templated":true}]}}

EDITAL Nº 01/2025 – SELEÇÃO DE CANDIDATOS(AS) PARA PREENCHIMENTO DE VAGAS NO CURSO  DE GRADUAÇÃO EM ENGENHARIA AGRONÔMICA &#8211; CAMPUS BOM JESUS DA LAPA

<div class="wp-block-columns is-layout-flex wp-container-3">
<div class="wp-block-column is-layout-flow">
<h2 id="ProreitoriaMeioDireitaTitulo" style="color:#00510f;text-transform:uppercase;border-top: 3px solid #00510F" class="has-inline-color">
    Apresentação
</h2>
<p>O DIRETOR-GERAL DO INSTITUTO FEDERAL DE EDUCAÇÃO, CIÊNCIA E TECNOLOGIA BAIANO (IF BAIANO) – CAMPUS BOM JESUS DA LAPA, no uso de suas atribuições delegadas pela Portaria nº 275, de 18/03/2022, publicada no DOU de 21/03/2022, Seção 2, página 26, e de acordo com as disposições contidas na Lei Nº11.892, de 29 de dezembro de 2008, na Lei N° 9.394, de 20 de dezembro de 1996, alterada pela Lei nº 12.796, de 04 de abril de 2013 e ainda considerando a Portaria MEC nº 18, de 11 de outubro de 2012, torna público o presente Edital, para preenchimento de vagas no curso de graduação em Engenharia Agronômica ofertado pelo IF Baiano Campus Bom Jesus da Lapa, para ingresso em 2024.2.</p>
</div>



<div class="wp-block-column is-layout-flow">
<h2 id="ProreitoriaMeioDireitaTitulo" style="color:#00510f;text-transform:uppercase;border-top: 3px solid #00510F" class="has-inline-color">
	Inscrições
</h2>

<p> <strong>Das 00h de 13/01/2025 às 23h59 de 31/01/2025.</strong> 
<br><br><br>

<a href="http://opinanovo.ifbaiano.edu.br/index.php/725717?lang=pt-BR" target="_blank" rel="noopener noreferrer">INSCREVA-SE AQUI</a> </p>

<br>
<br>
<br>
<br>
<br>


<br>
<br>
<br>
<br>
<br>


<h2 id="ProreitoriaMeioDireitaTitulo" style="color:#00510f;text-transform:uppercase;border-top: 3px solid #00510F" class="has-inline-color">
	Interposição de Recurso ao Edital
</h2>
<p><b> prosel.sisu@lapa.ifbaiano.edu.br</b></p>




<br><br>
</div>
</div>



<div class="wp-block-columns is-layout-flex wp-container-6">
<div class="wp-block-column is-layout-flow">
<h2 id="ProreitoriaMeioDireitaTitulo" style="color:#00510f;text-transform:uppercase;border-top: 3px solid #00510F" class="has-inline-color">Editais e Documentos</h2>


<div class="wp-block-file"><a href="https://www.ifbaiano.edu.br/unidades/lapa/files/2025/04/5a-CHAMADA-Edital-01-2025-.pdf"> 5ª Chamada &#8211;
        Edital 01/2025 &#8211; Publicado em 10/04/2025</a></div>

<div class="wp-block-file"><a href="https://www.ifbaiano.edu.br/unidades/lapa/files/2025/04/4a-CHAMADA-Edital-01-2025-.pdf"> 4ª Chamada &#8211;
        Edital 01/2025 &#8211; Publicado em 07/04/2025</a></div>

<div class="wp-block-file"><a href="https://www.ifbaiano.edu.br/unidades/lapa/files/2025/03/3a-CHAMADA-Edital-01-2025-1.pdf"> 3ª Chamada &#8211;
        Edital 01/2025 &#8211; Publicado em 28/03/2025</a></div>

<div class="wp-block-file"><a href="https://www.ifbaiano.edu.br/unidades/lapa/files/2025/03/2a-CHAMADA-Edital-01-2025-.pdf"> 2º Chamada &#8211;
        Edital 01/2025 &#8211; Publicado em 24/03/2025</a></div>

<div class="wp-block-file"><a href="https://www.ifbaiano.edu.br/unidades/lapa/files/2025/03/1_CHAMADA_Edital_01-2025-Eng.-Agronomica.pdf"> 1º
        Chamada &#8211; Edital 01/2025 &#8211; Publicado em 17/03/2025</a></div>


<div class="wp-block-file"><a href="https://www.ifbaiano.edu.br/unidades/lapa/files/2025/02/Edital-de-Matricula-no-9_2025-de-25-de-fevereiro-2025.pdf">
        EDITAL DE MATRÍCULA &#8211; Edital 01/2025 &#8211; Publicado em 26/02/2025</a></div>

<div class="wp-block-file"><a href="https://www.ifbaiano.edu.br/unidades/lapa/files/2025/02/RESULTADO_FINAL_DO_PROCESSO_SELETIVO_assinado-1-1.pdf">
        RESULTADO FINAL DO PROCESSO SELETIVO &#8211; Edital 01/2025 &#8211; Publicado em 26/02/2025</a></div>

<div class="wp-block-file"><a href="https://www.ifbaiano.edu.br/unidades/lapa/files/2025/02/Resultado_Preliminar_do_Processo_assinado.pdf">
        RESULTADO PRELIMINAR DO PROCESSO SELETIVO &#8211; Edital 01/2025 &#8211; Publicado em 24/02/2025</a></div>

<div class="wp-block-file"><a href="https://www.ifbaiano.edu.br/unidades/lapa/files/2025/02/Resultado_dos_recursos_-_heteroidentificacao_assinado.pdf">
        RESULTADO DOS RECURSOS DO PROCEDIMENTO DE HETEROIDENTIFICAÇÃO &#8211; Edital 01/2025 &#8211; Publicado em 24/02/2025</a>
</div>

<div class="wp-block-file"><a href="https://www.ifbaiano.edu.br/unidades/lapa/files/2025/02/Resultado_preliminar_do_Procedimento_de_Heteroidentificacao.pdf">
        RESULTADO PRELIMINAR DO PROCEDIMENTO DE HETEROIENTIFICAÇÃO &#8211; Edital 01/2025 &#8211; Publicado em 20/02/2025</a></div>

<div class="wp-block-file"><a href="https://www.ifbaiano.edu.br/unidades/lapa/files/2025/02/Publicizacao_dos_Examinadores_do_Procedimento_de_Heteroidentificacao_-_Ensino_Medio_Integrado_2025__assinado.docx_assinado.pdf">
        PUBLICAÇÃO DOS EXAMINADORES DO PROCEDIMENTO DE HETEROIDENTIFICAÇÃO &#8211; Edital 01/2025 &#8211; Publicado em
        17/02/2025</a></div>

<div class="wp-block-file"><a href="https://www.ifbaiano.edu.br/unidades/lapa/files/2025/02/CONVOCACAO_BANCA_DE_HETEROIDENTIFICACAO_assinado.pdf">
        CONVOCAÇÃO PARA A BANCA DE HETEROIDENTIFICAÇÃO &#8211; Edital 01/2025 &#8211; Publicado em 11/02/2025</a></div>

<div class="wp-block-file"><a href="https://www.ifbaiano.edu.br/unidades/lapa/files/2025/02/Versao-Atualizada-do-Edital-01-2025-Com-as-retificacoes-01-e-02.pdf">
        EDITAL ATUALIZADO RETIFICAÇÕES 01 E 02 &#8211; Edital 01/2025 &#8211; Publicado em 11/02/2025</a></div>

<div class="wp-block-file"><a href="https://www.ifbaiano.edu.br/unidades/lapa/files/2025/02/Edital-de-retificacao-02-Edital-01-2025.pdf">
        EDITAL DE RETIFICAÇÃO 02 &#8211; Edital 01/2025 &#8211; Publicado em 11/02/2025</a></div>

<div class="wp-block-file"><a href="https://www.ifbaiano.edu.br/unidades/lapa/files/2025/02/Homologacao_final_assinado-1.pdf"> LISTA FINAL DE
        CANDIDATOS(AS) HOMOLOGADOS &#8211; Edital 01/2025 &#8211; Publicado em 10/02/2025</a></div>

<div class="wp-block-file"><a href="https://www.ifbaiano.edu.br/unidades/lapa/files/2025/02/Resultado_de_Recursos_-original.pdf"> RESULTADO
        DOS RECURSOS &#8211; Edital 01/2025 &#8211; Publicado em 10/02/2025</a></div>

<div class="wp-block-file"><a href="https://www.ifbaiano.edu.br/unidades/lapa/files/2025/02/Homologacao_Preliminar_assinado.pdf"> LISTA
        PRELIMINAR DE CANDIDATOS(AS) HOMOLOGADOS &#8211; Edital 01/2025 &#8211; Publicado em 06/02/2025</a></div>

<div class="wp-block-file"><a href="https://www.ifbaiano.edu.br/unidades/lapa/files/2025/01/Documento.pdf"> RETIFICAÇÃO
        Nº 1 DO EDITAL 1/2025 &#8211; Publicado em 24/01/2025</a></div>

<div class="wp-block-file"><a href="https://www.ifbaiano.edu.br/unidades/lapa/files/2025/01/EDITAL-12025.pdf"> EDITAL Nº
        1/2025 &#8211; SELEÇÃO DE CANDIDATOS(AS) PARA PREENCHIMENTO DE VAGAS NO CURSO DE GRADUAÇÃO EM ENGENHARIA AGRONÔMICA &#8211;
        CAMPUS BOM JESUS DA LAPA &#8211; Publicado em 08/01/2025</a></div>
</div>



<div class="wp-block-column is-layout-flow">
<h2 id="ProreitoriaMeioDireitaTitulo" style="color:#00510f;text-transform:uppercase;border-top: 3px solid #00510F" class="has-inline-color">
	Contato
</h2>
<p><b>prosel.sisu@lapa.ifbaiano.edu.br</b></p>
</div>
</div>

<p>Apresentação O DIRETOR-GERAL DO INSTITUTO FEDERAL DE EDUCAÇÃO, CIÊNCIA E TECNOLOGIA BAIANO (IF BAIANO) – CAMPUS BOM JESUS DA LAPA, no uso de suas atribuições delegadas pela Portaria nº 275, de 18/03/2022, publicada no DOU de 21/03/2022, Seção 2, página 26, e de acordo com as disposições contidas na Lei Nº11.892, de 29 de dezembro [&hellip;]</p>
