{"id":29652,"date":"2025-04-07T16:26:16","date_gmt":"2025-04-07T19:26:16","guid":{"rendered":"https:\/\/www.ifbaiano.edu.br\/unidades\/lapa\/?page_id=29652"},"modified":"2025-09-17T11:04:24","modified_gmt":"2025-09-17T14:04:24","slug":"edital-12-2025-paise","status":"publish","type":"page","link":"https:\/\/www.ifbaiano.edu.br\/unidades\/lapa\/edital-12-2025-paise\/","title":{"rendered":"Edital 12\/2025 &#8211; PAISE"},"content":{"rendered":"\n<p><\/p>\n\n\n\n<div class=\"wp-block-columns is-layout-flex wp-container-3\">\n<div class=\"wp-block-column is-layout-flow\">\n<h2 id=\"ProreitoriaMeioDireitaTitulo\" style=\"color:#00510f;text-transform:uppercase;border-top: 3px solid #00510F\" class=\"has-inline-color\">\n    Apresenta\u00e7\u00e3o\n<\/h2>\n\n<p>O REITOR DO INSTITUTO FEDERAL DE EDUCA\u00c7\u00c3O, CI\u00caNCIA E TECNOLOGIA BAIANO &#8211; IF BAIANO , nomeado pelo\nDecreto de 26\/04\/2022, publicado no DOU de 27\/04\/2022, Se\u00e7\u00e3o 2, p\u00e1gina 01, e de acordo com as disposi\u00e7\u00f5es con0das na\nLei n\u00ba 11.892, de 29\/12\/2008, e na Lei n\u00ba 8.112, de 11\/12\/1990, considerando ainda a Lei n\u00b0 14.914, de 03 de julho de 2024\ne a Resolu\u00e7\u00e3o n\u00ba 01, de 29 de janeiro de 2019, que ins0tui a Pol\u00ed0ca de Assist\u00eancia Estudan0l no \u00e2mbito do IF Baiano,\ntorna p\u00fablico o presente Edital de Fluxo ConAnuo que estabelece as normas e crit\u00e9rios para sele\u00e7\u00e3o de estudantes em\nvulnerabilidade socioecon\u00f4mica, de cursos presenciais e a dist\u00e2ncia, de gradua\u00e7\u00e3o e de educa\u00e7\u00e3o profissional t\u00e9cnica de\nn\u00edvel m\u00e9dio, com a finalidade de par0cipa\u00e7\u00e3o na Pol\u00ed0ca de Assist\u00eancia Estudan0l deste Ins0tuto, por meio do PAISE\n(Processo 23328.250087.2025-33).<\/p>\n<\/div>\n\n\n\n<div class=\"wp-block-column is-layout-flow\">\n<h2 id=\"ProreitoriaMeioDireitaTitulo\" style=\"color:#00510f;text-transform:uppercase;border-top: 3px solid #00510F\" class=\"has-inline-color\">\n\tInscri\u00e7\u00f5es\n<\/h2>\n\n<p align=\"justify\">\n\t<strong>Per\u00edodo:<\/strong> 14\/04\/2025 a 25\/04\/2025\n<\/p>\n<\/div>\n<\/div>\n\n\n\n<div class=\"wp-block-columns is-layout-flex wp-container-6\">\n<div class=\"wp-block-column is-layout-flow\">\n\n\n<h2 id=\"ProreitoriaMeioDireitaTitulo\" style=\"color:#00510f;text-transform:uppercase;border-top: 3px solid #00510F\" class=\"has-inline-color\">\n    Editais e Documentos\n<\/h2>\n\n<div class=\"wp-block-file\">\n    <a href=\"https:\/\/www.ifbaiano.edu.br\/unidades\/lapa\/files\/2025\/09\/lista_chamada-assinado-sougov.pdf\">\n        1\u00aa LISTA DE ESPERA &#8211; publicado em 17\/09\/2025\n    <\/a>\n<\/div>\n\n<div class=\"wp-block-file\">\n    <a href=\"https:\/\/www.ifbaiano.edu.br\/unidades\/lapa\/files\/2025\/06\/RESULTADO-FINAL-2.pdf\">\n        RESULTADO FINAL &#8211; AUX\u00cdLIO MORADIA &#8211; publicado em 06\/06\/2025\n    <\/a>\n<\/div>\n\n<div class=\"wp-block-file\">\n    <a href=\"https:\/\/www.ifbaiano.edu.br\/unidades\/lapa\/files\/2025\/06\/RESULTADO-FINAL-1.pdf\">\n        RESULTADO FINAL &#8211; AUX\u00cdLIO CRECHE &#8211; publicado em 06\/06\/2025\n    <\/a>\n<\/div>\n<div class=\"wp-block-file\">\n    <a href=\"https:\/\/www.ifbaiano.edu.br\/unidades\/lapa\/files\/2025\/06\/RESULTADO-FINAL-3.pdf\">\n        RESULTADO FINAL &#8211; AUX\u00cdLIO PERMAN\u00caNCIA &#8211; publicado em 06\/06\/2025\n    <\/a>\n<\/div>\n<div class=\"wp-block-file\">\n    <a href=\"https:\/\/www.ifbaiano.edu.br\/unidades\/lapa\/files\/2025\/06\/RESULTADO-FINAL-6.pdf\">\n        RESULTADO FINAL &#8211; AUX\u00cdLIO TRANSPORTE &#8211; publicado em 06\/06\/2025\n    <\/a>\n<\/div>\n\n<div class=\"wp-block-file\">\n    <a href=\"https:\/\/www.ifbaiano.edu.br\/unidades\/lapa\/files\/2025\/06\/RESULTADO-FINAL-7.pdf\">\n        RESULTADO FINAL &#8211; CADASTRO RESERVA &#8211; AUX\u00cdLIO PERMAN\u00caNCIA &#8211; publicado em 06\/06\/2025\n    <\/a>\n<\/div>\n<div class=\"wp-block-file\">\n    <a href=\"https:\/\/www.ifbaiano.edu.br\/unidades\/lapa\/files\/2025\/06\/RESULTADO-FINAL-4.pdf\">\n        RESULTADO FINAL &#8211; CADASTRO RESERVA &#8211; AUX\u00cdLIO MORADIA &#8211; publicado em 06\/06\/2025\n    <\/a>\n<\/div>\n\n<div class=\"wp-block-file\">\n    <a href=\"https:\/\/www.ifbaiano.edu.br\/unidades\/lapa\/files\/2025\/06\/RESULTADO-FINAL-5.pdf\">\n        DESCLASSIFICADOS &#8211; RESULTADO FINAL &#8211; publicado em 06\/06\/2025\n    <\/a>\n<\/div>\n<div class=\"wp-block-file\">\n    <a href=\"https:\/\/www.ifbaiano.edu.br\/unidades\/lapa\/files\/2025\/06\/aux-moradia.pdf\">\n        RESULTADO PRELIMINAR &#8211; AUX\u00cdLIO MORADIA &#8211; publicado em 02\/06\/2025\n    <\/a>\n<\/div>\n<div class=\"wp-block-file\">\n    <a href=\"https:\/\/www.ifbaiano.edu.br\/unidades\/lapa\/files\/2025\/06\/aux-creche.pdf\">\n        RESULTADO PRELIMINAR &#8211; AUX\u00cdLIO CRECHE &#8211; publicado em 02\/06\/2025\n    <\/a>\n<\/div>\n<div class=\"wp-block-file\">\n    <a href=\"https:\/\/www.ifbaiano.edu.br\/unidades\/lapa\/files\/2025\/06\/aux-permanencia.pdf\">\n        RESULTADO PRELIMINAR &#8211; AUX\u00cdLIO PERMAN\u00caNCIA &#8211; publicado em 02\/06\/2025\n    <\/a>\n<\/div>\n<div class=\"wp-block-file\">\n    <a href=\"https:\/\/www.ifbaiano.edu.br\/unidades\/lapa\/files\/2025\/06\/aux-transporte.pdf\">\n        RESULTADO PRELIMINAR &#8211; AUX\u00cdLIO TRANSPORTE &#8211; publicado em 02\/06\/2025\n    <\/a>\n<\/div>\n\n<div class=\"wp-block-file\">\n    <a href=\"https:\/\/www.ifbaiano.edu.br\/unidades\/lapa\/files\/2025\/06\/cad-reserva-perman.pdf\">\n        CADASTRO RESERVA &#8211; AUX\u00cdLIO PERMAN\u00caNCIA &#8211; publicado em 02\/06\/2025\n    <\/a>\n<\/div>\n<div class=\"wp-block-file\">\n    <a href=\"https:\/\/www.ifbaiano.edu.br\/unidades\/lapa\/files\/2025\/06\/cad-reserva-moradia.pdf\">\n        CADASTRO RESERVA &#8211; AUX\u00cdLIO MORADIA &#8211; publicado em 02\/06\/2025\n    <\/a>\n<\/div>\n\n<div class=\"wp-block-file\">\n    <a href=\"https:\/\/www.ifbaiano.edu.br\/unidades\/lapa\/files\/2025\/06\/desclassif.pdf\">\n        DESCLASSIFICADOS &#8211; publicado em 02\/06\/2025\n    <\/a>\n<\/div>\n<div class=\"wp-block-file\">\n    <a href=\"https:\/\/www.ifbaiano.edu.br\/unidades\/lapa\/files\/2025\/05\/Retificacao-1-do-Edital-12-2025-referente-ao-Programa-de-Assistencia-e-Inclusao-Social-do-Estudante-PAISE-ano-letivo-2025-Campus-Bom-Jesus-da-Lapa.pdf\">\n        RETIFICA\u00c7\u00c3O N\u00ba 1 DO EDITAL 12\/2025 &#8211; publicado em 29\/05\/2025\n    <\/a>\n<\/div>\n<div class=\"wp-block-file\">\n    <a href=\"https:\/\/www.ifbaiano.edu.br\/unidades\/lapa\/files\/2025\/05\/Informe-para-Entrevista-Social-PAISE-2025.odt\">\n        Informes acerca das entrevistas &#8211; publicado em 08\/05\/2025\n    <\/a>\n<\/div>\n\n<div class=\"wp-block-file\">\n    <a href=\"https:\/\/www.ifbaiano.edu.br\/unidades\/lapa\/files\/2025\/05\/Inscricoes-nao-homologadas-Edital-PAISE-12_2025.pdf\">\n        Inscri\u00e7\u00f5es N\u00c3O homologadas &#8211; publicado em 08\/05\/2025\n    <\/a>\n<\/div>\n<div class=\"wp-block-file\">\n    <a href=\"https:\/\/www.ifbaiano.edu.br\/unidades\/lapa\/files\/2025\/05\/Informe-para-Entrevista-Social-PAISE-2025.odt\">\n        Informes acerca das entrevistas &#8211; publicado em 08\/05\/2025\n    <\/a>\n<\/div>\n<div class=\"wp-block-file\">\n    <a href=\"https:\/\/www.ifbaiano.edu.br\/unidades\/lapa\/files\/2025\/05\/Entrevista-PAISE-2025-Transporte.pdf\">\n        Entrevistas aux\u00edlio TRANSPORTE &#8211; publicado em 08\/05\/2025\n    <\/a>\n<\/div>\n<div class=\"wp-block-file\">\n    <a href=\"https:\/\/www.ifbaiano.edu.br\/unidades\/lapa\/files\/2025\/05\/Entrevista-PAISE-2025-Permanencia.pdf\">\n        Entrevistas aux\u00edlio PERMAN\u00caNCIA &#8211; publicado em 08\/05\/2025\n    <\/a>\n<\/div>\n<div class=\"wp-block-file\">\n    <a href=\"https:\/\/www.ifbaiano.edu.br\/unidades\/lapa\/files\/2025\/05\/Entrevista-PAISE-2025-MORADIA.pdf\">\n        Entrevistas aux\u00edlio MORADIA &#8211; publicado em 08\/05\/2025\n    <\/a>\n<\/div>\n<div class=\"wp-block-file\">\n    <a href=\"https:\/\/www.ifbaiano.edu.br\/unidades\/lapa\/files\/2025\/05\/Entrevista-PAISE-2025-Noturno.pdf\">\n        Entrevistas aux\u00edlios ESTUDANTES DO NOTURNO &#8211; publicado em 08\/05\/2025\n    <\/a>\n<\/div>\n<div class=\"wp-block-file\">\n    <a href=\"https:\/\/www.ifbaiano.edu.br\/unidades\/lapa\/files\/2025\/05\/Entrevista-PAISE-2025-Creche.pdf\">\n        Entrevistas aux\u00edlio CRECHE &#8211; publicado em 08\/05\/2025\n    <\/a>\n<\/div>\n<div class=\"wp-block-file\">\n    <a href=\"https:\/\/www.ifbaiano.edu.br\/unidades\/lapa\/files\/2025\/04\/Edital-12-2025-PAISE-CAMPUS-BJL.pdf\">\n        Edital\n        12\/2025 PAISE- publicado em 07\/04\/2025\n    <\/a>\n<\/div>\n<\/div>\n\n\n\n<div class=\"wp-block-column is-layout-flow\">\n<h2 id=\"ProreitoriaMeioDireitaTitulo\" style=\"color:#00510f;text-transform:uppercase;border-top: 3px solid #00510F\" class=\"has-inline-color\">\n\tContato\n<\/h2>\n\n<p align=\"justify\">clae@lapa.ifbaiano.edu.br<\/p>\n<\/div>\n<\/div>\n","protected":false},"excerpt":{"rendered":"<p>Apresenta\u00e7\u00e3o O REITOR DO INSTITUTO FEDERAL DE EDUCA\u00c7\u00c3O, CI\u00caNCIA E TECNOLOGIA BAIANO &#8211; IF BAIANO , nomeado pelo Decreto de 26\/04\/2022, publicado no DOU de 27\/04\/2022, Se\u00e7\u00e3o 2, p\u00e1gina 01, e de acordo com as disposi\u00e7\u00f5es con0das na Lei n\u00ba 11.892, de 29\/12\/2008, e na Lei n\u00ba 8.112, de 11\/12\/1990, considerando ainda a Lei n\u00b0 [&hellip;]<\/p>\n","protected":false},"author":192,"featured_media":0,"parent":0,"menu_order":0,"comment_status":"closed","ping_status":"closed","template":"","meta":[],"_links":{"self":[{"href":"https:\/\/www.ifbaiano.edu.br\/unidades\/lapa\/wp-json\/wp\/v2\/pages\/29652"}],"collection":[{"href":"https:\/\/www.ifbaiano.edu.br\/unidades\/lapa\/wp-json\/wp\/v2\/pages"}],"about":[{"href":"https:\/\/www.ifbaiano.edu.br\/unidades\/lapa\/wp-json\/wp\/v2\/types\/page"}],"author":[{"embeddable":true,"href":"https:\/\/www.ifbaiano.edu.br\/unidades\/lapa\/wp-json\/wp\/v2\/users\/192"}],"replies":[{"embeddable":true,"href":"https:\/\/www.ifbaiano.edu.br\/unidades\/lapa\/wp-json\/wp\/v2\/comments?post=29652"}],"version-history":[{"count":8,"href":"https:\/\/www.ifbaiano.edu.br\/unidades\/lapa\/wp-json\/wp\/v2\/pages\/29652\/revisions"}],"predecessor-version":[{"id":30129,"href":"https:\/\/www.ifbaiano.edu.br\/unidades\/lapa\/wp-json\/wp\/v2\/pages\/29652\/revisions\/30129"}],"wp:attachment":[{"href":"https:\/\/www.ifbaiano.edu.br\/unidades\/lapa\/wp-json\/wp\/v2\/media?parent=29652"}],"curies":[{"name":"wp","href":"https:\/\/api.w.org\/{rel}","templated":true}]}}

<p></p>



<div class="wp-block-columns is-layout-flex wp-container-3">
<div class="wp-block-column is-layout-flow">
<h2 id="ProreitoriaMeioDireitaTitulo" style="color:#00510f;text-transform:uppercase;border-top: 3px solid #00510F" class="has-inline-color">
    Apresentação
</h2>

<p>O REITOR DO INSTITUTO FEDERAL DE EDUCAÇÃO, CIÊNCIA E TECNOLOGIA BAIANO &#8211; IF BAIANO , nomeado pelo
Decreto de 26/04/2022, publicado no DOU de 27/04/2022, Seção 2, página 01, e de acordo com as disposições con0das na
Lei nº 11.892, de 29/12/2008, e na Lei nº 8.112, de 11/12/1990, considerando ainda a Lei n° 14.914, de 03 de julho de 2024
e a Resolução nº 01, de 29 de janeiro de 2019, que ins0tui a Polí0ca de Assistência Estudan0l no âmbito do IF Baiano,
torna público o presente Edital de Fluxo ConAnuo que estabelece as normas e critérios para seleção de estudantes em
vulnerabilidade socioeconômica, de cursos presenciais e a distância, de graduação e de educação profissional técnica de
nível médio, com a finalidade de par0cipação na Polí0ca de Assistência Estudan0l deste Ins0tuto, por meio do PAISE
(Processo 23328.250087.2025-33).</p>
</div>



<div class="wp-block-column is-layout-flow">
<h2 id="ProreitoriaMeioDireitaTitulo" style="color:#00510f;text-transform:uppercase;border-top: 3px solid #00510F" class="has-inline-color">
	Inscrições
</h2>

<p align="justify">
	<strong>Período:</strong> 14/04/2025 a 25/04/2025
</p>
</div>
</div>



<div class="wp-block-columns is-layout-flex wp-container-6">
<div class="wp-block-column is-layout-flow">


<h2 id="ProreitoriaMeioDireitaTitulo" style="color:#00510f;text-transform:uppercase;border-top: 3px solid #00510F" class="has-inline-color">
    Editais e Documentos
</h2>

<div class="wp-block-file">
    <a href="https://www.ifbaiano.edu.br/unidades/lapa/files/2025/09/lista_chamada-assinado-sougov.pdf">
        1ª LISTA DE ESPERA &#8211; publicado em 17/09/2025
    </a>
</div>

<div class="wp-block-file">
    <a href="https://www.ifbaiano.edu.br/unidades/lapa/files/2025/06/RESULTADO-FINAL-2.pdf">
        RESULTADO FINAL &#8211; AUXÍLIO MORADIA &#8211; publicado em 06/06/2025
    </a>
</div>

<div class="wp-block-file">
    <a href="https://www.ifbaiano.edu.br/unidades/lapa/files/2025/06/RESULTADO-FINAL-1.pdf">
        RESULTADO FINAL &#8211; AUXÍLIO CRECHE &#8211; publicado em 06/06/2025
    </a>
</div>
<div class="wp-block-file">
    <a href="https://www.ifbaiano.edu.br/unidades/lapa/files/2025/06/RESULTADO-FINAL-3.pdf">
        RESULTADO FINAL &#8211; AUXÍLIO PERMANÊNCIA &#8211; publicado em 06/06/2025
    </a>
</div>
<div class="wp-block-file">
    <a href="https://www.ifbaiano.edu.br/unidades/lapa/files/2025/06/RESULTADO-FINAL-6.pdf">
        RESULTADO FINAL &#8211; AUXÍLIO TRANSPORTE &#8211; publicado em 06/06/2025
    </a>
</div>

<div class="wp-block-file">
    <a href="https://www.ifbaiano.edu.br/unidades/lapa/files/2025/06/RESULTADO-FINAL-7.pdf">
        RESULTADO FINAL &#8211; CADASTRO RESERVA &#8211; AUXÍLIO PERMANÊNCIA &#8211; publicado em 06/06/2025
    </a>
</div>
<div class="wp-block-file">
    <a href="https://www.ifbaiano.edu.br/unidades/lapa/files/2025/06/RESULTADO-FINAL-4.pdf">
        RESULTADO FINAL &#8211; CADASTRO RESERVA &#8211; AUXÍLIO MORADIA &#8211; publicado em 06/06/2025
    </a>
</div>

<div class="wp-block-file">
    <a href="https://www.ifbaiano.edu.br/unidades/lapa/files/2025/06/RESULTADO-FINAL-5.pdf">
        DESCLASSIFICADOS &#8211; RESULTADO FINAL &#8211; publicado em 06/06/2025
    </a>
</div>
<div class="wp-block-file">
    <a href="https://www.ifbaiano.edu.br/unidades/lapa/files/2025/06/aux-moradia.pdf">
        RESULTADO PRELIMINAR &#8211; AUXÍLIO MORADIA &#8211; publicado em 02/06/2025
    </a>
</div>
<div class="wp-block-file">
    <a href="https://www.ifbaiano.edu.br/unidades/lapa/files/2025/06/aux-creche.pdf">
        RESULTADO PRELIMINAR &#8211; AUXÍLIO CRECHE &#8211; publicado em 02/06/2025
    </a>
</div>
<div class="wp-block-file">
    <a href="https://www.ifbaiano.edu.br/unidades/lapa/files/2025/06/aux-permanencia.pdf">
        RESULTADO PRELIMINAR &#8211; AUXÍLIO PERMANÊNCIA &#8211; publicado em 02/06/2025
    </a>
</div>
<div class="wp-block-file">
    <a href="https://www.ifbaiano.edu.br/unidades/lapa/files/2025/06/aux-transporte.pdf">
        RESULTADO PRELIMINAR &#8211; AUXÍLIO TRANSPORTE &#8211; publicado em 02/06/2025
    </a>
</div>

<div class="wp-block-file">
    <a href="https://www.ifbaiano.edu.br/unidades/lapa/files/2025/06/cad-reserva-perman.pdf">
        CADASTRO RESERVA &#8211; AUXÍLIO PERMANÊNCIA &#8211; publicado em 02/06/2025
    </a>
</div>
<div class="wp-block-file">
    <a href="https://www.ifbaiano.edu.br/unidades/lapa/files/2025/06/cad-reserva-moradia.pdf">
        CADASTRO RESERVA &#8211; AUXÍLIO MORADIA &#8211; publicado em 02/06/2025
    </a>
</div>

<div class="wp-block-file">
    <a href="https://www.ifbaiano.edu.br/unidades/lapa/files/2025/06/desclassif.pdf">
        DESCLASSIFICADOS &#8211; publicado em 02/06/2025
    </a>
</div>
<div class="wp-block-file">
    <a href="https://www.ifbaiano.edu.br/unidades/lapa/files/2025/05/Retificacao-1-do-Edital-12-2025-referente-ao-Programa-de-Assistencia-e-Inclusao-Social-do-Estudante-PAISE-ano-letivo-2025-Campus-Bom-Jesus-da-Lapa.pdf">
        RETIFICAÇÃO Nº 1 DO EDITAL 12/2025 &#8211; publicado em 29/05/2025
    </a>
</div>
<div class="wp-block-file">
    <a href="https://www.ifbaiano.edu.br/unidades/lapa/files/2025/05/Informe-para-Entrevista-Social-PAISE-2025.odt">
        Informes acerca das entrevistas &#8211; publicado em 08/05/2025
    </a>
</div>

<div class="wp-block-file">
    <a href="https://www.ifbaiano.edu.br/unidades/lapa/files/2025/05/Inscricoes-nao-homologadas-Edital-PAISE-12_2025.pdf">
        Inscrições NÃO homologadas &#8211; publicado em 08/05/2025
    </a>
</div>
<div class="wp-block-file">
    <a href="https://www.ifbaiano.edu.br/unidades/lapa/files/2025/05/Informe-para-Entrevista-Social-PAISE-2025.odt">
        Informes acerca das entrevistas &#8211; publicado em 08/05/2025
    </a>
</div>
<div class="wp-block-file">
    <a href="https://www.ifbaiano.edu.br/unidades/lapa/files/2025/05/Entrevista-PAISE-2025-Transporte.pdf">
        Entrevistas auxílio TRANSPORTE &#8211; publicado em 08/05/2025
    </a>
</div>
<div class="wp-block-file">
    <a href="https://www.ifbaiano.edu.br/unidades/lapa/files/2025/05/Entrevista-PAISE-2025-Permanencia.pdf">
        Entrevistas auxílio PERMANÊNCIA &#8211; publicado em 08/05/2025
    </a>
</div>
<div class="wp-block-file">
    <a href="https://www.ifbaiano.edu.br/unidades/lapa/files/2025/05/Entrevista-PAISE-2025-MORADIA.pdf">
        Entrevistas auxílio MORADIA &#8211; publicado em 08/05/2025
    </a>
</div>
<div class="wp-block-file">
    <a href="https://www.ifbaiano.edu.br/unidades/lapa/files/2025/05/Entrevista-PAISE-2025-Noturno.pdf">
        Entrevistas auxílios ESTUDANTES DO NOTURNO &#8211; publicado em 08/05/2025
    </a>
</div>
<div class="wp-block-file">
    <a href="https://www.ifbaiano.edu.br/unidades/lapa/files/2025/05/Entrevista-PAISE-2025-Creche.pdf">
        Entrevistas auxílio CRECHE &#8211; publicado em 08/05/2025
    </a>
</div>
<div class="wp-block-file">
    <a href="https://www.ifbaiano.edu.br/unidades/lapa/files/2025/04/Edital-12-2025-PAISE-CAMPUS-BJL.pdf">
        Edital
        12/2025 PAISE- publicado em 07/04/2025
    </a>
</div>
</div>



<div class="wp-block-column is-layout-flow">
<h2 id="ProreitoriaMeioDireitaTitulo" style="color:#00510f;text-transform:uppercase;border-top: 3px solid #00510F" class="has-inline-color">
	Contato
</h2>

<p align="justify">clae@lapa.ifbaiano.edu.br</p>
</div>
</div>

<p>Apresentação O REITOR DO INSTITUTO FEDERAL DE EDUCAÇÃO, CIÊNCIA E TECNOLOGIA BAIANO &#8211; IF BAIANO , nomeado pelo Decreto de 26/04/2022, publicado no DOU de 27/04/2022, Seção 2, página 01, e de acordo com as disposições con0das na Lei nº 11.892, de 29/12/2008, e na Lei nº 8.112, de 11/12/1990, considerando ainda a Lei n° [&hellip;]</p>
