{"id":29776,"date":"2025-05-22T10:54:59","date_gmt":"2025-05-22T13:54:59","guid":{"rendered":"https:\/\/www.ifbaiano.edu.br\/unidades\/lapa\/?page_id=29776"},"modified":"2025-05-22T11:54:09","modified_gmt":"2025-05-22T14:54:09","slug":"conformidade-de-registro-de-gestao","status":"publish","type":"page","link":"https:\/\/www.ifbaiano.edu.br\/unidades\/lapa\/conformidade-de-registro-de-gestao\/","title":{"rendered":"Conformidade de Registro de Gest\u00e3o"},"content":{"rendered":"\n<p>A Conformidade dos Registros de Gest\u00e3o consiste na certifica\u00e7\u00e3o dos registros dos atos e fatos de execu\u00e7\u00e3o or\u00e7ament\u00e1ria, financeira e patrimonial inclu\u00eddos no Sistema integrado de Administra\u00e7\u00e3o Financeira do Governo Federal &#8211; SIAFI e da exist\u00eancia de documentos h\u00e1beis que comprovem as opera\u00e7\u00f5es.&nbsp;<\/p>\n\n\n\n<p>Estes documentos tem a finalidade de nortear o Respons\u00e1vel pela Conformidade dos Registros de Gest\u00e3o no exame e certifica\u00e7\u00e3o dos documentos operacionalizados pelos agentes da Administra\u00e7\u00e3o dos Campus.<\/p>\n\n\n\n<p><strong> Links:<\/strong><\/p>\n\n\n\n<strong><a href=\"https:\/\/www.gov.br\/arquivonacional\/pt-br\/siga\/agenda\/seminarios\/iii-encontro-tecnico-dos-integrantes-do-siga-2010\/conteudo\/instrucao-normativa-no-6-31-out-2007-stn.pdf\" target=\"_blank\" rel=\"noopener noreferrer\">INSTRU\u00c7\u00c3O NORMATIVA N\u00ba 6, DE 31 DE OUTUBRO DE 2007<\/a><\/strong>.<\/p>\n\n\n\n<strong><a href=\"https:\/\/sisweb.tesouro.gov.br\/apex\/cosis\/manuais\/siafi\/020314\" target=\"_blank\" rel=\"noopener noreferrer\">020314. CONFORMIDADE DE REGISTRO DE GEST\u00c3O<\/a><\/strong>.<\/p>\n\n\n\n<p><strong>Documentos:<\/strong><\/p>\n\n\n\n<strong><a href=\"https:\/\/www.ifbaiano.edu.br\/unidades\/lapa\/files\/2025\/05\/MANUAL-DE-CONFORMIDADE-DE-GESTAO-IFBAIANO-BJL.pdf\" target=\"_blank\" rel=\"noopener noreferrer\">MANUAL DE CONFORMIDADE DE GEST\u00c3O &#8211; IFBAIANO BJL<\/a><\/strong>.<\/p>\n","protected":false},"excerpt":{"rendered":"<p>A Conformidade dos Registros de Gest\u00e3o consiste na certifica\u00e7\u00e3o dos registros dos atos e fatos de execu\u00e7\u00e3o or\u00e7ament\u00e1ria, financeira e patrimonial inclu\u00eddos no Sistema integrado de Administra\u00e7\u00e3o Financeira do Governo Federal &#8211; SIAFI e da exist\u00eancia de documentos h\u00e1beis que comprovem as opera\u00e7\u00f5es.&nbsp; Estes documentos tem a finalidade de nortear o Respons\u00e1vel pela Conformidade dos [&hellip;]<\/p>\n","protected":false},"author":181,"featured_media":0,"parent":0,"menu_order":0,"comment_status":"closed","ping_status":"closed","template":"","meta":[],"_links":{"self":[{"href":"https:\/\/www.ifbaiano.edu.br\/unidades\/lapa\/wp-json\/wp\/v2\/pages\/29776"}],"collection":[{"href":"https:\/\/www.ifbaiano.edu.br\/unidades\/lapa\/wp-json\/wp\/v2\/pages"}],"about":[{"href":"https:\/\/www.ifbaiano.edu.br\/unidades\/lapa\/wp-json\/wp\/v2\/types\/page"}],"author":[{"embeddable":true,"href":"https:\/\/www.ifbaiano.edu.br\/unidades\/lapa\/wp-json\/wp\/v2\/users\/181"}],"replies":[{"embeddable":true,"href":"https:\/\/www.ifbaiano.edu.br\/unidades\/lapa\/wp-json\/wp\/v2\/comments?post=29776"}],"version-history":[{"count":6,"href":"https:\/\/www.ifbaiano.edu.br\/unidades\/lapa\/wp-json\/wp\/v2\/pages\/29776\/revisions"}],"predecessor-version":[{"id":29789,"href":"https:\/\/www.ifbaiano.edu.br\/unidades\/lapa\/wp-json\/wp\/v2\/pages\/29776\/revisions\/29789"}],"wp:attachment":[{"href":"https:\/\/www.ifbaiano.edu.br\/unidades\/lapa\/wp-json\/wp\/v2\/media?parent=29776"}],"curies":[{"name":"wp","href":"https:\/\/api.w.org\/{rel}","templated":true}]}}