{"id":30024,"date":"2025-08-05T16:36:12","date_gmt":"2025-08-05T19:36:12","guid":{"rendered":"https:\/\/www.ifbaiano.edu.br\/unidades\/lapa\/?page_id=30024"},"modified":"2025-09-12T17:59:01","modified_gmt":"2025-09-12T20:59:01","slug":"edital-de-vagas-remanescentes-do-sisu-2025-gti","status":"publish","type":"page","link":"https:\/\/www.ifbaiano.edu.br\/unidades\/lapa\/edital-de-vagas-remanescentes-do-sisu-2025-gti\/","title":{"rendered":"Edital de vagas remanescentes do SISU 2025 &#8211; GTI"},"content":{"rendered":"\n<div class=\"wp-block-group is-layout-constrained\"><div class=\"wp-block-group__inner-container\">\n<p><\/p>\n\n\n\n<div class=\"wp-block-columns is-layout-flex wp-container-3\">\n<div class=\"wp-block-column is-layout-flow\">\n<h2 id=\"ProreitoriaMeioDireitaTitulo\" style=\"color:#00510f;text-transform:uppercase;border-top: 3px solid #00510F\" class=\"has-inline-color\">\n    Apresenta\u00e7\u00e3o\n<\/h2>\n\n<p>\n   O DIRETOR-GERAL DO INSTITUTO FEDERAL DE EDUCA\u00c7\u00c3O, CI\u00caNCIA E TECNOLOGIA BAIANO (IF\nBAIANO) \u2013 CAMPUS BOM JESUS DA LAPA, no uso de suas atribui\u00e7\u00f5es delegadas pela Portaria n\u00ba 275, de\n18\/03\/2022, publicada no DOU de 21\/03\/2022, Se\u00e7\u00e3o 2, p\u00e1gina 26, e de acordo com as disposi\u00e7\u00f5es con\tdas na\nLei n\u00ba 11.892, de 29 de dezembro de 2008, na Lei n\u00ba 9.394, de 20 de dezembro de 1996, alterada pela Lei n\u00ba\n12.796, de 4 de abril de 2013, considerando a Portaria MEC n\u00ba 18, de 11 de outubro de 2012, torna p\u00fablico o\npresente Edital, para o preenchimento de vagas no curso de tecnologia em Gest\u00e3o da Tecnologia da Informa\u00e7\u00e3o\nofertado pelo IF Baiano &#8211; Campus Bom Jesus da Lapa, para ingresso no semestre le\tvo 2025.1.\n<\/p>\n<\/div>\n\n\n\n<div class=\"wp-block-column is-layout-flow\">\n<h2 id=\"ProreitoriaMeioDireitaTitulo\" style=\"color:#00510f;text-transform:uppercase;border-top: 3px solid #00510F\" class=\"has-inline-color\">\n    Inscri\u00e7\u00f5es\n<\/h2>\n\n<p align=\"justify\">\n    <strong>Per\u00edodo:<\/strong> 08 a 22 de agosto de 2025. <br>\n    \n<\/p>\n\n      <a href=\"http:\/\/opinanovo.ifbaiano.edu.br\/index.php\/874533?lang=pt-BR\" rel=\"noopener noreferrer\">INSCREVA-SE AQUI<\/a>\n<\/div>\n<\/div>\n\n\n\n<div class=\"wp-block-columns is-layout-flex wp-container-6\">\n<div class=\"wp-block-column is-layout-flow\">\n<h2 id=\"ProreitoriaMeioDireitaTitulo\" style=\"color:#00510f;text-transform:uppercase;border-top: 3px solid #00510F\" class=\"has-inline-color\">\n    Editais e Documentos\n<\/h2>\n\n<div class=\"wp-block-file\">\n    <a href=\"https:\/\/www.ifbaiano.edu.br\/unidades\/lapa\/files\/2025\/09\/Edital-de-Matricula-Vagas-remanescente-do-curso-Gestao-da-Tecnologia-da-Informacao.pdf\">\n        Edital de Matr\u00edcula &#8211; Publicado em 12\/09\/2025\n    <\/a>\n<\/div>\n\n<div class=\"wp-block-file\">\n    <a href=\"https:\/\/www.ifbaiano.edu.br\/unidades\/lapa\/files\/2025\/09\/RESULTADO-FINAL-DO-PROCESSO-SELETIVO-assinado.pdf\">\n        Resultado Final &#8211; Publicado em 12\/09\/2025\n    <\/a>\n<\/div>\n\n<div class=\"wp-block-file\">\n    <a href=\"https:\/\/www.ifbaiano.edu.br\/unidades\/lapa\/files\/2025\/09\/CLASSIFICACAO-PRELIMINAR-assinado.pdf\">\n        Classifica\u00e7\u00e3o Preliminar &#8211; Publicado em 10\/09\/2025\n    <\/a>\n<\/div>\n\n<div class=\"wp-block-file\">\n    <a href=\"https:\/\/www.ifbaiano.edu.br\/unidades\/lapa\/files\/2025\/09\/RESULTADO_DOS_RECURSOS_-_BANCA_DE_HETEROIDENTIFICACAO_assinado-1.pdf\">\n        Resultado dos Recursos Banca de Heteroidentifica\u00e7\u00e3o &#8211; Publicado em 10\/09\/2025\n    <\/a>\n<\/div>\n\n<div class=\"wp-block-file\">\n    <a href=\"https:\/\/www.ifbaiano.edu.br\/unidades\/lapa\/files\/2025\/09\/RESULTADO_FINAL_-_BANCA_DE_HETEROIDENTIFICACAO_assinado.pdf\">\n        Resultado Final Banca de Heteroidentifica\u00e7\u00e3o &#8211; Publicado em 10\/09\/2025\n    <\/a>\n<\/div>\n\n<div class=\"wp-block-file\">\n    <a href=\"https:\/\/www.ifbaiano.edu.br\/unidades\/lapa\/files\/2025\/09\/RESULTADO_PRELIMINAR_DA_BANCA_-_GTI_assinado.pdf\">\n        Resultado Preliminar Banca de Heteroidentifica\u00e7\u00e3o &#8211; Publicado em 08\/09\/2025\n    <\/a>\n<\/div>\n\n<div class=\"wp-block-file\">\n    <a href=\"https:\/\/www.ifbaiano.edu.br\/unidades\/lapa\/files\/2025\/09\/CONVOCACAO_-_BANCA_DE_HETEROIDENTIFICACAO.pdf\">\n        Convoca\u00e7\u00e3o para a Banca de Heteroidentifica\u00e7\u00e3o &#8211; Publicado em 04\/09\/2025\n    <\/a>\n<\/div>\n\n<div class=\"wp-block-file\">\n    <a href=\"https:\/\/www.ifbaiano.edu.br\/unidades\/lapa\/files\/2025\/09\/RESULTADO_FINAL_-_HOMOLOGADOS_-_GT.pdf\">\n        Resultado Final Homologado &#8211; Publicado em 04\/09\/2025\n    <\/a>\n<\/div>\n\n<div class=\"wp-block-file\">\n    <a href=\"https:\/\/www.ifbaiano.edu.br\/unidades\/lapa\/files\/2025\/09\/RESULTADO_DOS_RECURSOS_-_HOMOLOGADOS_-_GTI.pdf\">\n        Resultado dos Recursos Homologados &#8211; Publicado em 04\/09\/2025\n    <\/a>\n<\/div>\n\n<div class=\"wp-block-file\">\n    <a href=\"https:\/\/www.ifbaiano.edu.br\/unidades\/lapa\/files\/2025\/09\/RESULTADO-PRELIMINAR-HOMOLOGADOS-GT.pdf\">\n        Lista Preliminar de Candidatos(AS) Homologados &#8211; Publicado em 01\/09\/2025\n    <\/a>\n<\/div>\n\n<div class=\"wp-block-file\">\n    <a href=\"https:\/\/www.ifbaiano.edu.br\/unidades\/lapa\/files\/2025\/08\/Edital-de-Prorrogacao-no-22-2025.pdf\">\n        Edital de Prorroga\u00e7\u00e3o no 22\/2025 &#8211; Publicado em 25\/08\/2025\n    <\/a>\n<\/div>\n\n<div class=\"wp-block-file\">\n    <a href=\"https:\/\/www.ifbaiano.edu.br\/unidades\/lapa\/files\/2025\/08\/edital-21-2025.pdf\">\n        Edital 21\/2025 &#8211; Edital de vagas remanescentes do SISU 2025 &#8211; GTI\n    <\/a>\n<\/div>\n\n\n\n<p><\/p>\n\n\n\n<p><\/p>\n<\/div>\n\n\n\n<div class=\"wp-block-column is-layout-flow\">\n<h2 id=\"ProreitoriaMeioDireitaTitulo\" style=\"color:#00510f;text-transform:uppercase;border-top: 3px solid #00510F\" class=\"has-inline-color\">\n\tContato\n<\/h2>\n\n<p align=\"justify\">prosel.sisu@lapa.ifbaiano.edu.br<\/p>\n<\/div>\n<\/div>\n<\/div><\/div>\n","protected":false},"excerpt":{"rendered":"<p>Apresenta\u00e7\u00e3o O DIRETOR-GERAL DO INSTITUTO FEDERAL DE EDUCA\u00c7\u00c3O, CI\u00caNCIA E TECNOLOGIA BAIANO (IF BAIANO) \u2013 CAMPUS BOM JESUS DA LAPA, no uso de suas atribui\u00e7\u00f5es delegadas pela Portaria n\u00ba 275, de 18\/03\/2022, publicada no DOU de 21\/03\/2022, Se\u00e7\u00e3o 2, p\u00e1gina 26, e de acordo com as disposi\u00e7\u00f5es con das na Lei n\u00ba 11.892, de 29 [&hellip;]<\/p>\n","protected":false},"author":192,"featured_media":0,"parent":0,"menu_order":0,"comment_status":"closed","ping_status":"closed","template":"","meta":[],"_links":{"self":[{"href":"https:\/\/www.ifbaiano.edu.br\/unidades\/lapa\/wp-json\/wp\/v2\/pages\/30024"}],"collection":[{"href":"https:\/\/www.ifbaiano.edu.br\/unidades\/lapa\/wp-json\/wp\/v2\/pages"}],"about":[{"href":"https:\/\/www.ifbaiano.edu.br\/unidades\/lapa\/wp-json\/wp\/v2\/types\/page"}],"author":[{"embeddable":true,"href":"https:\/\/www.ifbaiano.edu.br\/unidades\/lapa\/wp-json\/wp\/v2\/users\/192"}],"replies":[{"embeddable":true,"href":"https:\/\/www.ifbaiano.edu.br\/unidades\/lapa\/wp-json\/wp\/v2\/comments?post=30024"}],"version-history":[{"count":11,"href":"https:\/\/www.ifbaiano.edu.br\/unidades\/lapa\/wp-json\/wp\/v2\/pages\/30024\/revisions"}],"predecessor-version":[{"id":30126,"href":"https:\/\/www.ifbaiano.edu.br\/unidades\/lapa\/wp-json\/wp\/v2\/pages\/30024\/revisions\/30126"}],"wp:attachment":[{"href":"https:\/\/www.ifbaiano.edu.br\/unidades\/lapa\/wp-json\/wp\/v2\/media?parent=30024"}],"curies":[{"name":"wp","href":"https:\/\/api.w.org\/{rel}","templated":true}]}}

<div class="wp-block-group is-layout-constrained"><div class="wp-block-group__inner-container">
<p></p>



<div class="wp-block-columns is-layout-flex wp-container-3">
<div class="wp-block-column is-layout-flow">
<h2 id="ProreitoriaMeioDireitaTitulo" style="color:#00510f;text-transform:uppercase;border-top: 3px solid #00510F" class="has-inline-color">
    Apresentação
</h2>

<p>
   O DIRETOR-GERAL DO INSTITUTO FEDERAL DE EDUCAÇÃO, CIÊNCIA E TECNOLOGIA BAIANO (IF
BAIANO) – CAMPUS BOM JESUS DA LAPA, no uso de suas atribuições delegadas pela Portaria nº 275, de
18/03/2022, publicada no DOU de 21/03/2022, Seção 2, página 26, e de acordo com as disposições con	das na
Lei nº 11.892, de 29 de dezembro de 2008, na Lei nº 9.394, de 20 de dezembro de 1996, alterada pela Lei nº
12.796, de 4 de abril de 2013, considerando a Portaria MEC nº 18, de 11 de outubro de 2012, torna público o
presente Edital, para o preenchimento de vagas no curso de tecnologia em Gestão da Tecnologia da Informação
ofertado pelo IF Baiano &#8211; Campus Bom Jesus da Lapa, para ingresso no semestre le	vo 2025.1.
</p>
</div>



<div class="wp-block-column is-layout-flow">
<h2 id="ProreitoriaMeioDireitaTitulo" style="color:#00510f;text-transform:uppercase;border-top: 3px solid #00510F" class="has-inline-color">
    Inscrições
</h2>

<p align="justify">
    <strong>Período:</strong> 08 a 22 de agosto de 2025. <br>
    
</p>

      <a href="http://opinanovo.ifbaiano.edu.br/index.php/874533?lang=pt-BR" rel="noopener noreferrer">INSCREVA-SE AQUI</a>
</div>
</div>



<div class="wp-block-columns is-layout-flex wp-container-6">
<div class="wp-block-column is-layout-flow">
<h2 id="ProreitoriaMeioDireitaTitulo" style="color:#00510f;text-transform:uppercase;border-top: 3px solid #00510F" class="has-inline-color">
    Editais e Documentos
</h2>

<div class="wp-block-file">
    <a href="https://www.ifbaiano.edu.br/unidades/lapa/files/2025/09/Edital-de-Matricula-Vagas-remanescente-do-curso-Gestao-da-Tecnologia-da-Informacao.pdf">
        Edital de Matrícula &#8211; Publicado em 12/09/2025
    </a>
</div>

<div class="wp-block-file">
    <a href="https://www.ifbaiano.edu.br/unidades/lapa/files/2025/09/RESULTADO-FINAL-DO-PROCESSO-SELETIVO-assinado.pdf">
        Resultado Final &#8211; Publicado em 12/09/2025
    </a>
</div>

<div class="wp-block-file">
    <a href="https://www.ifbaiano.edu.br/unidades/lapa/files/2025/09/CLASSIFICACAO-PRELIMINAR-assinado.pdf">
        Classificação Preliminar &#8211; Publicado em 10/09/2025
    </a>
</div>

<div class="wp-block-file">
    <a href="https://www.ifbaiano.edu.br/unidades/lapa/files/2025/09/RESULTADO_DOS_RECURSOS_-_BANCA_DE_HETEROIDENTIFICACAO_assinado-1.pdf">
        Resultado dos Recursos Banca de Heteroidentificação &#8211; Publicado em 10/09/2025
    </a>
</div>

<div class="wp-block-file">
    <a href="https://www.ifbaiano.edu.br/unidades/lapa/files/2025/09/RESULTADO_FINAL_-_BANCA_DE_HETEROIDENTIFICACAO_assinado.pdf">
        Resultado Final Banca de Heteroidentificação &#8211; Publicado em 10/09/2025
    </a>
</div>

<div class="wp-block-file">
    <a href="https://www.ifbaiano.edu.br/unidades/lapa/files/2025/09/RESULTADO_PRELIMINAR_DA_BANCA_-_GTI_assinado.pdf">
        Resultado Preliminar Banca de Heteroidentificação &#8211; Publicado em 08/09/2025
    </a>
</div>

<div class="wp-block-file">
    <a href="https://www.ifbaiano.edu.br/unidades/lapa/files/2025/09/CONVOCACAO_-_BANCA_DE_HETEROIDENTIFICACAO.pdf">
        Convocação para a Banca de Heteroidentificação &#8211; Publicado em 04/09/2025
    </a>
</div>

<div class="wp-block-file">
    <a href="https://www.ifbaiano.edu.br/unidades/lapa/files/2025/09/RESULTADO_FINAL_-_HOMOLOGADOS_-_GT.pdf">
        Resultado Final Homologado &#8211; Publicado em 04/09/2025
    </a>
</div>

<div class="wp-block-file">
    <a href="https://www.ifbaiano.edu.br/unidades/lapa/files/2025/09/RESULTADO_DOS_RECURSOS_-_HOMOLOGADOS_-_GTI.pdf">
        Resultado dos Recursos Homologados &#8211; Publicado em 04/09/2025
    </a>
</div>

<div class="wp-block-file">
    <a href="https://www.ifbaiano.edu.br/unidades/lapa/files/2025/09/RESULTADO-PRELIMINAR-HOMOLOGADOS-GT.pdf">
        Lista Preliminar de Candidatos(AS) Homologados &#8211; Publicado em 01/09/2025
    </a>
</div>

<div class="wp-block-file">
    <a href="https://www.ifbaiano.edu.br/unidades/lapa/files/2025/08/Edital-de-Prorrogacao-no-22-2025.pdf">
        Edital de Prorrogação no 22/2025 &#8211; Publicado em 25/08/2025
    </a>
</div>

<div class="wp-block-file">
    <a href="https://www.ifbaiano.edu.br/unidades/lapa/files/2025/08/edital-21-2025.pdf">
        Edital 21/2025 &#8211; Edital de vagas remanescentes do SISU 2025 &#8211; GTI
    </a>
</div>



<p></p>



<p></p>
</div>



<div class="wp-block-column is-layout-flow">
<h2 id="ProreitoriaMeioDireitaTitulo" style="color:#00510f;text-transform:uppercase;border-top: 3px solid #00510F" class="has-inline-color">
	Contato
</h2>

<p align="justify">prosel.sisu@lapa.ifbaiano.edu.br</p>
</div>
</div>
</div></div>

<p>Apresentação O DIRETOR-GERAL DO INSTITUTO FEDERAL DE EDUCAÇÃO, CIÊNCIA E TECNOLOGIA BAIANO (IF BAIANO) – CAMPUS BOM JESUS DA LAPA, no uso de suas atribuições delegadas pela Portaria nº 275, de 18/03/2022, publicada no DOU de 21/03/2022, Seção 2, página 26, e de acordo com as disposições con das na Lei nº 11.892, de 29 [&hellip;]</p>
