{"id":30059,"date":"2025-08-07T15:04:35","date_gmt":"2025-08-07T18:04:35","guid":{"rendered":"https:\/\/www.ifbaiano.edu.br\/unidades\/lapa\/?page_id=30059"},"modified":"2025-08-07T15:04:36","modified_gmt":"2025-08-07T18:04:36","slug":"calendario-academico-2021-2-3","status":"publish","type":"page","link":"https:\/\/www.ifbaiano.edu.br\/unidades\/lapa\/calendario-academico-2021-2-3\/","title":{"rendered":"Calend\u00e1rio Acad\u00eamico 2021.2"},"content":{"rendered":"\n<div class=\"wp-block-columns is-layout-flex wp-container-2\">\n<div class=\"wp-block-column is-layout-flow\">\n<h2 class=\"has-text-align-center\" style=\"text-transform:uppercase;background-color:#D0FFD0;color:green\">Calend\u00e1rios 2021.2<\/h2>\n<\/div>\n<\/div>\n\n\n\n<div class=\"wp-block-columns is-layout-flex wp-container-5\">\n<div class=\"wp-block-column is-layout-flow\">\n<figure align=\"center\"><a href=\"https:\/\/www.ifbaiano.edu.br\/unidades\/lapa\/files\/2025\/08\/Calendario-Academico-Letivo-2021.2-CURSO-SUPERIOR-EM-GESTAO-DA-TECNOLOGIA-DA-INFORMACAO.pdf\" target=\"_blank\" rel=\"noopener\"><img decoding=\"async\" loading=\"lazy\" width=\"256\" height=\"256\" src=\"https:\/\/www.ifbaiano.edu.br\/unidades\/lapa\/files\/2014\/02\/horario.png\" alt=\"\" data-id=\"8968\" data-full-url=\"https:\/\/www.ifbaiano.edu.br\/unidades\/lapa\/files\/2014\/02\/horario.png\" data-link=\"\" class=\"wp-image-8968\"><figcaption class=\"blocks-gallery-item__caption\">Curso Superior em Gest\u00e3o da Tecnologia da Informa\u00e7\u00e3o<\/figcaption><\/a><\/figure>\n<\/div>\n\n\n\n<div class=\"wp-block-column is-layout-flow\">\n<figure align=\"center\"><a href=\"https:\/\/www.ifbaiano.edu.br\/unidades\/lapa\/files\/2025\/08\/Calendario-Academico-Letivo-2021.2-CURSO-SUPERIOR-EM-ENGENHARIA-AGRONOMICA.pdf\" target=\"_blank\" rel=\"noopener\"><img decoding=\"async\" loading=\"lazy\" width=\"256\" height=\"256\" src=\"https:\/\/www.ifbaiano.edu.br\/unidades\/lapa\/files\/2014\/02\/horario.png\" alt=\"\" data-id=\"8968\" data-full-url=\"https:\/\/www.ifbaiano.edu.br\/unidades\/lapa\/files\/2014\/02\/horario.png\" data-link=\"\" class=\"wp-image-8968\"><figcaption class=\"blocks-gallery-item__caption\">Curso Superior em Engenharia Agron\u00f4mica<\/figcaption><\/a><\/figure>\n<\/div>\n<\/div>\n","protected":false},"excerpt":{"rendered":"<p>Calend\u00e1rios 2021.2 Curso Superior em Gest\u00e3o da Tecnologia da Informa\u00e7\u00e3o Curso Superior em Engenharia Agron\u00f4mica<\/p>\n","protected":false},"author":181,"featured_media":0,"parent":0,"menu_order":0,"comment_status":"closed","ping_status":"closed","template":"","meta":[],"_links":{"self":[{"href":"https:\/\/www.ifbaiano.edu.br\/unidades\/lapa\/wp-json\/wp\/v2\/pages\/30059"}],"collection":[{"href":"https:\/\/www.ifbaiano.edu.br\/unidades\/lapa\/wp-json\/wp\/v2\/pages"}],"about":[{"href":"https:\/\/www.ifbaiano.edu.br\/unidades\/lapa\/wp-json\/wp\/v2\/types\/page"}],"author":[{"embeddable":true,"href":"https:\/\/www.ifbaiano.edu.br\/unidades\/lapa\/wp-json\/wp\/v2\/users\/181"}],"replies":[{"embeddable":true,"href":"https:\/\/www.ifbaiano.edu.br\/unidades\/lapa\/wp-json\/wp\/v2\/comments?post=30059"}],"version-history":[{"count":1,"href":"https:\/\/www.ifbaiano.edu.br\/unidades\/lapa\/wp-json\/wp\/v2\/pages\/30059\/revisions"}],"predecessor-version":[{"id":30062,"href":"https:\/\/www.ifbaiano.edu.br\/unidades\/lapa\/wp-json\/wp\/v2\/pages\/30059\/revisions\/30062"}],"wp:attachment":[{"href":"https:\/\/www.ifbaiano.edu.br\/unidades\/lapa\/wp-json\/wp\/v2\/media?parent=30059"}],"curies":[{"name":"wp","href":"https:\/\/api.w.org\/{rel}","templated":true}]}}

Calendário Acadêmico 2021.2

<div class="wp-block-columns is-layout-flex wp-container-2">
<div class="wp-block-column is-layout-flow">
<h2 class="has-text-align-center" style="text-transform:uppercase;background-color:#D0FFD0;color:green">Calendários 2021.2</h2>
</div>
</div>



<div class="wp-block-columns is-layout-flex wp-container-5">
<div class="wp-block-column is-layout-flow">
<figure align="center"><a href="https://www.ifbaiano.edu.br/unidades/lapa/files/2025/08/Calendario-Academico-Letivo-2021.2-CURSO-SUPERIOR-EM-GESTAO-DA-TECNOLOGIA-DA-INFORMACAO.pdf" target="_blank" rel="noopener"><img decoding="async" loading="lazy" width="256" height="256" src="https://www.ifbaiano.edu.br/unidades/lapa/files/2014/02/horario.png" alt="" data-id="8968" data-full-url="https://www.ifbaiano.edu.br/unidades/lapa/files/2014/02/horario.png" data-link="" class="wp-image-8968"><figcaption class="blocks-gallery-item__caption">Curso Superior em Gestão da Tecnologia da Informação</figcaption></a></figure>
</div>



<div class="wp-block-column is-layout-flow">
<figure align="center"><a href="https://www.ifbaiano.edu.br/unidades/lapa/files/2025/08/Calendario-Academico-Letivo-2021.2-CURSO-SUPERIOR-EM-ENGENHARIA-AGRONOMICA.pdf" target="_blank" rel="noopener"><img decoding="async" loading="lazy" width="256" height="256" src="https://www.ifbaiano.edu.br/unidades/lapa/files/2014/02/horario.png" alt="" data-id="8968" data-full-url="https://www.ifbaiano.edu.br/unidades/lapa/files/2014/02/horario.png" data-link="" class="wp-image-8968"><figcaption class="blocks-gallery-item__caption">Curso Superior em Engenharia Agronômica</figcaption></a></figure>
</div>
</div>

<p>Calendários 2021.2 Curso Superior em Gestão da Tecnologia da Informação Curso Superior em Engenharia Agronômica</p>
