{"id":30271,"date":"2026-01-27T11:45:34","date_gmt":"2026-01-27T14:45:34","guid":{"rendered":"https:\/\/www.ifbaiano.edu.br\/unidades\/lapa\/?page_id=30271"},"modified":"2026-02-09T10:42:03","modified_gmt":"2026-02-09T13:42:03","slug":"calendario-academico-2026","status":"publish","type":"page","link":"https:\/\/www.ifbaiano.edu.br\/unidades\/lapa\/calendario-academico-2026\/","title":{"rendered":"Calend\u00e1rio Acad\u00eamico 2026"},"content":{"rendered":"\n<div class=\"wp-block-columns is-layout-flex wp-container-2\">\n<div class=\"wp-block-column is-layout-flow\">\n<h2 class=\"has-text-align-center\" style=\"text-transform:uppercase;background-color:#D0FFD0;color:green\">Calend\u00e1rios 2026.1<\/h2>\n<\/div>\n<\/div>\n\n\n\n<div class=\"wp-block-columns is-layout-flex wp-container-6\">\n<div class=\"wp-block-column is-layout-flow\">\n<figure align=\"center\"><a href=\"https:\/\/www.ifbaiano.edu.br\/unidades\/lapa\/files\/2026\/02\/Cursos_Integrados_2026_-Primeiros_e_Segundos_anos-1.pdf\" target=\"_blank\" rel=\"noopener\"><img decoding=\"async\" loading=\"lazy\" width=\"256\" height=\"256\" src=\"https:\/\/www.ifbaiano.edu.br\/unidades\/lapa\/files\/2014\/02\/horario.png\" alt=\"\" data-id=\"8968\" data-full-url=\"https:\/\/www.ifbaiano.edu.br\/unidades\/lapa\/files\/2014\/02\/horario.png\" data-link=\"https:\/\/www.ifbaiano.edu.br\/unidades\/lapa\/horarios-de-aulas\/horario\/\" class=\"wp-image-8968\">\n        <figcaption class=\"blocks-gallery-item__caption\">Integrados (primeiros e segundos anos)<\/figcaption>\n    <\/a><\/figure>\n<\/div>\n\n\n\n<div class=\"wp-block-column is-layout-flow\">\n<figure align=\"center\"><a href=\"https:\/\/www.ifbaiano.edu.br\/unidades\/lapa\/files\/2026\/02\/Cursos_Integrados_2026_Terceiros-anos-1.pdf\" target=\"_blank\" rel=\"noopener\"><img decoding=\"async\" loading=\"lazy\" width=\"256\" height=\"256\" src=\"https:\/\/www.ifbaiano.edu.br\/unidades\/lapa\/files\/2014\/02\/horario.png\" alt=\"\" data-id=\"8968\" data-full-url=\"https:\/\/www.ifbaiano.edu.br\/unidades\/lapa\/files\/2014\/02\/horario.png\" data-link=\"https:\/\/www.ifbaiano.edu.br\/unidades\/lapa\/horarios-de-aulas\/horario\/\" class=\"wp-image-8968\">\n        <figcaption class=\"blocks-gallery-item__caption\">Integrados (terceiros anos)<\/figcaption>\n    <\/a><\/figure>\n<\/div>\n\n\n\n<div class=\"wp-block-column is-layout-flow\">\n<figure align=\"center\"><a href=\"https:\/\/www.ifbaiano.edu.br\/unidades\/lapa\/files\/2026\/02\/Cursos-Subsequentes_2026.1.pdf\" target=\"_blank\" rel=\"noopener\"><img decoding=\"async\" loading=\"lazy\" width=\"256\" height=\"256\" src=\"https:\/\/www.ifbaiano.edu.br\/unidades\/lapa\/files\/2014\/02\/horario.png\" alt=\"\" data-id=\"8968\" data-full-url=\"https:\/\/www.ifbaiano.edu.br\/unidades\/lapa\/files\/2014\/02\/horario.png\" data-link=\"https:\/\/www.ifbaiano.edu.br\/unidades\/lapa\/horarios-de-aulas\/horario\/\" class=\"wp-image-8968\">\n        <figcaption class=\"blocks-gallery-item__caption\">Subsequentes (m\u00f3dulo I)<\/figcaption>\n    <\/a><\/figure>\n<\/div>\n<\/div>\n\n\n\n<div class=\"wp-block-columns is-layout-flex wp-container-13\">\n<div class=\"wp-block-column is-layout-flow\">\n<div class=\"wp-block-group is-layout-constrained\"><div class=\"wp-block-group__inner-container\">\n<figure align=\"center\"><a href=\"https:\/\/www.ifbaiano.edu.br\/unidades\/lapa\/files\/2026\/02\/Cursos-Subsequentes_2026.2.pdf\" target=\"_blank\" rel=\"noopener\"><img decoding=\"async\" loading=\"lazy\" width=\"256\" height=\"256\" src=\"https:\/\/www.ifbaiano.edu.br\/unidades\/lapa\/files\/2014\/02\/horario.png\" alt=\"\" data-id=\"8968\" data-full-url=\"https:\/\/www.ifbaiano.edu.br\/unidades\/lapa\/files\/2014\/02\/horario.png\" data-link=\"https:\/\/www.ifbaiano.edu.br\/unidades\/lapa\/horarios-de-aulas\/horario\/\" class=\"wp-image-8968\">\n        <figcaption class=\"blocks-gallery-item__caption\">Subsequentes (m\u00f3dulo II)<\/figcaption>\n    <\/a><\/figure>\n<\/div><\/div>\n<\/div>\n\n\n\n<div class=\"wp-block-column is-layout-flow\">\n<div class=\"wp-block-group is-layout-constrained\"><div class=\"wp-block-group__inner-container\">\n<figure align=\"center\"><a href=\"https:\/\/www.ifbaiano.edu.br\/unidades\/lapa\/files\/2026\/02\/Cursos_Superiores-2025.2-1.pdf\" target=\"_blank\" rel=\"noopener\"><img decoding=\"async\" loading=\"lazy\" width=\"256\" height=\"256\" src=\"https:\/\/www.ifbaiano.edu.br\/unidades\/lapa\/files\/2014\/02\/horario.png\" alt=\"\" data-id=\"8968\" data-full-url=\"https:\/\/www.ifbaiano.edu.br\/unidades\/lapa\/files\/2014\/02\/horario.png\" data-link=\"https:\/\/www.ifbaiano.edu.br\/unidades\/lapa\/horarios-de-aulas\/horario\/\" class=\"wp-image-8968\">\n        <figcaption class=\"blocks-gallery-item__caption\">Superiores (2025.2)<\/figcaption>\n    <\/a><\/figure>\n<\/div><\/div>\n<\/div>\n\n\n\n<div class=\"wp-block-column is-layout-flow\">\n<div class=\"wp-block-group is-layout-constrained\"><div class=\"wp-block-group__inner-container\">\n<figure align=\"center\"><a href=\"https:\/\/www.ifbaiano.edu.br\/unidades\/lapa\/files\/2026\/02\/Cursos_Superiores_2026.1-1.pdf\" target=\"_blank\" rel=\"noopener\"><img decoding=\"async\" loading=\"lazy\" width=\"256\" height=\"256\" src=\"https:\/\/www.ifbaiano.edu.br\/unidades\/lapa\/files\/2014\/02\/horario.png\" alt=\"\" data-id=\"8968\" data-full-url=\"https:\/\/www.ifbaiano.edu.br\/unidades\/lapa\/files\/2014\/02\/horario.png\" data-link=\"https:\/\/www.ifbaiano.edu.br\/unidades\/lapa\/horarios-de-aulas\/horario\/\" class=\"wp-image-8968\">\n        <figcaption class=\"blocks-gallery-item__caption\">Superiores (2026.1)<\/figcaption>\n    <\/a><\/figure>\n<\/div><\/div>\n<\/div>\n<\/div>\n","protected":false},"excerpt":{"rendered":"<p>Calend\u00e1rios 2026.1 Integrados (primeiros e segundos anos) Integrados (terceiros anos) Subsequentes (m\u00f3dulo I) Subsequentes (m\u00f3dulo II) Superiores (2025.2) Superiores (2026.1)<\/p>\n","protected":false},"author":192,"featured_media":0,"parent":0,"menu_order":0,"comment_status":"closed","ping_status":"closed","template":"","meta":[],"_links":{"self":[{"href":"https:\/\/www.ifbaiano.edu.br\/unidades\/lapa\/wp-json\/wp\/v2\/pages\/30271"}],"collection":[{"href":"https:\/\/www.ifbaiano.edu.br\/unidades\/lapa\/wp-json\/wp\/v2\/pages"}],"about":[{"href":"https:\/\/www.ifbaiano.edu.br\/unidades\/lapa\/wp-json\/wp\/v2\/types\/page"}],"author":[{"embeddable":true,"href":"https:\/\/www.ifbaiano.edu.br\/unidades\/lapa\/wp-json\/wp\/v2\/users\/192"}],"replies":[{"embeddable":true,"href":"https:\/\/www.ifbaiano.edu.br\/unidades\/lapa\/wp-json\/wp\/v2\/comments?post=30271"}],"version-history":[{"count":7,"href":"https:\/\/www.ifbaiano.edu.br\/unidades\/lapa\/wp-json\/wp\/v2\/pages\/30271\/revisions"}],"predecessor-version":[{"id":30326,"href":"https:\/\/www.ifbaiano.edu.br\/unidades\/lapa\/wp-json\/wp\/v2\/pages\/30271\/revisions\/30326"}],"wp:attachment":[{"href":"https:\/\/www.ifbaiano.edu.br\/unidades\/lapa\/wp-json\/wp\/v2\/media?parent=30271"}],"curies":[{"name":"wp","href":"https:\/\/api.w.org\/{rel}","templated":true}]}}

Calendário Acadêmico 2026

<div class="wp-block-columns is-layout-flex wp-container-2">
<div class="wp-block-column is-layout-flow">
<h2 class="has-text-align-center" style="text-transform:uppercase;background-color:#D0FFD0;color:green">Calendários 2026.1</h2>
</div>
</div>



<div class="wp-block-columns is-layout-flex wp-container-6">
<div class="wp-block-column is-layout-flow">
<figure align="center"><a href="https://www.ifbaiano.edu.br/unidades/lapa/files/2026/02/Cursos_Integrados_2026_-Primeiros_e_Segundos_anos-1.pdf" target="_blank" rel="noopener"><img decoding="async" loading="lazy" width="256" height="256" src="https://www.ifbaiano.edu.br/unidades/lapa/files/2014/02/horario.png" alt="" data-id="8968" data-full-url="https://www.ifbaiano.edu.br/unidades/lapa/files/2014/02/horario.png" data-link="https://www.ifbaiano.edu.br/unidades/lapa/horarios-de-aulas/horario/" class="wp-image-8968">
        <figcaption class="blocks-gallery-item__caption">Integrados (primeiros e segundos anos)</figcaption>
    </a></figure>
</div>



<div class="wp-block-column is-layout-flow">
<figure align="center"><a href="https://www.ifbaiano.edu.br/unidades/lapa/files/2026/02/Cursos_Integrados_2026_Terceiros-anos-1.pdf" target="_blank" rel="noopener"><img decoding="async" loading="lazy" width="256" height="256" src="https://www.ifbaiano.edu.br/unidades/lapa/files/2014/02/horario.png" alt="" data-id="8968" data-full-url="https://www.ifbaiano.edu.br/unidades/lapa/files/2014/02/horario.png" data-link="https://www.ifbaiano.edu.br/unidades/lapa/horarios-de-aulas/horario/" class="wp-image-8968">
        <figcaption class="blocks-gallery-item__caption">Integrados (terceiros anos)</figcaption>
    </a></figure>
</div>



<div class="wp-block-column is-layout-flow">
<figure align="center"><a href="https://www.ifbaiano.edu.br/unidades/lapa/files/2026/02/Cursos-Subsequentes_2026.1.pdf" target="_blank" rel="noopener"><img decoding="async" loading="lazy" width="256" height="256" src="https://www.ifbaiano.edu.br/unidades/lapa/files/2014/02/horario.png" alt="" data-id="8968" data-full-url="https://www.ifbaiano.edu.br/unidades/lapa/files/2014/02/horario.png" data-link="https://www.ifbaiano.edu.br/unidades/lapa/horarios-de-aulas/horario/" class="wp-image-8968">
        <figcaption class="blocks-gallery-item__caption">Subsequentes (módulo I)</figcaption>
    </a></figure>
</div>
</div>



<div class="wp-block-columns is-layout-flex wp-container-13">
<div class="wp-block-column is-layout-flow">
<div class="wp-block-group is-layout-constrained"><div class="wp-block-group__inner-container">
<figure align="center"><a href="https://www.ifbaiano.edu.br/unidades/lapa/files/2026/02/Cursos-Subsequentes_2026.2.pdf" target="_blank" rel="noopener"><img decoding="async" loading="lazy" width="256" height="256" src="https://www.ifbaiano.edu.br/unidades/lapa/files/2014/02/horario.png" alt="" data-id="8968" data-full-url="https://www.ifbaiano.edu.br/unidades/lapa/files/2014/02/horario.png" data-link="https://www.ifbaiano.edu.br/unidades/lapa/horarios-de-aulas/horario/" class="wp-image-8968">
        <figcaption class="blocks-gallery-item__caption">Subsequentes (módulo II)</figcaption>
    </a></figure>
</div></div>
</div>



<div class="wp-block-column is-layout-flow">
<div class="wp-block-group is-layout-constrained"><div class="wp-block-group__inner-container">
<figure align="center"><a href="https://www.ifbaiano.edu.br/unidades/lapa/files/2026/02/Cursos_Superiores-2025.2-1.pdf" target="_blank" rel="noopener"><img decoding="async" loading="lazy" width="256" height="256" src="https://www.ifbaiano.edu.br/unidades/lapa/files/2014/02/horario.png" alt="" data-id="8968" data-full-url="https://www.ifbaiano.edu.br/unidades/lapa/files/2014/02/horario.png" data-link="https://www.ifbaiano.edu.br/unidades/lapa/horarios-de-aulas/horario/" class="wp-image-8968">
        <figcaption class="blocks-gallery-item__caption">Superiores (2025.2)</figcaption>
    </a></figure>
</div></div>
</div>



<div class="wp-block-column is-layout-flow">
<div class="wp-block-group is-layout-constrained"><div class="wp-block-group__inner-container">
<figure align="center"><a href="https://www.ifbaiano.edu.br/unidades/lapa/files/2026/02/Cursos_Superiores_2026.1-1.pdf" target="_blank" rel="noopener"><img decoding="async" loading="lazy" width="256" height="256" src="https://www.ifbaiano.edu.br/unidades/lapa/files/2014/02/horario.png" alt="" data-id="8968" data-full-url="https://www.ifbaiano.edu.br/unidades/lapa/files/2014/02/horario.png" data-link="https://www.ifbaiano.edu.br/unidades/lapa/horarios-de-aulas/horario/" class="wp-image-8968">
        <figcaption class="blocks-gallery-item__caption">Superiores (2026.1)</figcaption>
    </a></figure>
</div></div>
</div>
</div>

<p>Calendários 2026.1 Integrados (primeiros e segundos anos) Integrados (terceiros anos) Subsequentes (módulo I) Subsequentes (módulo II) Superiores (2025.2) Superiores (2026.1)</p>
